{"id":17166,"date":"2020-06-05T14:26:59","date_gmt":"2020-06-05T12:26:59","guid":{"rendered":"https:\/\/rntl.ch\/bike\/?page_id=17166"},"modified":"2020-06-05T14:35:42","modified_gmt":"2020-06-05T12:35:42","slug":"helmgroesse","status":"publish","type":"page","link":"https:\/\/rntl.ch\/bike\/helmgroesse\/","title":{"rendered":"Helmgr\u00f6sse"},"content":{"rendered":"\n<h2 class=\"wp-block-heading\"><strong>Kopfumfang Messen<\/strong><\/h2>\n\n\n\n<p class=\"has-medium-font-size\">F\u00fcr die Wahl der Helmgr\u00f6sse ist die Angabe des Kopfumfangs in Zentimeter ideal. Nur die wenigsten kennen ihren Kopfumfang und das Messen scheint auch nicht ganz so einfach! Hier unser Tipp, du ben\u00f6tigst nur ein Ladekabel und einem Meter oder Massstab. Silvio zeigt dir wie es geht!<\/p>\n\n\n\n<figure class=\"wp-block-embed-youtube wp-block-embed is-type-video is-provider-youtube wp-embed-aspect-16-9 wp-has-aspect-ratio\"><div class=\"wp-block-embed__wrapper\">\n<iframe loading=\"lazy\" title=\"Wie w\u00e4hle ich dir richtige Helmgro\u0308sse?\" width=\"980\" height=\"551\" src=\"https:\/\/www.youtube.com\/embed\/uetopUW9tuk?feature=oembed\" frameborder=\"0\" allow=\"accelerometer; autoplay; encrypted-media; gyroscope; picture-in-picture\" allowfullscreen><\/iframe>\n<\/div><\/figure>\n","protected":false},"excerpt":{"rendered":"<p>Kopfumfang Messen F\u00fcr die Wahl der Helmgr\u00f6sse ist die Angabe des Kopfumfangs in Zentimeter ideal. Nur die wenigsten kennen ihren Kopfumfang und das Messen scheint auch nicht ganz so einfach! Hier unser Tipp, du ben\u00f6tigst nur ein Ladekabel und einem Meter oder Massstab. Silvio zeigt dir wie es geht!<\/p>\n","protected":false},"author":4,"featured_media":0,"parent":0,"menu_order":0,"comment_status":"closed","ping_status":"closed","template":"template-fullwidth.php","meta":{"footnotes":""},"class_list":["post-17166","page","type-page","status-publish","hentry"],"yoast_head":"<!-- This site is optimized with the Yoast SEO plugin v26.3 - https:\/\/yoast.com\/wordpress\/plugins\/seo\/ -->\n<title>Helmgr\u00f6sse - RNTL Bike<\/title>\n<meta name=\"robots\" content=\"index, follow, max-snippet:-1, max-image-preview:large, max-video-preview:-1\" \/>\n<link rel=\"canonical\" href=\"https:\/\/rntl.ch\/bike\/helmgroesse\/\" \/>\n<meta property=\"og:locale\" content=\"de_DE\" \/>\n<meta property=\"og:type\" content=\"article\" \/>\n<meta property=\"og:title\" content=\"Helmgr\u00f6sse - RNTL Bike\" \/>\n<meta property=\"og:description\" content=\"Kopfumfang Messen F\u00fcr die Wahl der Helmgr\u00f6sse ist die Angabe des Kopfumfangs in Zentimeter ideal. Nur die wenigsten kennen ihren Kopfumfang und das Messen scheint auch nicht ganz so einfach! Hier unser Tipp, du ben\u00f6tigst nur ein Ladekabel und einem Meter oder Massstab. Silvio zeigt dir wie es geht!\" \/>\n<meta property=\"og:url\" content=\"https:\/\/rntl.ch\/bike\/helmgroesse\/\" \/>\n<meta property=\"og:site_name\" content=\"RNTL Bike\" \/>\n<meta property=\"article:modified_time\" content=\"2020-06-05T12:35:42+00:00\" \/>\n<meta name=\"twitter:card\" content=\"summary_large_image\" \/>\n<script type=\"application\/ld+json\" class=\"yoast-schema-graph\">{\"@context\":\"https:\/\/schema.org\",\"@graph\":[{\"@type\":\"WebPage\",\"@id\":\"https:\/\/rntl.ch\/bike\/helmgroesse\/\",\"url\":\"https:\/\/rntl.ch\/bike\/helmgroesse\/\",\"name\":\"Helmgr\u00f6sse - RNTL Bike\",\"isPartOf\":{\"@id\":\"https:\/\/rntl.ch\/bike\/#website\"},\"datePublished\":\"2020-06-05T12:26:59+00:00\",\"dateModified\":\"2020-06-05T12:35:42+00:00\",\"breadcrumb\":{\"@id\":\"https:\/\/rntl.ch\/bike\/helmgroesse\/#breadcrumb\"},\"inLanguage\":\"de-CH\",\"potentialAction\":[{\"@type\":\"ReadAction\",\"target\":[\"https:\/\/rntl.ch\/bike\/helmgroesse\/\"]}]},{\"@type\":\"BreadcrumbList\",\"@id\":\"https:\/\/rntl.ch\/bike\/helmgroesse\/#breadcrumb\",\"itemListElement\":[{\"@type\":\"ListItem\",\"position\":1,\"name\":\"Startseite\",\"item\":\"https:\/\/rntl.ch\/bike\/\"},{\"@type\":\"ListItem\",\"position\":2,\"name\":\"Helmgr\u00f6sse\"}]},{\"@type\":\"WebSite\",\"@id\":\"https:\/\/rntl.ch\/bike\/#website\",\"url\":\"https:\/\/rntl.ch\/bike\/\",\"name\":\"RNTL Bike\",\"description\":\"Mieten Einfach Anders\",\"publisher\":{\"@id\":\"https:\/\/rntl.ch\/bike\/#organization\"},\"potentialAction\":[{\"@type\":\"SearchAction\",\"target\":{\"@type\":\"EntryPoint\",\"urlTemplate\":\"https:\/\/rntl.ch\/bike\/?s={search_term_string}\"},\"query-input\":{\"@type\":\"PropertyValueSpecification\",\"valueRequired\":true,\"valueName\":\"search_term_string\"}}],\"inLanguage\":\"de-CH\"},{\"@type\":\"Organization\",\"@id\":\"https:\/\/rntl.ch\/bike\/#organization\",\"name\":\"RNTL Bike\",\"url\":\"https:\/\/rntl.ch\/bike\/\",\"logo\":{\"@type\":\"ImageObject\",\"inLanguage\":\"de-CH\",\"@id\":\"https:\/\/rntl.ch\/bike\/#\/schema\/logo\/image\/\",\"url\":\"https:\/\/rntl.ch\/bike\/wp-content\/uploads\/sites\/2\/2020\/11\/cropped-rntl_logo_white_530x150.png\",\"contentUrl\":\"https:\/\/rntl.ch\/bike\/wp-content\/uploads\/sites\/2\/2020\/11\/cropped-rntl_logo_white_530x150.png\",\"width\":530,\"height\":150,\"caption\":\"RNTL Bike\"},\"image\":{\"@id\":\"https:\/\/rntl.ch\/bike\/#\/schema\/logo\/image\/\"}}]}<\/script>\n<!-- \/ Yoast SEO plugin. -->","yoast_head_json":{"title":"Helmgr\u00f6sse - RNTL Bike","robots":{"index":"index","follow":"follow","max-snippet":"max-snippet:-1","max-image-preview":"max-image-preview:large","max-video-preview":"max-video-preview:-1"},"canonical":"https:\/\/rntl.ch\/bike\/helmgroesse\/","og_locale":"de_DE","og_type":"article","og_title":"Helmgr\u00f6sse - RNTL Bike","og_description":"Kopfumfang Messen F\u00fcr die Wahl der Helmgr\u00f6sse ist die Angabe des Kopfumfangs in Zentimeter ideal. Nur die wenigsten kennen ihren Kopfumfang und das Messen scheint auch nicht ganz so einfach! Hier unser Tipp, du ben\u00f6tigst nur ein Ladekabel und einem Meter oder Massstab. Silvio zeigt dir wie es geht!","og_url":"https:\/\/rntl.ch\/bike\/helmgroesse\/","og_site_name":"RNTL Bike","article_modified_time":"2020-06-05T12:35:42+00:00","twitter_card":"summary_large_image","schema":{"@context":"https:\/\/schema.org","@graph":[{"@type":"WebPage","@id":"https:\/\/rntl.ch\/bike\/helmgroesse\/","url":"https:\/\/rntl.ch\/bike\/helmgroesse\/","name":"Helmgr\u00f6sse - RNTL Bike","isPartOf":{"@id":"https:\/\/rntl.ch\/bike\/#website"},"datePublished":"2020-06-05T12:26:59+00:00","dateModified":"2020-06-05T12:35:42+00:00","breadcrumb":{"@id":"https:\/\/rntl.ch\/bike\/helmgroesse\/#breadcrumb"},"inLanguage":"de-CH","potentialAction":[{"@type":"ReadAction","target":["https:\/\/rntl.ch\/bike\/helmgroesse\/"]}]},{"@type":"BreadcrumbList","@id":"https:\/\/rntl.ch\/bike\/helmgroesse\/#breadcrumb","itemListElement":[{"@type":"ListItem","position":1,"name":"Startseite","item":"https:\/\/rntl.ch\/bike\/"},{"@type":"ListItem","position":2,"name":"Helmgr\u00f6sse"}]},{"@type":"WebSite","@id":"https:\/\/rntl.ch\/bike\/#website","url":"https:\/\/rntl.ch\/bike\/","name":"RNTL Bike","description":"Mieten Einfach Anders","publisher":{"@id":"https:\/\/rntl.ch\/bike\/#organization"},"potentialAction":[{"@type":"SearchAction","target":{"@type":"EntryPoint","urlTemplate":"https:\/\/rntl.ch\/bike\/?s={search_term_string}"},"query-input":{"@type":"PropertyValueSpecification","valueRequired":true,"valueName":"search_term_string"}}],"inLanguage":"de-CH"},{"@type":"Organization","@id":"https:\/\/rntl.ch\/bike\/#organization","name":"RNTL Bike","url":"https:\/\/rntl.ch\/bike\/","logo":{"@type":"ImageObject","inLanguage":"de-CH","@id":"https:\/\/rntl.ch\/bike\/#\/schema\/logo\/image\/","url":"https:\/\/rntl.ch\/bike\/wp-content\/uploads\/sites\/2\/2020\/11\/cropped-rntl_logo_white_530x150.png","contentUrl":"https:\/\/rntl.ch\/bike\/wp-content\/uploads\/sites\/2\/2020\/11\/cropped-rntl_logo_white_530x150.png","width":530,"height":150,"caption":"RNTL Bike"},"image":{"@id":"https:\/\/rntl.ch\/bike\/#\/schema\/logo\/image\/"}}]}},"_links":{"self":[{"href":"https:\/\/rntl.ch\/bike\/wp-json\/wp\/v2\/pages\/17166","targetHints":{"allow":["GET"]}}],"collection":[{"href":"https:\/\/rntl.ch\/bike\/wp-json\/wp\/v2\/pages"}],"about":[{"href":"https:\/\/rntl.ch\/bike\/wp-json\/wp\/v2\/types\/page"}],"author":[{"embeddable":true,"href":"https:\/\/rntl.ch\/bike\/wp-json\/wp\/v2\/users\/4"}],"replies":[{"embeddable":true,"href":"https:\/\/rntl.ch\/bike\/wp-json\/wp\/v2\/comments?post=17166"}],"version-history":[{"count":2,"href":"https:\/\/rntl.ch\/bike\/wp-json\/wp\/v2\/pages\/17166\/revisions"}],"predecessor-version":[{"id":17168,"href":"https:\/\/rntl.ch\/bike\/wp-json\/wp\/v2\/pages\/17166\/revisions\/17168"}],"wp:attachment":[{"href":"https:\/\/rntl.ch\/bike\/wp-json\/wp\/v2\/media?parent=17166"}],"curies":[{"name":"wp","href":"https:\/\/api.w.org\/{rel}","templated":true}]}}

Helmgrösse

<h2 class="wp-block-heading"><strong>Kopfumfang Messen</strong></h2>



<p class="has-medium-font-size">Für die Wahl der Helmgrösse ist die Angabe des Kopfumfangs in Zentimeter ideal. Nur die wenigsten kennen ihren Kopfumfang und das Messen scheint auch nicht ganz so einfach! Hier unser Tipp, du benötigst nur ein Ladekabel und einem Meter oder Massstab. Silvio zeigt dir wie es geht!</p>



<figure class="wp-block-embed-youtube wp-block-embed is-type-video is-provider-youtube wp-embed-aspect-16-9 wp-has-aspect-ratio"><div class="wp-block-embed__wrapper">
<iframe loading="lazy" title="Wie wähle ich dir richtige Helmgrösse?" width="980" height="551" src="https://www.youtube.com/embed/uetopUW9tuk?feature=oembed" frameborder="0" allow="accelerometer; autoplay; encrypted-media; gyroscope; picture-in-picture" allowfullscreen></iframe>
</div></figure>

<p>Kopfumfang Messen Für die Wahl der Helmgrösse ist die Angabe des Kopfumfangs in Zentimeter ideal. Nur die wenigsten kennen ihren Kopfumfang und das Messen scheint auch nicht ganz so einfach! Hier unser Tipp, du benötigst nur ein Ladekabel und einem Meter oder Massstab. Silvio zeigt dir wie es geht!</p>

<!-- This site is optimized with the Yoast SEO plugin v26.3 - https://yoast.com/wordpress/plugins/seo/ -->
<title>Helmgrösse - RNTL Bike</title>
<meta name="robots" content="index, follow, max-snippet:-1, max-image-preview:large, max-video-preview:-1" />
<link rel="canonical" href="https://rntl.ch/bike/helmgroesse/" />
<meta property="og:locale" content="de_DE" />
<meta property="og:type" content="article" />
<meta property="og:title" content="Helmgrösse - RNTL Bike" />
<meta property="og:description" content="Kopfumfang Messen Für die Wahl der Helmgrösse ist die Angabe des Kopfumfangs in Zentimeter ideal. Nur die wenigsten kennen ihren Kopfumfang und das Messen scheint auch nicht ganz so einfach! Hier unser Tipp, du benötigst nur ein Ladekabel und einem Meter oder Massstab. Silvio zeigt dir wie es geht!" />
<meta property="og:url" content="https://rntl.ch/bike/helmgroesse/" />
<meta property="og:site_name" content="RNTL Bike" />
<meta property="article:modified_time" content="2020-06-05T12:35:42+00:00" />
<meta name="twitter:card" content="summary_large_image" />
<script type="application/ld+json" class="yoast-schema-graph">{"@context":"https://schema.org","@graph":[{"@type":"WebPage","@id":"https://rntl.ch/bike/helmgroesse/","url":"https://rntl.ch/bike/helmgroesse/","name":"Helmgrösse - RNTL Bike","isPartOf":{"@id":"https://rntl.ch/bike/#website"},"datePublished":"2020-06-05T12:26:59+00:00","dateModified":"2020-06-05T12:35:42+00:00","breadcrumb":{"@id":"https://rntl.ch/bike/helmgroesse/#breadcrumb"},"inLanguage":"de-CH","potentialAction":[{"@type":"ReadAction","target":["https://rntl.ch/bike/helmgroesse/"]}]},{"@type":"BreadcrumbList","@id":"https://rntl.ch/bike/helmgroesse/#breadcrumb","itemListElement":[{"@type":"ListItem","position":1,"name":"Startseite","item":"https://rntl.ch/bike/"},{"@type":"ListItem","position":2,"name":"Helmgrösse"}]},{"@type":"WebSite","@id":"https://rntl.ch/bike/#website","url":"https://rntl.ch/bike/","name":"RNTL Bike","description":"Mieten Einfach Anders","publisher":{"@id":"https://rntl.ch/bike/#organization"},"potentialAction":[{"@type":"SearchAction","target":{"@type":"EntryPoint","urlTemplate":"https://rntl.ch/bike/?s={search_term_string}"},"query-input":{"@type":"PropertyValueSpecification","valueRequired":true,"valueName":"search_term_string"}}],"inLanguage":"de-CH"},{"@type":"Organization","@id":"https://rntl.ch/bike/#organization","name":"RNTL Bike","url":"https://rntl.ch/bike/","logo":{"@type":"ImageObject","inLanguage":"de-CH","@id":"https://rntl.ch/bike/#/schema/logo/image/","url":"https://rntl.ch/bike/wp-content/uploads/sites/2/2020/11/cropped-rntl_logo_white_530x150.png","contentUrl":"https://rntl.ch/bike/wp-content/uploads/sites/2/2020/11/cropped-rntl_logo_white_530x150.png","width":530,"height":150,"caption":"RNTL Bike"},"image":{"@id":"https://rntl.ch/bike/#/schema/logo/image/"}}]}</script>
<!-- / Yoast SEO plugin. -->

Helmgrösse - RNTL Bike

Kopfumfang Messen Für die Wahl der Helmgrösse ist die Angabe des Kopfumfangs in Zentimeter ideal. Nur die wenigsten kennen ihren Kopfumfang und das Messen scheint auch nicht ganz so einfach! Hier unser Tipp, du benötigst nur ein Ladekabel und einem Meter oder Massstab. Silvio zeigt dir wie es geht!
