{"id":17176,"date":"2020-06-05T14:53:27","date_gmt":"2020-06-05T12:53:27","guid":{"rendered":"https:\/\/rntl.ch\/bike\/?page_id=17176"},"modified":"2021-03-03T10:41:00","modified_gmt":"2021-03-03T09:41:00","slug":"was-ist-rntl","status":"publish","type":"page","link":"https:\/\/rntl.ch\/bike\/was-ist-rntl\/","title":{"rendered":"Was macht RNTL?"},"content":{"rendered":"\n<p class=\"has-medium-font-size\">Sportger\u00e4te mietet man heute besser und das einfach und schnell auf RNTL. Wir vermieten haupts\u00e4chlich Ski und Snowboards, E-Bikes  und Fitnessger\u00e4ten. Unsere Plattform f\u00fchrt Kunden und Sportfachh\u00e4ndler zusammen. Unsere Kunden k\u00f6nnen einfach und schnell online ihre Mietvertr\u00e4ge mit dem Fachh\u00e4ndler abschliessen, online bezahlen und k\u00f6nnen danach ihr Material in einer Pickup Station abholen oder bei Fitnessger\u00e4te liefern lassen. <\/p>\n\n\n\n<figure class=\"wp-block-embed-youtube wp-block-embed is-type-video is-provider-youtube wp-embed-aspect-16-9 wp-has-aspect-ratio\"><div class=\"wp-block-embed__wrapper\">\n<iframe loading=\"lazy\" title=\"RNTL lanciert E-Bikes\" width=\"980\" height=\"551\" src=\"https:\/\/www.youtube.com\/embed\/BnlnvUPlLfI?feature=oembed\" frameborder=\"0\" allow=\"accelerometer; autoplay; encrypted-media; gyroscope; picture-in-picture\" allowfullscreen><\/iframe>\n<\/div><figcaption>RNTL lanciert E-Bike Kategorie innert nur drei Wochen.<\/figcaption><\/figure>\n","protected":false},"excerpt":{"rendered":"<p>Sportger\u00e4te mietet man heute besser und das einfach und schnell auf RNTL. Wir vermieten haupts\u00e4chlich Ski und Snowboards, E-Bikes und Fitnessger\u00e4ten. Unsere Plattform f\u00fchrt Kunden und Sportfachh\u00e4ndler zusammen. Unsere Kunden k\u00f6nnen einfach und schnell online ihre Mietvertr\u00e4ge mit dem Fachh\u00e4ndler abschliessen, online bezahlen und k\u00f6nnen danach ihr Material in einer Pickup Station abholen oder bei [&hellip;]<\/p>\n","protected":false},"author":4,"featured_media":0,"parent":0,"menu_order":0,"comment_status":"closed","ping_status":"closed","template":"template-fullwidth.php","meta":{"footnotes":""},"class_list":["post-17176","page","type-page","status-publish","hentry"],"yoast_head":"<!-- This site is optimized with the Yoast SEO plugin v26.3 - https:\/\/yoast.com\/wordpress\/plugins\/seo\/ -->\n<title>Was macht RNTL? - RNTL Bike<\/title>\n<meta name=\"robots\" content=\"index, follow, max-snippet:-1, max-image-preview:large, max-video-preview:-1\" \/>\n<link rel=\"canonical\" href=\"https:\/\/rntl.ch\/bike\/was-ist-rntl\/\" \/>\n<meta property=\"og:locale\" content=\"de_DE\" \/>\n<meta property=\"og:type\" content=\"article\" \/>\n<meta property=\"og:title\" content=\"Was macht RNTL? - RNTL Bike\" \/>\n<meta property=\"og:description\" content=\"Sportger\u00e4te mietet man heute besser und das einfach und schnell auf RNTL. Wir vermieten haupts\u00e4chlich Ski und Snowboards, E-Bikes und Fitnessger\u00e4ten. Unsere Plattform f\u00fchrt Kunden und Sportfachh\u00e4ndler zusammen. Unsere Kunden k\u00f6nnen einfach und schnell online ihre Mietvertr\u00e4ge mit dem Fachh\u00e4ndler abschliessen, online bezahlen und k\u00f6nnen danach ihr Material in einer Pickup Station abholen oder bei [&hellip;]\" \/>\n<meta property=\"og:url\" content=\"https:\/\/rntl.ch\/bike\/was-ist-rntl\/\" \/>\n<meta property=\"og:site_name\" content=\"RNTL Bike\" \/>\n<meta property=\"article:modified_time\" content=\"2021-03-03T09:41:00+00:00\" \/>\n<meta name=\"twitter:card\" content=\"summary_large_image\" \/>\n<script type=\"application\/ld+json\" class=\"yoast-schema-graph\">{\"@context\":\"https:\/\/schema.org\",\"@graph\":[{\"@type\":\"WebPage\",\"@id\":\"https:\/\/rntl.ch\/bike\/was-ist-rntl\/\",\"url\":\"https:\/\/rntl.ch\/bike\/was-ist-rntl\/\",\"name\":\"Was macht RNTL? - RNTL Bike\",\"isPartOf\":{\"@id\":\"https:\/\/rntl.ch\/bike\/#website\"},\"datePublished\":\"2020-06-05T12:53:27+00:00\",\"dateModified\":\"2021-03-03T09:41:00+00:00\",\"breadcrumb\":{\"@id\":\"https:\/\/rntl.ch\/bike\/was-ist-rntl\/#breadcrumb\"},\"inLanguage\":\"de-CH\",\"potentialAction\":[{\"@type\":\"ReadAction\",\"target\":[\"https:\/\/rntl.ch\/bike\/was-ist-rntl\/\"]}]},{\"@type\":\"BreadcrumbList\",\"@id\":\"https:\/\/rntl.ch\/bike\/was-ist-rntl\/#breadcrumb\",\"itemListElement\":[{\"@type\":\"ListItem\",\"position\":1,\"name\":\"Startseite\",\"item\":\"https:\/\/rntl.ch\/bike\/\"},{\"@type\":\"ListItem\",\"position\":2,\"name\":\"Was macht RNTL?\"}]},{\"@type\":\"WebSite\",\"@id\":\"https:\/\/rntl.ch\/bike\/#website\",\"url\":\"https:\/\/rntl.ch\/bike\/\",\"name\":\"RNTL Bike\",\"description\":\"Mieten Einfach Anders\",\"publisher\":{\"@id\":\"https:\/\/rntl.ch\/bike\/#organization\"},\"potentialAction\":[{\"@type\":\"SearchAction\",\"target\":{\"@type\":\"EntryPoint\",\"urlTemplate\":\"https:\/\/rntl.ch\/bike\/?s={search_term_string}\"},\"query-input\":{\"@type\":\"PropertyValueSpecification\",\"valueRequired\":true,\"valueName\":\"search_term_string\"}}],\"inLanguage\":\"de-CH\"},{\"@type\":\"Organization\",\"@id\":\"https:\/\/rntl.ch\/bike\/#organization\",\"name\":\"RNTL Bike\",\"url\":\"https:\/\/rntl.ch\/bike\/\",\"logo\":{\"@type\":\"ImageObject\",\"inLanguage\":\"de-CH\",\"@id\":\"https:\/\/rntl.ch\/bike\/#\/schema\/logo\/image\/\",\"url\":\"https:\/\/rntl.ch\/bike\/wp-content\/uploads\/sites\/2\/2020\/11\/cropped-rntl_logo_white_530x150.png\",\"contentUrl\":\"https:\/\/rntl.ch\/bike\/wp-content\/uploads\/sites\/2\/2020\/11\/cropped-rntl_logo_white_530x150.png\",\"width\":530,\"height\":150,\"caption\":\"RNTL Bike\"},\"image\":{\"@id\":\"https:\/\/rntl.ch\/bike\/#\/schema\/logo\/image\/\"}}]}<\/script>\n<!-- \/ Yoast SEO plugin. -->","yoast_head_json":{"title":"Was macht RNTL? - RNTL Bike","robots":{"index":"index","follow":"follow","max-snippet":"max-snippet:-1","max-image-preview":"max-image-preview:large","max-video-preview":"max-video-preview:-1"},"canonical":"https:\/\/rntl.ch\/bike\/was-ist-rntl\/","og_locale":"de_DE","og_type":"article","og_title":"Was macht RNTL? - RNTL Bike","og_description":"Sportger\u00e4te mietet man heute besser und das einfach und schnell auf RNTL. Wir vermieten haupts\u00e4chlich Ski und Snowboards, E-Bikes und Fitnessger\u00e4ten. Unsere Plattform f\u00fchrt Kunden und Sportfachh\u00e4ndler zusammen. Unsere Kunden k\u00f6nnen einfach und schnell online ihre Mietvertr\u00e4ge mit dem Fachh\u00e4ndler abschliessen, online bezahlen und k\u00f6nnen danach ihr Material in einer Pickup Station abholen oder bei [&hellip;]","og_url":"https:\/\/rntl.ch\/bike\/was-ist-rntl\/","og_site_name":"RNTL Bike","article_modified_time":"2021-03-03T09:41:00+00:00","twitter_card":"summary_large_image","schema":{"@context":"https:\/\/schema.org","@graph":[{"@type":"WebPage","@id":"https:\/\/rntl.ch\/bike\/was-ist-rntl\/","url":"https:\/\/rntl.ch\/bike\/was-ist-rntl\/","name":"Was macht RNTL? - RNTL Bike","isPartOf":{"@id":"https:\/\/rntl.ch\/bike\/#website"},"datePublished":"2020-06-05T12:53:27+00:00","dateModified":"2021-03-03T09:41:00+00:00","breadcrumb":{"@id":"https:\/\/rntl.ch\/bike\/was-ist-rntl\/#breadcrumb"},"inLanguage":"de-CH","potentialAction":[{"@type":"ReadAction","target":["https:\/\/rntl.ch\/bike\/was-ist-rntl\/"]}]},{"@type":"BreadcrumbList","@id":"https:\/\/rntl.ch\/bike\/was-ist-rntl\/#breadcrumb","itemListElement":[{"@type":"ListItem","position":1,"name":"Startseite","item":"https:\/\/rntl.ch\/bike\/"},{"@type":"ListItem","position":2,"name":"Was macht RNTL?"}]},{"@type":"WebSite","@id":"https:\/\/rntl.ch\/bike\/#website","url":"https:\/\/rntl.ch\/bike\/","name":"RNTL Bike","description":"Mieten Einfach Anders","publisher":{"@id":"https:\/\/rntl.ch\/bike\/#organization"},"potentialAction":[{"@type":"SearchAction","target":{"@type":"EntryPoint","urlTemplate":"https:\/\/rntl.ch\/bike\/?s={search_term_string}"},"query-input":{"@type":"PropertyValueSpecification","valueRequired":true,"valueName":"search_term_string"}}],"inLanguage":"de-CH"},{"@type":"Organization","@id":"https:\/\/rntl.ch\/bike\/#organization","name":"RNTL Bike","url":"https:\/\/rntl.ch\/bike\/","logo":{"@type":"ImageObject","inLanguage":"de-CH","@id":"https:\/\/rntl.ch\/bike\/#\/schema\/logo\/image\/","url":"https:\/\/rntl.ch\/bike\/wp-content\/uploads\/sites\/2\/2020\/11\/cropped-rntl_logo_white_530x150.png","contentUrl":"https:\/\/rntl.ch\/bike\/wp-content\/uploads\/sites\/2\/2020\/11\/cropped-rntl_logo_white_530x150.png","width":530,"height":150,"caption":"RNTL Bike"},"image":{"@id":"https:\/\/rntl.ch\/bike\/#\/schema\/logo\/image\/"}}]}},"_links":{"self":[{"href":"https:\/\/rntl.ch\/bike\/wp-json\/wp\/v2\/pages\/17176","targetHints":{"allow":["GET"]}}],"collection":[{"href":"https:\/\/rntl.ch\/bike\/wp-json\/wp\/v2\/pages"}],"about":[{"href":"https:\/\/rntl.ch\/bike\/wp-json\/wp\/v2\/types\/page"}],"author":[{"embeddable":true,"href":"https:\/\/rntl.ch\/bike\/wp-json\/wp\/v2\/users\/4"}],"replies":[{"embeddable":true,"href":"https:\/\/rntl.ch\/bike\/wp-json\/wp\/v2\/comments?post=17176"}],"version-history":[{"count":7,"href":"https:\/\/rntl.ch\/bike\/wp-json\/wp\/v2\/pages\/17176\/revisions"}],"predecessor-version":[{"id":18919,"href":"https:\/\/rntl.ch\/bike\/wp-json\/wp\/v2\/pages\/17176\/revisions\/18919"}],"wp:attachment":[{"href":"https:\/\/rntl.ch\/bike\/wp-json\/wp\/v2\/media?parent=17176"}],"curies":[{"name":"wp","href":"https:\/\/api.w.org\/{rel}","templated":true}]}}