{"id":24,"date":"2019-08-30T08:57:37","date_gmt":"2019-08-30T08:57:37","guid":{"rendered":"https:\/\/rntl.ch\/?page_id=24"},"modified":"2020-10-23T10:16:27","modified_gmt":"2020-10-23T08:16:27","slug":"team","status":"publish","type":"page","link":"https:\/\/rntl.ch\/bike\/team\/","title":{"rendered":"Team"},"content":{"rendered":"\n<div class=\"wp-block-image\"><figure class=\"aligncenter is-resized\"><img loading=\"lazy\" decoding=\"async\" src=\"https:\/\/rntl.ch\/wp-content\/uploads\/2019\/11\/team_1200_sketch_dark-1024x409.jpg\" alt=\"\" class=\"wp-image-3056\" width=\"768\" height=\"307\" srcset=\"https:\/\/rntl.ch\/bike\/wp-content\/uploads\/sites\/2\/2019\/11\/team_1200_sketch_dark-1024x409.jpg 1024w, https:\/\/rntl.ch\/bike\/wp-content\/uploads\/sites\/2\/2019\/11\/team_1200_sketch_dark-300x120.jpg 300w, https:\/\/rntl.ch\/bike\/wp-content\/uploads\/sites\/2\/2019\/11\/team_1200_sketch_dark-768x307.jpg 768w, https:\/\/rntl.ch\/bike\/wp-content\/uploads\/sites\/2\/2019\/11\/team_1200_sketch_dark-555x222.jpg 555w, https:\/\/rntl.ch\/bike\/wp-content\/uploads\/sites\/2\/2019\/11\/team_1200_sketch_dark.jpg 1200w\" sizes=\"auto, (max-width: 768px) 100vw, 768px\" \/><figcaption> <strong>Das Gr\u00fcnderteam v.l.n.r.<\/strong> <\/figcaption><\/figure><\/div>\n\n\n\n<p class=\"has-text-align-left has-medium-font-size\"><strong>Patrick<\/strong> &#8211; k\u00fcmmert sich um alles Digitale.<br><strong>Silvio<\/strong> &#8211; stellt f\u00fcr dich das optimale Equipment zusammen und ist im Shop vor Ort anzutreffen.<br><strong>Stefan<\/strong> &#8211; deine Ansprechperson wenn es um RNTL geht.<\/p>\n\n\n\n<p class=\"has-medium-font-size\">Wir sind ein Aargauer Start-Up und sind der Meinung, dass man teure Fitnessger\u00e4t, E-Bike und Ski vor dem Kauf besser ausprobiert oder einfach f\u00fcr einen Zeitraum zu guten Konditionen mieten soll. Dieser Prozess wird von uns digitalisiert und stark vereinfacht, was H\u00e4ndler und Endkunden gleichzeitig freut. Wir setzten uns t\u00e4glich daf\u00fcr ein, dass der nachhaltiger Sportfachhandel Realit\u00e4t wird.<\/p>\n\n\n\n<figure class=\"wp-block-image is-resized\"><img loading=\"lazy\" decoding=\"async\" src=\"https:\/\/rntl.ch\/bike\/wp-content\/uploads\/sites\/2\/2020\/02\/Giorgio_sketch.jpg\" alt=\"\" class=\"wp-image-10636\" width=\"226\" height=\"344\" srcset=\"https:\/\/rntl.ch\/bike\/wp-content\/uploads\/sites\/2\/2020\/02\/Giorgio_sketch.jpg 315w, https:\/\/rntl.ch\/bike\/wp-content\/uploads\/sites\/2\/2020\/02\/Giorgio_sketch-197x300.jpg 197w\" sizes=\"auto, (max-width: 226px) 100vw, 226px\" \/><\/figure>\n\n\n\n<p class=\"has-medium-font-size\"><strong>Giorgio<\/strong> &#8211; der RNTL Experte von St\u00f6ckli Sport welcher dich gerne auch vor Ort ber\u00e4t.<\/p>\n","protected":false},"excerpt":{"rendered":"<p>Patrick &#8211; k\u00fcmmert sich um alles Digitale.Silvio &#8211; stellt f\u00fcr dich das optimale Equipment zusammen und ist im Shop vor Ort anzutreffen.Stefan &#8211; deine Ansprechperson wenn es um RNTL geht. Wir sind ein Aargauer Start-Up und sind der Meinung, dass man teure Fitnessger\u00e4t, E-Bike und Ski vor dem Kauf besser ausprobiert oder einfach f\u00fcr einen [&hellip;]<\/p>\n","protected":false},"author":1,"featured_media":0,"parent":0,"menu_order":0,"comment_status":"closed","ping_status":"closed","template":"template-fullwidth.php","meta":{"footnotes":""},"class_list":["post-24","page","type-page","status-publish","hentry"],"yoast_head":"<!-- This site is optimized with the Yoast SEO plugin v26.3 - https:\/\/yoast.com\/wordpress\/plugins\/seo\/ -->\n<title>Team - RNTL Bike<\/title>\n<meta name=\"robots\" content=\"index, follow, max-snippet:-1, max-image-preview:large, max-video-preview:-1\" \/>\n<link rel=\"canonical\" href=\"https:\/\/rntl.ch\/bike\/team\/\" \/>\n<meta property=\"og:locale\" content=\"de_DE\" \/>\n<meta property=\"og:type\" content=\"article\" \/>\n<meta property=\"og:title\" content=\"Team - RNTL Bike\" \/>\n<meta property=\"og:description\" content=\"Patrick &#8211; k\u00fcmmert sich um alles Digitale.Silvio &#8211; stellt f\u00fcr dich das optimale Equipment zusammen und ist im Shop vor Ort anzutreffen.Stefan &#8211; deine Ansprechperson wenn es um RNTL geht. Wir sind ein Aargauer Start-Up und sind der Meinung, dass man teure Fitnessger\u00e4t, E-Bike und Ski vor dem Kauf besser ausprobiert oder einfach f\u00fcr einen [&hellip;]\" \/>\n<meta property=\"og:url\" content=\"https:\/\/rntl.ch\/bike\/team\/\" \/>\n<meta property=\"og:site_name\" content=\"RNTL Bike\" \/>\n<meta property=\"article:modified_time\" content=\"2020-10-23T08:16:27+00:00\" \/>\n<meta property=\"og:image\" content=\"https:\/\/rntl.ch\/wp-content\/uploads\/2019\/11\/team_1200_sketch_dark-1024x409.jpg\" \/>\n<meta name=\"twitter:card\" content=\"summary_large_image\" \/>\n<meta name=\"twitter:label1\" content=\"Gesch\u00e4tzte Lesezeit\" \/>\n\t<meta name=\"twitter:data1\" content=\"1\u00a0Minute\" \/>\n<script type=\"application\/ld+json\" class=\"yoast-schema-graph\">{\"@context\":\"https:\/\/schema.org\",\"@graph\":[{\"@type\":\"WebPage\",\"@id\":\"https:\/\/rntl.ch\/bike\/team\/\",\"url\":\"https:\/\/rntl.ch\/bike\/team\/\",\"name\":\"Team - RNTL Bike\",\"isPartOf\":{\"@id\":\"https:\/\/rntl.ch\/bike\/#website\"},\"primaryImageOfPage\":{\"@id\":\"https:\/\/rntl.ch\/bike\/team\/#primaryimage\"},\"image\":{\"@id\":\"https:\/\/rntl.ch\/bike\/team\/#primaryimage\"},\"thumbnailUrl\":\"https:\/\/rntl.ch\/wp-content\/uploads\/2019\/11\/team_1200_sketch_dark-1024x409.jpg\",\"datePublished\":\"2019-08-30T08:57:37+00:00\",\"dateModified\":\"2020-10-23T08:16:27+00:00\",\"breadcrumb\":{\"@id\":\"https:\/\/rntl.ch\/bike\/team\/#breadcrumb\"},\"inLanguage\":\"de-CH\",\"potentialAction\":[{\"@type\":\"ReadAction\",\"target\":[\"https:\/\/rntl.ch\/bike\/team\/\"]}]},{\"@type\":\"ImageObject\",\"inLanguage\":\"de-CH\",\"@id\":\"https:\/\/rntl.ch\/bike\/team\/#primaryimage\",\"url\":\"https:\/\/rntl.ch\/wp-content\/uploads\/2019\/11\/team_1200_sketch_dark-1024x409.jpg\",\"contentUrl\":\"https:\/\/rntl.ch\/wp-content\/uploads\/2019\/11\/team_1200_sketch_dark-1024x409.jpg\"},{\"@type\":\"BreadcrumbList\",\"@id\":\"https:\/\/rntl.ch\/bike\/team\/#breadcrumb\",\"itemListElement\":[{\"@type\":\"ListItem\",\"position\":1,\"name\":\"Startseite\",\"item\":\"https:\/\/rntl.ch\/bike\/\"},{\"@type\":\"ListItem\",\"position\":2,\"name\":\"Team\"}]},{\"@type\":\"WebSite\",\"@id\":\"https:\/\/rntl.ch\/bike\/#website\",\"url\":\"https:\/\/rntl.ch\/bike\/\",\"name\":\"RNTL Bike\",\"description\":\"Mieten Einfach Anders\",\"publisher\":{\"@id\":\"https:\/\/rntl.ch\/bike\/#organization\"},\"potentialAction\":[{\"@type\":\"SearchAction\",\"target\":{\"@type\":\"EntryPoint\",\"urlTemplate\":\"https:\/\/rntl.ch\/bike\/?s={search_term_string}\"},\"query-input\":{\"@type\":\"PropertyValueSpecification\",\"valueRequired\":true,\"valueName\":\"search_term_string\"}}],\"inLanguage\":\"de-CH\"},{\"@type\":\"Organization\",\"@id\":\"https:\/\/rntl.ch\/bike\/#organization\",\"name\":\"RNTL Bike\",\"url\":\"https:\/\/rntl.ch\/bike\/\",\"logo\":{\"@type\":\"ImageObject\",\"inLanguage\":\"de-CH\",\"@id\":\"https:\/\/rntl.ch\/bike\/#\/schema\/logo\/image\/\",\"url\":\"https:\/\/rntl.ch\/bike\/wp-content\/uploads\/sites\/2\/2020\/11\/cropped-rntl_logo_white_530x150.png\",\"contentUrl\":\"https:\/\/rntl.ch\/bike\/wp-content\/uploads\/sites\/2\/2020\/11\/cropped-rntl_logo_white_530x150.png\",\"width\":530,\"height\":150,\"caption\":\"RNTL Bike\"},\"image\":{\"@id\":\"https:\/\/rntl.ch\/bike\/#\/schema\/logo\/image\/\"}}]}<\/script>\n<!-- \/ Yoast SEO plugin. -->","yoast_head_json":{"title":"Team - RNTL Bike","robots":{"index":"index","follow":"follow","max-snippet":"max-snippet:-1","max-image-preview":"max-image-preview:large","max-video-preview":"max-video-preview:-1"},"canonical":"https:\/\/rntl.ch\/bike\/team\/","og_locale":"de_DE","og_type":"article","og_title":"Team - RNTL Bike","og_description":"Patrick &#8211; k\u00fcmmert sich um alles Digitale.Silvio &#8211; stellt f\u00fcr dich das optimale Equipment zusammen und ist im Shop vor Ort anzutreffen.Stefan &#8211; deine Ansprechperson wenn es um RNTL geht. Wir sind ein Aargauer Start-Up und sind der Meinung, dass man teure Fitnessger\u00e4t, E-Bike und Ski vor dem Kauf besser ausprobiert oder einfach f\u00fcr einen [&hellip;]","og_url":"https:\/\/rntl.ch\/bike\/team\/","og_site_name":"RNTL Bike","article_modified_time":"2020-10-23T08:16:27+00:00","og_image":[{"url":"https:\/\/rntl.ch\/wp-content\/uploads\/2019\/11\/team_1200_sketch_dark-1024x409.jpg","type":"","width":"","height":""}],"twitter_card":"summary_large_image","twitter_misc":{"Gesch\u00e4tzte Lesezeit":"1\u00a0Minute"},"schema":{"@context":"https:\/\/schema.org","@graph":[{"@type":"WebPage","@id":"https:\/\/rntl.ch\/bike\/team\/","url":"https:\/\/rntl.ch\/bike\/team\/","name":"Team - RNTL Bike","isPartOf":{"@id":"https:\/\/rntl.ch\/bike\/#website"},"primaryImageOfPage":{"@id":"https:\/\/rntl.ch\/bike\/team\/#primaryimage"},"image":{"@id":"https:\/\/rntl.ch\/bike\/team\/#primaryimage"},"thumbnailUrl":"https:\/\/rntl.ch\/wp-content\/uploads\/2019\/11\/team_1200_sketch_dark-1024x409.jpg","datePublished":"2019-08-30T08:57:37+00:00","dateModified":"2020-10-23T08:16:27+00:00","breadcrumb":{"@id":"https:\/\/rntl.ch\/bike\/team\/#breadcrumb"},"inLanguage":"de-CH","potentialAction":[{"@type":"ReadAction","target":["https:\/\/rntl.ch\/bike\/team\/"]}]},{"@type":"ImageObject","inLanguage":"de-CH","@id":"https:\/\/rntl.ch\/bike\/team\/#primaryimage","url":"https:\/\/rntl.ch\/wp-content\/uploads\/2019\/11\/team_1200_sketch_dark-1024x409.jpg","contentUrl":"https:\/\/rntl.ch\/wp-content\/uploads\/2019\/11\/team_1200_sketch_dark-1024x409.jpg"},{"@type":"BreadcrumbList","@id":"https:\/\/rntl.ch\/bike\/team\/#breadcrumb","itemListElement":[{"@type":"ListItem","position":1,"name":"Startseite","item":"https:\/\/rntl.ch\/bike\/"},{"@type":"ListItem","position":2,"name":"Team"}]},{"@type":"WebSite","@id":"https:\/\/rntl.ch\/bike\/#website","url":"https:\/\/rntl.ch\/bike\/","name":"RNTL Bike","description":"Mieten Einfach Anders","publisher":{"@id":"https:\/\/rntl.ch\/bike\/#organization"},"potentialAction":[{"@type":"SearchAction","target":{"@type":"EntryPoint","urlTemplate":"https:\/\/rntl.ch\/bike\/?s={search_term_string}"},"query-input":{"@type":"PropertyValueSpecification","valueRequired":true,"valueName":"search_term_string"}}],"inLanguage":"de-CH"},{"@type":"Organization","@id":"https:\/\/rntl.ch\/bike\/#organization","name":"RNTL Bike","url":"https:\/\/rntl.ch\/bike\/","logo":{"@type":"ImageObject","inLanguage":"de-CH","@id":"https:\/\/rntl.ch\/bike\/#\/schema\/logo\/image\/","url":"https:\/\/rntl.ch\/bike\/wp-content\/uploads\/sites\/2\/2020\/11\/cropped-rntl_logo_white_530x150.png","contentUrl":"https:\/\/rntl.ch\/bike\/wp-content\/uploads\/sites\/2\/2020\/11\/cropped-rntl_logo_white_530x150.png","width":530,"height":150,"caption":"RNTL Bike"},"image":{"@id":"https:\/\/rntl.ch\/bike\/#\/schema\/logo\/image\/"}}]}},"_links":{"self":[{"href":"https:\/\/rntl.ch\/bike\/wp-json\/wp\/v2\/pages\/24","targetHints":{"allow":["GET"]}}],"collection":[{"href":"https:\/\/rntl.ch\/bike\/wp-json\/wp\/v2\/pages"}],"about":[{"href":"https:\/\/rntl.ch\/bike\/wp-json\/wp\/v2\/types\/page"}],"author":[{"embeddable":true,"href":"https:\/\/rntl.ch\/bike\/wp-json\/wp\/v2\/users\/1"}],"replies":[{"embeddable":true,"href":"https:\/\/rntl.ch\/bike\/wp-json\/wp\/v2\/comments?post=24"}],"version-history":[{"count":3,"href":"https:\/\/rntl.ch\/bike\/wp-json\/wp\/v2\/pages\/24\/revisions"}],"predecessor-version":[{"id":18837,"href":"https:\/\/rntl.ch\/bike\/wp-json\/wp\/v2\/pages\/24\/revisions\/18837"}],"wp:attachment":[{"href":"https:\/\/rntl.ch\/bike\/wp-json\/wp\/v2\/media?parent=24"}],"curies":[{"name":"wp","href":"https:\/\/api.w.org\/{rel}","templated":true}]}}

<div class="wp-block-image"><figure class="aligncenter is-resized"><img loading="lazy" decoding="async" src="https://rntl.ch/wp-content/uploads/2019/11/team_1200_sketch_dark-1024x409.jpg" alt="" class="wp-image-3056" width="768" height="307" srcset="https://rntl.ch/bike/wp-content/uploads/sites/2/2019/11/team_1200_sketch_dark-1024x409.jpg 1024w, https://rntl.ch/bike/wp-content/uploads/sites/2/2019/11/team_1200_sketch_dark-300x120.jpg 300w, https://rntl.ch/bike/wp-content/uploads/sites/2/2019/11/team_1200_sketch_dark-768x307.jpg 768w, https://rntl.ch/bike/wp-content/uploads/sites/2/2019/11/team_1200_sketch_dark-555x222.jpg 555w, https://rntl.ch/bike/wp-content/uploads/sites/2/2019/11/team_1200_sketch_dark.jpg 1200w" sizes="auto, (max-width: 768px) 100vw, 768px" /><figcaption> <strong>Das Gründerteam v.l.n.r.</strong> </figcaption></figure></div>



<p class="has-text-align-left has-medium-font-size"><strong>Patrick</strong> &#8211; kümmert sich um alles Digitale.<br><strong>Silvio</strong> &#8211; stellt für dich das optimale Equipment zusammen und ist im Shop vor Ort anzutreffen.<br><strong>Stefan</strong> &#8211; deine Ansprechperson wenn es um RNTL geht.</p>



<p class="has-medium-font-size">Wir sind ein Aargauer Start-Up und sind der Meinung, dass man teure Fitnessgerät, E-Bike und Ski vor dem Kauf besser ausprobiert oder einfach für einen Zeitraum zu guten Konditionen mieten soll. Dieser Prozess wird von uns digitalisiert und stark vereinfacht, was Händler und Endkunden gleichzeitig freut. Wir setzten uns täglich dafür ein, dass der nachhaltiger Sportfachhandel Realität wird.</p>



<figure class="wp-block-image is-resized"><img loading="lazy" decoding="async" src="https://rntl.ch/bike/wp-content/uploads/sites/2/2020/02/Giorgio_sketch.jpg" alt="" class="wp-image-10636" width="226" height="344" srcset="https://rntl.ch/bike/wp-content/uploads/sites/2/2020/02/Giorgio_sketch.jpg 315w, https://rntl.ch/bike/wp-content/uploads/sites/2/2020/02/Giorgio_sketch-197x300.jpg 197w" sizes="auto, (max-width: 226px) 100vw, 226px" /></figure>



<p class="has-medium-font-size"><strong>Giorgio</strong> &#8211; der RNTL Experte von Stöckli Sport welcher dich gerne auch vor Ort berät.</p>

<p>Patrick &#8211; kümmert sich um alles Digitale.Silvio &#8211; stellt für dich das optimale Equipment zusammen und ist im Shop vor Ort anzutreffen.Stefan &#8211; deine Ansprechperson wenn es um RNTL geht. Wir sind ein Aargauer Start-Up und sind der Meinung, dass man teure Fitnessgerät, E-Bike und Ski vor dem Kauf besser ausprobiert oder einfach für einen [&hellip;]</p>

<!-- This site is optimized with the Yoast SEO plugin v26.3 - https://yoast.com/wordpress/plugins/seo/ -->
<title>Team - RNTL Bike</title>
<meta name="robots" content="index, follow, max-snippet:-1, max-image-preview:large, max-video-preview:-1" />
<link rel="canonical" href="https://rntl.ch/bike/team/" />
<meta property="og:locale" content="de_DE" />
<meta property="og:type" content="article" />
<meta property="og:title" content="Team - RNTL Bike" />
<meta property="og:description" content="Patrick &#8211; kümmert sich um alles Digitale.Silvio &#8211; stellt für dich das optimale Equipment zusammen und ist im Shop vor Ort anzutreffen.Stefan &#8211; deine Ansprechperson wenn es um RNTL geht. Wir sind ein Aargauer Start-Up und sind der Meinung, dass man teure Fitnessgerät, E-Bike und Ski vor dem Kauf besser ausprobiert oder einfach für einen [&hellip;]" />
<meta property="og:url" content="https://rntl.ch/bike/team/" />
<meta property="og:site_name" content="RNTL Bike" />
<meta property="article:modified_time" content="2020-10-23T08:16:27+00:00" />
<meta property="og:image" content="https://rntl.ch/wp-content/uploads/2019/11/team_1200_sketch_dark-1024x409.jpg" />
<meta name="twitter:card" content="summary_large_image" />
<meta name="twitter:label1" content="Geschätzte Lesezeit" />
	<meta name="twitter:data1" content="1 Minute" />
<script type="application/ld+json" class="yoast-schema-graph">{"@context":"https://schema.org","@graph":[{"@type":"WebPage","@id":"https://rntl.ch/bike/team/","url":"https://rntl.ch/bike/team/","name":"Team - RNTL Bike","isPartOf":{"@id":"https://rntl.ch/bike/#website"},"primaryImageOfPage":{"@id":"https://rntl.ch/bike/team/#primaryimage"},"image":{"@id":"https://rntl.ch/bike/team/#primaryimage"},"thumbnailUrl":"https://rntl.ch/wp-content/uploads/2019/11/team_1200_sketch_dark-1024x409.jpg","datePublished":"2019-08-30T08:57:37+00:00","dateModified":"2020-10-23T08:16:27+00:00","breadcrumb":{"@id":"https://rntl.ch/bike/team/#breadcrumb"},"inLanguage":"de-CH","potentialAction":[{"@type":"ReadAction","target":["https://rntl.ch/bike/team/"]}]},{"@type":"ImageObject","inLanguage":"de-CH","@id":"https://rntl.ch/bike/team/#primaryimage","url":"https://rntl.ch/wp-content/uploads/2019/11/team_1200_sketch_dark-1024x409.jpg","contentUrl":"https://rntl.ch/wp-content/uploads/2019/11/team_1200_sketch_dark-1024x409.jpg"},{"@type":"BreadcrumbList","@id":"https://rntl.ch/bike/team/#breadcrumb","itemListElement":[{"@type":"ListItem","position":1,"name":"Startseite","item":"https://rntl.ch/bike/"},{"@type":"ListItem","position":2,"name":"Team"}]},{"@type":"WebSite","@id":"https://rntl.ch/bike/#website","url":"https://rntl.ch/bike/","name":"RNTL Bike","description":"Mieten Einfach Anders","publisher":{"@id":"https://rntl.ch/bike/#organization"},"potentialAction":[{"@type":"SearchAction","target":{"@type":"EntryPoint","urlTemplate":"https://rntl.ch/bike/?s={search_term_string}"},"query-input":{"@type":"PropertyValueSpecification","valueRequired":true,"valueName":"search_term_string"}}],"inLanguage":"de-CH"},{"@type":"Organization","@id":"https://rntl.ch/bike/#organization","name":"RNTL Bike","url":"https://rntl.ch/bike/","logo":{"@type":"ImageObject","inLanguage":"de-CH","@id":"https://rntl.ch/bike/#/schema/logo/image/","url":"https://rntl.ch/bike/wp-content/uploads/sites/2/2020/11/cropped-rntl_logo_white_530x150.png","contentUrl":"https://rntl.ch/bike/wp-content/uploads/sites/2/2020/11/cropped-rntl_logo_white_530x150.png","width":530,"height":150,"caption":"RNTL Bike"},"image":{"@id":"https://rntl.ch/bike/#/schema/logo/image/"}}]}</script>
<!-- / Yoast SEO plugin. -->

Patrick &#8211; kümmert sich um alles Digitale.Silvio &#8211; stellt für dich das optimale Equipment zusammen und ist im Shop vor Ort anzutreffen.Stefan &#8211; deine Ansprechperson wenn es um RNTL geht. Wir sind ein Aargauer Start-Up und sind der Meinung, dass man teure Fitnessgerät, E-Bike und Ski vor dem Kauf besser ausprobiert oder einfach für einen [&hellip;]
