{"id":532,"date":"2019-10-11T14:01:54","date_gmt":"2019-10-11T12:01:54","guid":{"rendered":"https:\/\/rntl.ch\/?page_id=532"},"modified":"2021-03-02T16:11:39","modified_gmt":"2021-03-02T15:11:39","slug":"bike-saisonmiete","status":"publish","type":"page","link":"https:\/\/rntl.ch\/bike\/bike-saisonmiete\/","title":{"rendered":"Saisonmiete"},"content":{"rendered":"\n<h2 class=\"wp-block-heading\"><strong>Mieten statt kaufen<\/strong> <\/h2>\n\n\n\n<p class=\"has-medium-font-size\">Die E-Bike mieten werden immer beliebter bei Kunden. Das hat verschiedene Gr\u00fcnde; sei es, mehr Platz im Keller, man bekommt ein aktuelles und sicheres E-Bike oder einfach sich nach l\u00e4ngerer Pause wieder mal auf das Velo zu wagen. Velo-H\u00e4ndler m\u00f6chten jedoch die E-Bikes lieber verkaufen als vermieten, nur hat nicht jeder mehrere Tausend Franken \u00fcbrig um das auch zu tun. <\/p>\n\n\n\n<p class=\"has-medium-font-size\">Bei einer Saisonmiete hast du das E-Bike immer griffbereit f\u00fcr den spontanen Ausflug in die Natur . <\/p>\n\n\n\n<div style=\"height:21px\" aria-hidden=\"true\" class=\"wp-block-spacer\"><\/div>\n\n\n\n<div style=\"height:21px\" aria-hidden=\"true\" class=\"wp-block-spacer\"><\/div>\n\n\n\n<h2 class=\"wp-block-heading\"><strong>Beliebte E-Bikes<\/strong><\/h2>\n\n\n<div data-block-name=\"woocommerce\/handpicked-products\" data-edit-mode=\"false\" data-products=\"[16392,16322,16324]\" class=\"wc-block-grid wp-block-handpicked-products wp-block-woocommerce-handpicked-products wc-block-handpicked-products has-3-columns has-multiple-rows\"><ul class=\"wc-block-grid__products\"><li class=\"wc-block-grid__product\"><span class=\"gtm4wp_productdata\" style=\"display:none; visibility:hidden;\" data-gtm4wp_product_data=\"{&quot;internal_id&quot;:16322,&quot;item_id&quot;:16322,&quot;item_name&quot;:&quot;eMountainbike - Fully 25km\\\/h&quot;,&quot;sku&quot;:16322,&quot;price&quot;:79,&quot;stocklevel&quot;:null,&quot;stockstatus&quot;:&quot;instock&quot;,&quot;google_business_vertical&quot;:&quot;retail&quot;,&quot;item_category&quot;:&quot;eBike&quot;,&quot;id&quot;:16322,&quot;productlink&quot;:&quot;https:\\\/\\\/rntl.ch\\\/bike\\\/product\\\/emountainbike-vollfederung\\\/&quot;,&quot;item_list_name&quot;:&quot;General Product List&quot;,&quot;index&quot;:0,&quot;product_type&quot;:&quot;simple&quot;,&quot;item_brand&quot;:&quot;&quot;}\"><\/span>\n\t\t\t\t<a href=\"https:\/\/rntl.ch\/bike\/product\/emountainbike-vollfederung\/\" class=\"wc-block-grid__product-link\">\n\t\t\t\t\t\n\t\t\t\t\t<div class=\"wc-block-grid__product-image\"><img loading=\"lazy\" decoding=\"async\" width=\"262\" height=\"328\" src=\"https:\/\/rntl.ch\/bike\/wp-content\/uploads\/sites\/2\/2020\/06\/BikeFully25-262x328.png\" class=\"attachment-woocommerce_thumbnail size-woocommerce_thumbnail\" alt=\"eMountainbike - Fully 25km\/h\" srcset=\"https:\/\/rntl.ch\/bike\/wp-content\/uploads\/sites\/2\/2020\/06\/BikeFully25-262x328.png 262w, https:\/\/rntl.ch\/bike\/wp-content\/uploads\/sites\/2\/2020\/06\/BikeFully25-58x72.png 58w\" sizes=\"auto, (max-width: 262px) 100vw, 262px\" \/><\/div>\n\t\t\t\t\t<div class=\"wc-block-grid__product-title\">eMountainbike &#8211; Fully 25km\/h<\/div>\n\t\t\t\t<\/a>\n\t\t\t\t<div class=\"wc-block-grid__product-price price\"><span class=\"from\">Ab: <\/span><span class=\"amount\">&#067;&#072;&#070;79.00<\/span><\/div>\n\t\t\t\t\n\t\t\t\t<div class=\"wp-block-button wc-block-grid__product-add-to-cart\"><a href=\"\/bike\/wp-json\/wp\/v2\/pages\/532?add-to-cart=16322\" aria-label=\"In den Warenkorb legen: \u00abeMountainbike - Fully 25km\/h\u00bb\" data-quantity=\"1\" data-product_id=\"16322\" data-product_sku=\"\" data-price=\"79\" rel=\"nofollow\" class=\"wp-block-button__link  add_to_cart_button ajax_add_to_cart\">In den Warenkorb<\/a><\/div>\n\t\t\t<\/li><li class=\"wc-block-grid__product\"><span class=\"gtm4wp_productdata\" style=\"display:none; visibility:hidden;\" data-gtm4wp_product_data=\"{&quot;internal_id&quot;:16324,&quot;item_id&quot;:16324,&quot;item_name&quot;:&quot;eBike - Trekking 25km\\\/h&quot;,&quot;sku&quot;:16324,&quot;price&quot;:49,&quot;stocklevel&quot;:null,&quot;stockstatus&quot;:&quot;instock&quot;,&quot;google_business_vertical&quot;:&quot;retail&quot;,&quot;item_category&quot;:&quot;eBike&quot;,&quot;id&quot;:16324,&quot;productlink&quot;:&quot;https:\\\/\\\/rntl.ch\\\/bike\\\/product\\\/ebike-strasse\\\/&quot;,&quot;item_list_name&quot;:&quot;General Product List&quot;,&quot;index&quot;:0,&quot;product_type&quot;:&quot;simple&quot;,&quot;item_brand&quot;:&quot;&quot;}\"><\/span>\n\t\t\t\t<a href=\"https:\/\/rntl.ch\/bike\/product\/ebike-strasse\/\" class=\"wc-block-grid__product-link\">\n\t\t\t\t\t\n\t\t\t\t\t<div class=\"wc-block-grid__product-image\"><img loading=\"lazy\" decoding=\"async\" width=\"262\" height=\"328\" src=\"https:\/\/rntl.ch\/bike\/wp-content\/uploads\/sites\/2\/2020\/06\/BikeTrekking25-262x328.png\" class=\"attachment-woocommerce_thumbnail size-woocommerce_thumbnail\" alt=\"eBike - Trekking 25km\/h\" srcset=\"https:\/\/rntl.ch\/bike\/wp-content\/uploads\/sites\/2\/2020\/06\/BikeTrekking25-262x328.png 262w, https:\/\/rntl.ch\/bike\/wp-content\/uploads\/sites\/2\/2020\/06\/BikeTrekking25-58x72.png 58w\" sizes=\"auto, (max-width: 262px) 100vw, 262px\" \/><\/div>\n\t\t\t\t\t<div class=\"wc-block-grid__product-title\">eBike &#8211; Trekking 25km\/h<\/div>\n\t\t\t\t<\/a>\n\t\t\t\t<div class=\"wc-block-grid__product-price price\"><span class=\"from\">Ab: <\/span><span class=\"amount\">&#067;&#072;&#070;49.00<\/span><\/div>\n\t\t\t\t\n\t\t\t\t<div class=\"wp-block-button wc-block-grid__product-add-to-cart\"><a href=\"\/bike\/wp-json\/wp\/v2\/pages\/532?add-to-cart=16324\" aria-label=\"In den Warenkorb legen: \u00abeBike - Trekking 25km\/h\u00bb\" data-quantity=\"1\" data-product_id=\"16324\" data-product_sku=\"\" data-price=\"49\" rel=\"nofollow\" class=\"wp-block-button__link  add_to_cart_button ajax_add_to_cart\">In den Warenkorb<\/a><\/div>\n\t\t\t<\/li><li class=\"wc-block-grid__product\"><span class=\"gtm4wp_productdata\" style=\"display:none; visibility:hidden;\" data-gtm4wp_product_data=\"{&quot;internal_id&quot;:16392,&quot;item_id&quot;:16392,&quot;item_name&quot;:&quot;eBike - Strasse 45km\\\/h&quot;,&quot;sku&quot;:16392,&quot;price&quot;:79,&quot;stocklevel&quot;:null,&quot;stockstatus&quot;:&quot;instock&quot;,&quot;google_business_vertical&quot;:&quot;retail&quot;,&quot;item_category&quot;:&quot;eBike&quot;,&quot;id&quot;:16392,&quot;productlink&quot;:&quot;https:\\\/\\\/rntl.ch\\\/bike\\\/product\\\/ebike-strasse-45km-h\\\/&quot;,&quot;item_list_name&quot;:&quot;General Product List&quot;,&quot;index&quot;:0,&quot;product_type&quot;:&quot;simple&quot;,&quot;item_brand&quot;:&quot;&quot;}\"><\/span>\n\t\t\t\t<a href=\"https:\/\/rntl.ch\/bike\/product\/ebike-strasse-45km-h\/\" class=\"wc-block-grid__product-link\">\n\t\t\t\t\t\n\t\t\t\t\t<div class=\"wc-block-grid__product-image\"><img loading=\"lazy\" decoding=\"async\" width=\"262\" height=\"328\" src=\"https:\/\/rntl.ch\/bike\/wp-content\/uploads\/sites\/2\/2020\/05\/BikeStrasse45-262x328.png\" class=\"attachment-woocommerce_thumbnail size-woocommerce_thumbnail\" alt=\"eBike - Strasse 45km\/h\" srcset=\"https:\/\/rntl.ch\/bike\/wp-content\/uploads\/sites\/2\/2020\/05\/BikeStrasse45-262x328.png 262w, https:\/\/rntl.ch\/bike\/wp-content\/uploads\/sites\/2\/2020\/05\/BikeStrasse45-58x72.png 58w\" sizes=\"auto, (max-width: 262px) 100vw, 262px\" \/><\/div>\n\t\t\t\t\t<div class=\"wc-block-grid__product-title\">eBike &#8211; Strasse 45km\/h<\/div>\n\t\t\t\t<\/a>\n\t\t\t\t<div class=\"wc-block-grid__product-price price\"><span class=\"from\">Ab: <\/span><span class=\"amount\">&#067;&#072;&#070;79.00<\/span><\/div>\n\t\t\t\t\n\t\t\t\t<div class=\"wp-block-button wc-block-grid__product-add-to-cart\"><a href=\"\/bike\/wp-json\/wp\/v2\/pages\/532?add-to-cart=16392\" aria-label=\"In den Warenkorb legen: \u00abeBike - Strasse 45km\/h\u00bb\" data-quantity=\"1\" data-product_id=\"16392\" data-product_sku=\"\" data-price=\"79\" rel=\"nofollow\" class=\"wp-block-button__link  add_to_cart_button ajax_add_to_cart\">In den Warenkorb<\/a><\/div>\n\t\t\t<\/li><\/ul><\/div>\n\n\n<p><\/p>\n","protected":false},"excerpt":{"rendered":"<p>Mieten statt kaufen Die E-Bike mieten werden immer beliebter bei Kunden. Das hat verschiedene Gr\u00fcnde; sei es, mehr Platz im Keller, man bekommt ein aktuelles und sicheres E-Bike oder einfach sich nach l\u00e4ngerer Pause wieder mal auf das Velo zu wagen. Velo-H\u00e4ndler m\u00f6chten jedoch die E-Bikes lieber verkaufen als vermieten, nur hat nicht jeder mehrere [&hellip;]<\/p>\n","protected":false},"author":1,"featured_media":0,"parent":0,"menu_order":0,"comment_status":"closed","ping_status":"closed","template":"template-fullwidth.php","meta":{"footnotes":""},"class_list":["post-532","page","type-page","status-publish","hentry"],"yoast_head":"<!-- This site is optimized with the Yoast SEO plugin v26.3 - https:\/\/yoast.com\/wordpress\/plugins\/seo\/ -->\n<title>Saisonmiete - RNTL Bike<\/title>\n<meta name=\"robots\" content=\"index, follow, max-snippet:-1, max-image-preview:large, max-video-preview:-1\" \/>\n<link rel=\"canonical\" href=\"https:\/\/rntl.ch\/bike\/bike-saisonmiete\/\" \/>\n<meta property=\"og:locale\" content=\"de_DE\" \/>\n<meta property=\"og:type\" content=\"article\" \/>\n<meta property=\"og:title\" content=\"Saisonmiete - RNTL Bike\" \/>\n<meta property=\"og:description\" content=\"Mieten statt kaufen Die E-Bike mieten werden immer beliebter bei Kunden. Das hat verschiedene Gr\u00fcnde; sei es, mehr Platz im Keller, man bekommt ein aktuelles und sicheres E-Bike oder einfach sich nach l\u00e4ngerer Pause wieder mal auf das Velo zu wagen. Velo-H\u00e4ndler m\u00f6chten jedoch die E-Bikes lieber verkaufen als vermieten, nur hat nicht jeder mehrere [&hellip;]\" \/>\n<meta property=\"og:url\" content=\"https:\/\/rntl.ch\/bike\/bike-saisonmiete\/\" \/>\n<meta property=\"og:site_name\" content=\"RNTL Bike\" \/>\n<meta property=\"article:modified_time\" content=\"2021-03-02T15:11:39+00:00\" \/>\n<meta name=\"twitter:card\" content=\"summary_large_image\" \/>\n<script type=\"application\/ld+json\" class=\"yoast-schema-graph\">{\"@context\":\"https:\/\/schema.org\",\"@graph\":[{\"@type\":\"WebPage\",\"@id\":\"https:\/\/rntl.ch\/bike\/bike-saisonmiete\/\",\"url\":\"https:\/\/rntl.ch\/bike\/bike-saisonmiete\/\",\"name\":\"Saisonmiete - RNTL Bike\",\"isPartOf\":{\"@id\":\"https:\/\/rntl.ch\/bike\/#website\"},\"datePublished\":\"2019-10-11T12:01:54+00:00\",\"dateModified\":\"2021-03-02T15:11:39+00:00\",\"breadcrumb\":{\"@id\":\"https:\/\/rntl.ch\/bike\/bike-saisonmiete\/#breadcrumb\"},\"inLanguage\":\"de-CH\",\"potentialAction\":[{\"@type\":\"ReadAction\",\"target\":[\"https:\/\/rntl.ch\/bike\/bike-saisonmiete\/\"]}]},{\"@type\":\"BreadcrumbList\",\"@id\":\"https:\/\/rntl.ch\/bike\/bike-saisonmiete\/#breadcrumb\",\"itemListElement\":[{\"@type\":\"ListItem\",\"position\":1,\"name\":\"Startseite\",\"item\":\"https:\/\/rntl.ch\/bike\/\"},{\"@type\":\"ListItem\",\"position\":2,\"name\":\"Saisonmiete\"}]},{\"@type\":\"WebSite\",\"@id\":\"https:\/\/rntl.ch\/bike\/#website\",\"url\":\"https:\/\/rntl.ch\/bike\/\",\"name\":\"RNTL Bike\",\"description\":\"Mieten Einfach Anders\",\"publisher\":{\"@id\":\"https:\/\/rntl.ch\/bike\/#organization\"},\"potentialAction\":[{\"@type\":\"SearchAction\",\"target\":{\"@type\":\"EntryPoint\",\"urlTemplate\":\"https:\/\/rntl.ch\/bike\/?s={search_term_string}\"},\"query-input\":{\"@type\":\"PropertyValueSpecification\",\"valueRequired\":true,\"valueName\":\"search_term_string\"}}],\"inLanguage\":\"de-CH\"},{\"@type\":\"Organization\",\"@id\":\"https:\/\/rntl.ch\/bike\/#organization\",\"name\":\"RNTL Bike\",\"url\":\"https:\/\/rntl.ch\/bike\/\",\"logo\":{\"@type\":\"ImageObject\",\"inLanguage\":\"de-CH\",\"@id\":\"https:\/\/rntl.ch\/bike\/#\/schema\/logo\/image\/\",\"url\":\"https:\/\/rntl.ch\/bike\/wp-content\/uploads\/sites\/2\/2020\/11\/cropped-rntl_logo_white_530x150.png\",\"contentUrl\":\"https:\/\/rntl.ch\/bike\/wp-content\/uploads\/sites\/2\/2020\/11\/cropped-rntl_logo_white_530x150.png\",\"width\":530,\"height\":150,\"caption\":\"RNTL Bike\"},\"image\":{\"@id\":\"https:\/\/rntl.ch\/bike\/#\/schema\/logo\/image\/\"}}]}<\/script>\n<!-- \/ Yoast SEO plugin. -->","yoast_head_json":{"title":"Saisonmiete - RNTL Bike","robots":{"index":"index","follow":"follow","max-snippet":"max-snippet:-1","max-image-preview":"max-image-preview:large","max-video-preview":"max-video-preview:-1"},"canonical":"https:\/\/rntl.ch\/bike\/bike-saisonmiete\/","og_locale":"de_DE","og_type":"article","og_title":"Saisonmiete - RNTL Bike","og_description":"Mieten statt kaufen Die E-Bike mieten werden immer beliebter bei Kunden. Das hat verschiedene Gr\u00fcnde; sei es, mehr Platz im Keller, man bekommt ein aktuelles und sicheres E-Bike oder einfach sich nach l\u00e4ngerer Pause wieder mal auf das Velo zu wagen. Velo-H\u00e4ndler m\u00f6chten jedoch die E-Bikes lieber verkaufen als vermieten, nur hat nicht jeder mehrere [&hellip;]","og_url":"https:\/\/rntl.ch\/bike\/bike-saisonmiete\/","og_site_name":"RNTL Bike","article_modified_time":"2021-03-02T15:11:39+00:00","twitter_card":"summary_large_image","schema":{"@context":"https:\/\/schema.org","@graph":[{"@type":"WebPage","@id":"https:\/\/rntl.ch\/bike\/bike-saisonmiete\/","url":"https:\/\/rntl.ch\/bike\/bike-saisonmiete\/","name":"Saisonmiete - RNTL Bike","isPartOf":{"@id":"https:\/\/rntl.ch\/bike\/#website"},"datePublished":"2019-10-11T12:01:54+00:00","dateModified":"2021-03-02T15:11:39+00:00","breadcrumb":{"@id":"https:\/\/rntl.ch\/bike\/bike-saisonmiete\/#breadcrumb"},"inLanguage":"de-CH","potentialAction":[{"@type":"ReadAction","target":["https:\/\/rntl.ch\/bike\/bike-saisonmiete\/"]}]},{"@type":"BreadcrumbList","@id":"https:\/\/rntl.ch\/bike\/bike-saisonmiete\/#breadcrumb","itemListElement":[{"@type":"ListItem","position":1,"name":"Startseite","item":"https:\/\/rntl.ch\/bike\/"},{"@type":"ListItem","position":2,"name":"Saisonmiete"}]},{"@type":"WebSite","@id":"https:\/\/rntl.ch\/bike\/#website","url":"https:\/\/rntl.ch\/bike\/","name":"RNTL Bike","description":"Mieten Einfach Anders","publisher":{"@id":"https:\/\/rntl.ch\/bike\/#organization"},"potentialAction":[{"@type":"SearchAction","target":{"@type":"EntryPoint","urlTemplate":"https:\/\/rntl.ch\/bike\/?s={search_term_string}"},"query-input":{"@type":"PropertyValueSpecification","valueRequired":true,"valueName":"search_term_string"}}],"inLanguage":"de-CH"},{"@type":"Organization","@id":"https:\/\/rntl.ch\/bike\/#organization","name":"RNTL Bike","url":"https:\/\/rntl.ch\/bike\/","logo":{"@type":"ImageObject","inLanguage":"de-CH","@id":"https:\/\/rntl.ch\/bike\/#\/schema\/logo\/image\/","url":"https:\/\/rntl.ch\/bike\/wp-content\/uploads\/sites\/2\/2020\/11\/cropped-rntl_logo_white_530x150.png","contentUrl":"https:\/\/rntl.ch\/bike\/wp-content\/uploads\/sites\/2\/2020\/11\/cropped-rntl_logo_white_530x150.png","width":530,"height":150,"caption":"RNTL Bike"},"image":{"@id":"https:\/\/rntl.ch\/bike\/#\/schema\/logo\/image\/"}}]}},"_links":{"self":[{"href":"https:\/\/rntl.ch\/bike\/wp-json\/wp\/v2\/pages\/532","targetHints":{"allow":["GET"]}}],"collection":[{"href":"https:\/\/rntl.ch\/bike\/wp-json\/wp\/v2\/pages"}],"about":[{"href":"https:\/\/rntl.ch\/bike\/wp-json\/wp\/v2\/types\/page"}],"author":[{"embeddable":true,"href":"https:\/\/rntl.ch\/bike\/wp-json\/wp\/v2\/users\/1"}],"replies":[{"embeddable":true,"href":"https:\/\/rntl.ch\/bike\/wp-json\/wp\/v2\/comments?post=532"}],"version-history":[{"count":10,"href":"https:\/\/rntl.ch\/bike\/wp-json\/wp\/v2\/pages\/532\/revisions"}],"predecessor-version":[{"id":18910,"href":"https:\/\/rntl.ch\/bike\/wp-json\/wp\/v2\/pages\/532\/revisions\/18910"}],"wp:attachment":[{"href":"https:\/\/rntl.ch\/bike\/wp-json\/wp\/v2\/media?parent=532"}],"curies":[{"name":"wp","href":"https:\/\/api.w.org\/{rel}","templated":true}]}}