{"id":16392,"date":"2020-05-29T11:11:38","date_gmt":"2020-05-29T09:11:38","guid":{"rendered":"https:\/\/rntl.ch\/bike\/?post_type=product&#038;p=16392"},"modified":"2024-06-13T09:47:21","modified_gmt":"2024-06-13T07:47:21","slug":"ebike-strasse-45km-h","status":"publish","type":"product","link":"https:\/\/rntl.ch\/bike\/product\/ebike-strasse-45km-h\/","title":{"rendered":"eBike &#8211; Strasse 45km\/h"},"content":{"rendered":"<p>\u00dcber 100km Reichweite, Licht, Schutzblech und Packtr\u00e4ger. Perfekt f\u00fcr Pendler. Achtung Helmpflicht!<\/p>\n","protected":false},"excerpt":{"rendered":"<p><span style=\"font-weight: 400\">Der Autoersatz. Smarte Pendler mieten heute ein E-Bike.\u00a0 Mit den 45km\/h E-Bikes d\u00fcrfen keine Waldwege befahren werden.\u00a0<\/span><\/p>\n","protected":false},"featured_media":16399,"template":"","meta":[],"product_brand":[],"product_cat":[45],"product_tag":[],"class_list":{"0":"post-16392","1":"product","2":"type-product","3":"status-publish","4":"has-post-thumbnail","6":"product_cat-ebike","7":"tm-has-options","9":"first","10":"instock","11":"sold-individually","12":"taxable","13":"shipping-taxable","14":"purchasable","15":"product-type-simple"},"yoast_head":"<!-- This site is optimized with the Yoast SEO plugin v26.3 - https:\/\/yoast.com\/wordpress\/plugins\/seo\/ -->\n<title>eBike - Strasse 45km\/h - RNTL Bike<\/title>\n<meta name=\"robots\" content=\"index, follow, max-snippet:-1, max-image-preview:large, max-video-preview:-1\" \/>\n<link rel=\"canonical\" href=\"https:\/\/rntl.ch\/bike\/product\/ebike-strasse-45km-h\/\" \/>\n<meta property=\"og:locale\" content=\"de_DE\" \/>\n<meta property=\"og:type\" content=\"article\" \/>\n<meta property=\"og:title\" content=\"eBike - Strasse 45km\/h - RNTL Bike\" \/>\n<meta property=\"og:description\" content=\"Der Autoersatz. Smarte Pendler mieten heute ein E-Bike.\u00a0 Mit den 45km\/h E-Bikes d\u00fcrfen keine Waldwege befahren werden.\u00a0\" \/>\n<meta property=\"og:url\" content=\"https:\/\/rntl.ch\/bike\/product\/ebike-strasse-45km-h\/\" \/>\n<meta property=\"og:site_name\" content=\"RNTL Bike\" \/>\n<meta property=\"article:modified_time\" content=\"2024-06-13T07:47:21+00:00\" \/>\n<meta property=\"og:image\" content=\"https:\/\/rntl.ch\/bike\/wp-content\/uploads\/sites\/2\/2020\/05\/BikeStrasse45.png\" \/>\n\t<meta property=\"og:image:width\" content=\"1500\" \/>\n\t<meta property=\"og:image:height\" content=\"1500\" \/>\n\t<meta property=\"og:image:type\" content=\"image\/png\" \/>\n<meta name=\"twitter:card\" content=\"summary_large_image\" \/>\n<script type=\"application\/ld+json\" class=\"yoast-schema-graph\">{\"@context\":\"https:\/\/schema.org\",\"@graph\":[{\"@type\":\"WebPage\",\"@id\":\"https:\/\/rntl.ch\/bike\/product\/ebike-strasse-45km-h\/\",\"url\":\"https:\/\/rntl.ch\/bike\/product\/ebike-strasse-45km-h\/\",\"name\":\"eBike - Strasse 45km\/h - RNTL Bike\",\"isPartOf\":{\"@id\":\"https:\/\/rntl.ch\/bike\/#website\"},\"primaryImageOfPage\":{\"@id\":\"https:\/\/rntl.ch\/bike\/product\/ebike-strasse-45km-h\/#primaryimage\"},\"image\":{\"@id\":\"https:\/\/rntl.ch\/bike\/product\/ebike-strasse-45km-h\/#primaryimage\"},\"thumbnailUrl\":\"https:\/\/rntl.ch\/bike\/wp-content\/uploads\/sites\/2\/2020\/05\/BikeStrasse45.png\",\"datePublished\":\"2020-05-29T09:11:38+00:00\",\"dateModified\":\"2024-06-13T07:47:21+00:00\",\"breadcrumb\":{\"@id\":\"https:\/\/rntl.ch\/bike\/product\/ebike-strasse-45km-h\/#breadcrumb\"},\"inLanguage\":\"de-CH\",\"potentialAction\":[{\"@type\":\"ReadAction\",\"target\":[\"https:\/\/rntl.ch\/bike\/product\/ebike-strasse-45km-h\/\"]}]},{\"@type\":\"ImageObject\",\"inLanguage\":\"de-CH\",\"@id\":\"https:\/\/rntl.ch\/bike\/product\/ebike-strasse-45km-h\/#primaryimage\",\"url\":\"https:\/\/rntl.ch\/bike\/wp-content\/uploads\/sites\/2\/2020\/05\/BikeStrasse45.png\",\"contentUrl\":\"https:\/\/rntl.ch\/bike\/wp-content\/uploads\/sites\/2\/2020\/05\/BikeStrasse45.png\",\"width\":1500,\"height\":1500},{\"@type\":\"BreadcrumbList\",\"@id\":\"https:\/\/rntl.ch\/bike\/product\/ebike-strasse-45km-h\/#breadcrumb\",\"itemListElement\":[{\"@type\":\"ListItem\",\"position\":1,\"name\":\"Startseite\",\"item\":\"https:\/\/rntl.ch\/bike\/\"},{\"@type\":\"ListItem\",\"position\":2,\"name\":\"Shop\",\"item\":\"https:\/\/rntl.ch\/bike\/shop\/\"},{\"@type\":\"ListItem\",\"position\":3,\"name\":\"eBike &#8211; Strasse 45km\/h\"}]},{\"@type\":\"WebSite\",\"@id\":\"https:\/\/rntl.ch\/bike\/#website\",\"url\":\"https:\/\/rntl.ch\/bike\/\",\"name\":\"RNTL Bike\",\"description\":\"Mieten Einfach Anders\",\"publisher\":{\"@id\":\"https:\/\/rntl.ch\/bike\/#organization\"},\"potentialAction\":[{\"@type\":\"SearchAction\",\"target\":{\"@type\":\"EntryPoint\",\"urlTemplate\":\"https:\/\/rntl.ch\/bike\/?s={search_term_string}\"},\"query-input\":{\"@type\":\"PropertyValueSpecification\",\"valueRequired\":true,\"valueName\":\"search_term_string\"}}],\"inLanguage\":\"de-CH\"},{\"@type\":\"Organization\",\"@id\":\"https:\/\/rntl.ch\/bike\/#organization\",\"name\":\"RNTL Bike\",\"url\":\"https:\/\/rntl.ch\/bike\/\",\"logo\":{\"@type\":\"ImageObject\",\"inLanguage\":\"de-CH\",\"@id\":\"https:\/\/rntl.ch\/bike\/#\/schema\/logo\/image\/\",\"url\":\"https:\/\/rntl.ch\/bike\/wp-content\/uploads\/sites\/2\/2020\/11\/cropped-rntl_logo_white_530x150.png\",\"contentUrl\":\"https:\/\/rntl.ch\/bike\/wp-content\/uploads\/sites\/2\/2020\/11\/cropped-rntl_logo_white_530x150.png\",\"width\":530,\"height\":150,\"caption\":\"RNTL Bike\"},\"image\":{\"@id\":\"https:\/\/rntl.ch\/bike\/#\/schema\/logo\/image\/\"}}]}<\/script>\n<!-- \/ Yoast SEO plugin. -->","yoast_head_json":{"title":"eBike - Strasse 45km\/h - RNTL Bike","robots":{"index":"index","follow":"follow","max-snippet":"max-snippet:-1","max-image-preview":"max-image-preview:large","max-video-preview":"max-video-preview:-1"},"canonical":"https:\/\/rntl.ch\/bike\/product\/ebike-strasse-45km-h\/","og_locale":"de_DE","og_type":"article","og_title":"eBike - Strasse 45km\/h - RNTL Bike","og_description":"Der Autoersatz. Smarte Pendler mieten heute ein E-Bike.\u00a0 Mit den 45km\/h E-Bikes d\u00fcrfen keine Waldwege befahren werden.\u00a0","og_url":"https:\/\/rntl.ch\/bike\/product\/ebike-strasse-45km-h\/","og_site_name":"RNTL Bike","article_modified_time":"2024-06-13T07:47:21+00:00","og_image":[{"width":1500,"height":1500,"url":"https:\/\/rntl.ch\/bike\/wp-content\/uploads\/sites\/2\/2020\/05\/BikeStrasse45.png","type":"image\/png"}],"twitter_card":"summary_large_image","schema":{"@context":"https:\/\/schema.org","@graph":[{"@type":"WebPage","@id":"https:\/\/rntl.ch\/bike\/product\/ebike-strasse-45km-h\/","url":"https:\/\/rntl.ch\/bike\/product\/ebike-strasse-45km-h\/","name":"eBike - Strasse 45km\/h - RNTL Bike","isPartOf":{"@id":"https:\/\/rntl.ch\/bike\/#website"},"primaryImageOfPage":{"@id":"https:\/\/rntl.ch\/bike\/product\/ebike-strasse-45km-h\/#primaryimage"},"image":{"@id":"https:\/\/rntl.ch\/bike\/product\/ebike-strasse-45km-h\/#primaryimage"},"thumbnailUrl":"https:\/\/rntl.ch\/bike\/wp-content\/uploads\/sites\/2\/2020\/05\/BikeStrasse45.png","datePublished":"2020-05-29T09:11:38+00:00","dateModified":"2024-06-13T07:47:21+00:00","breadcrumb":{"@id":"https:\/\/rntl.ch\/bike\/product\/ebike-strasse-45km-h\/#breadcrumb"},"inLanguage":"de-CH","potentialAction":[{"@type":"ReadAction","target":["https:\/\/rntl.ch\/bike\/product\/ebike-strasse-45km-h\/"]}]},{"@type":"ImageObject","inLanguage":"de-CH","@id":"https:\/\/rntl.ch\/bike\/product\/ebike-strasse-45km-h\/#primaryimage","url":"https:\/\/rntl.ch\/bike\/wp-content\/uploads\/sites\/2\/2020\/05\/BikeStrasse45.png","contentUrl":"https:\/\/rntl.ch\/bike\/wp-content\/uploads\/sites\/2\/2020\/05\/BikeStrasse45.png","width":1500,"height":1500},{"@type":"BreadcrumbList","@id":"https:\/\/rntl.ch\/bike\/product\/ebike-strasse-45km-h\/#breadcrumb","itemListElement":[{"@type":"ListItem","position":1,"name":"Startseite","item":"https:\/\/rntl.ch\/bike\/"},{"@type":"ListItem","position":2,"name":"Shop","item":"https:\/\/rntl.ch\/bike\/shop\/"},{"@type":"ListItem","position":3,"name":"eBike &#8211; Strasse 45km\/h"}]},{"@type":"WebSite","@id":"https:\/\/rntl.ch\/bike\/#website","url":"https:\/\/rntl.ch\/bike\/","name":"RNTL Bike","description":"Mieten Einfach Anders","publisher":{"@id":"https:\/\/rntl.ch\/bike\/#organization"},"potentialAction":[{"@type":"SearchAction","target":{"@type":"EntryPoint","urlTemplate":"https:\/\/rntl.ch\/bike\/?s={search_term_string}"},"query-input":{"@type":"PropertyValueSpecification","valueRequired":true,"valueName":"search_term_string"}}],"inLanguage":"de-CH"},{"@type":"Organization","@id":"https:\/\/rntl.ch\/bike\/#organization","name":"RNTL Bike","url":"https:\/\/rntl.ch\/bike\/","logo":{"@type":"ImageObject","inLanguage":"de-CH","@id":"https:\/\/rntl.ch\/bike\/#\/schema\/logo\/image\/","url":"https:\/\/rntl.ch\/bike\/wp-content\/uploads\/sites\/2\/2020\/11\/cropped-rntl_logo_white_530x150.png","contentUrl":"https:\/\/rntl.ch\/bike\/wp-content\/uploads\/sites\/2\/2020\/11\/cropped-rntl_logo_white_530x150.png","width":530,"height":150,"caption":"RNTL Bike"},"image":{"@id":"https:\/\/rntl.ch\/bike\/#\/schema\/logo\/image\/"}}]}},"_links":{"self":[{"href":"https:\/\/rntl.ch\/bike\/wp-json\/wp\/v2\/product\/16392","targetHints":{"allow":["GET"]}}],"collection":[{"href":"https:\/\/rntl.ch\/bike\/wp-json\/wp\/v2\/product"}],"about":[{"href":"https:\/\/rntl.ch\/bike\/wp-json\/wp\/v2\/types\/product"}],"wp:featuredmedia":[{"embeddable":true,"href":"https:\/\/rntl.ch\/bike\/wp-json\/wp\/v2\/media\/16399"}],"wp:attachment":[{"href":"https:\/\/rntl.ch\/bike\/wp-json\/wp\/v2\/media?parent=16392"}],"wp:term":[{"taxonomy":"product_brand","embeddable":true,"href":"https:\/\/rntl.ch\/bike\/wp-json\/wp\/v2\/product_brand?post=16392"},{"taxonomy":"product_cat","embeddable":true,"href":"https:\/\/rntl.ch\/bike\/wp-json\/wp\/v2\/product_cat?post=16392"},{"taxonomy":"product_tag","embeddable":true,"href":"https:\/\/rntl.ch\/bike\/wp-json\/wp\/v2\/product_tag?post=16392"}],"curies":[{"name":"wp","href":"https:\/\/api.w.org\/{rel}","templated":true}]}}

<p>Über 100km Reichweite, Licht, Schutzblech und Packträger. Perfekt für Pendler. Achtung Helmpflicht!</p>

<p><span style="font-weight: 400">Der Autoersatz. Smarte Pendler mieten heute ein E-Bike.  Mit den 45km/h E-Bikes dürfen keine Waldwege befahren werden. </span></p>

<!-- This site is optimized with the Yoast SEO plugin v26.3 - https://yoast.com/wordpress/plugins/seo/ -->
<title>eBike - Strasse 45km/h - RNTL Bike</title>
<meta name="robots" content="index, follow, max-snippet:-1, max-image-preview:large, max-video-preview:-1" />
<link rel="canonical" href="https://rntl.ch/bike/product/ebike-strasse-45km-h/" />
<meta property="og:locale" content="de_DE" />
<meta property="og:type" content="article" />
<meta property="og:title" content="eBike - Strasse 45km/h - RNTL Bike" />
<meta property="og:description" content="Der Autoersatz. Smarte Pendler mieten heute ein E-Bike.  Mit den 45km/h E-Bikes dürfen keine Waldwege befahren werden. " />
<meta property="og:url" content="https://rntl.ch/bike/product/ebike-strasse-45km-h/" />
<meta property="og:site_name" content="RNTL Bike" />
<meta property="article:modified_time" content="2024-06-13T07:47:21+00:00" />
<meta property="og:image" content="https://rntl.ch/bike/wp-content/uploads/sites/2/2020/05/BikeStrasse45.png" />
	<meta property="og:image:width" content="1500" />
	<meta property="og:image:height" content="1500" />
	<meta property="og:image:type" content="image/png" />
<meta name="twitter:card" content="summary_large_image" />
<script type="application/ld+json" class="yoast-schema-graph">{"@context":"https://schema.org","@graph":[{"@type":"WebPage","@id":"https://rntl.ch/bike/product/ebike-strasse-45km-h/","url":"https://rntl.ch/bike/product/ebike-strasse-45km-h/","name":"eBike - Strasse 45km/h - RNTL Bike","isPartOf":{"@id":"https://rntl.ch/bike/#website"},"primaryImageOfPage":{"@id":"https://rntl.ch/bike/product/ebike-strasse-45km-h/#primaryimage"},"image":{"@id":"https://rntl.ch/bike/product/ebike-strasse-45km-h/#primaryimage"},"thumbnailUrl":"https://rntl.ch/bike/wp-content/uploads/sites/2/2020/05/BikeStrasse45.png","datePublished":"2020-05-29T09:11:38+00:00","dateModified":"2024-06-13T07:47:21+00:00","breadcrumb":{"@id":"https://rntl.ch/bike/product/ebike-strasse-45km-h/#breadcrumb"},"inLanguage":"de-CH","potentialAction":[{"@type":"ReadAction","target":["https://rntl.ch/bike/product/ebike-strasse-45km-h/"]}]},{"@type":"ImageObject","inLanguage":"de-CH","@id":"https://rntl.ch/bike/product/ebike-strasse-45km-h/#primaryimage","url":"https://rntl.ch/bike/wp-content/uploads/sites/2/2020/05/BikeStrasse45.png","contentUrl":"https://rntl.ch/bike/wp-content/uploads/sites/2/2020/05/BikeStrasse45.png","width":1500,"height":1500},{"@type":"BreadcrumbList","@id":"https://rntl.ch/bike/product/ebike-strasse-45km-h/#breadcrumb","itemListElement":[{"@type":"ListItem","position":1,"name":"Startseite","item":"https://rntl.ch/bike/"},{"@type":"ListItem","position":2,"name":"Shop","item":"https://rntl.ch/bike/shop/"},{"@type":"ListItem","position":3,"name":"eBike &#8211; Strasse 45km/h"}]},{"@type":"WebSite","@id":"https://rntl.ch/bike/#website","url":"https://rntl.ch/bike/","name":"RNTL Bike","description":"Mieten Einfach Anders","publisher":{"@id":"https://rntl.ch/bike/#organization"},"potentialAction":[{"@type":"SearchAction","target":{"@type":"EntryPoint","urlTemplate":"https://rntl.ch/bike/?s={search_term_string}"},"query-input":{"@type":"PropertyValueSpecification","valueRequired":true,"valueName":"search_term_string"}}],"inLanguage":"de-CH"},{"@type":"Organization","@id":"https://rntl.ch/bike/#organization","name":"RNTL Bike","url":"https://rntl.ch/bike/","logo":{"@type":"ImageObject","inLanguage":"de-CH","@id":"https://rntl.ch/bike/#/schema/logo/image/","url":"https://rntl.ch/bike/wp-content/uploads/sites/2/2020/11/cropped-rntl_logo_white_530x150.png","contentUrl":"https://rntl.ch/bike/wp-content/uploads/sites/2/2020/11/cropped-rntl_logo_white_530x150.png","width":530,"height":150,"caption":"RNTL Bike"},"image":{"@id":"https://rntl.ch/bike/#/schema/logo/image/"}}]}</script>
<!-- / Yoast SEO plugin. -->

Der Autoersatz. Smarte Pendler mieten heute ein E-Bike.  Mit den 45km/h E-Bikes dürfen keine Waldwege befahren werden.
