{"id":18950,"date":"2023-05-25T08:38:31","date_gmt":"2023-05-25T06:38:31","guid":{"rendered":"https:\/\/rntl.ch\/bike\/?post_type=product&#038;p=18950"},"modified":"2023-05-25T08:38:31","modified_gmt":"2023-05-25T06:38:31","slug":"stromer-st1-x-comfort-17-m-sand","status":"publish","type":"product","link":"https:\/\/rntl.ch\/bike\/product\/stromer-st1-x-comfort-17-m-sand\/","title":{"rendered":"Stromer ST1-X Comfort 17&#8243; (M) Sand"},"content":{"rendered":"<p>&nbsp;<\/p>\n<p>TECHNISCHE DATEN<\/p>\n<p>Motor: Stromer CYRO Drive<\/p>\n<p>Leistung: 800W<\/p>\n<p>Derhmom: 35 Nm<\/p>\n<p>Kategorie: L1e-B bis 45 km\/h<\/p>\n<p>Akku: BQ814 48 V (Zustand: Sehr gut)<\/p>\n<p>Ladeger\u00e4t:Ja<\/p>\n<p>Ladezeit: Max. 4h<\/p>\n<p>Display: OMNI Interface C<\/p>\n<p>Konnetivit\u00e4t:3G \/ Bluetooth<\/p>\n<p>APP: OMNI<\/p>\n<p>Keyless: Nein<\/p>\n<p>Smartlock:Ja<\/p>\n<p>Reichweite:Ja<\/p>\n<p>GPSOrtunng: Ja<\/p>\n","protected":false},"excerpt":{"rendered":"<h1 class=\"field field--name-field-aos-pci01-title field--type-string field--label-hidden aospci-content--title field__item\">Der Allrounder f\u00fcr den Alltag.<\/h1>\n<div class=\"aospci-content--text\">\n<div class=\"clearfix text-formatted field field--name-field-aos-pci01-description field--type-text-long field--label-hidden field__item\">\n<p>Unser erstklassiges Einsteiger-S-Pedelec mit auffallend gutem Design, zuverl\u00e4ssiger Antriebsst\u00e4rke f\u00fcr moderne Mobilit\u00e4t und maximale Fahrfreude.<\/p>\n<p>Der ST1 weiss, wie Pendeln Spass macht.<\/p>\n<\/div>\n<p>Gr\u00f6sse: M, empfohlen f\u00fcr eine K\u00f6rpergr\u00f6sse bis 178 cm.<\/p>\n<\/div>\n","protected":false},"featured_media":18951,"template":"","meta":[],"product_brand":[],"product_cat":[15],"product_tag":[],"class_list":{"0":"post-18950","1":"product","2":"type-product","3":"status-publish","4":"has-post-thumbnail","6":"product_cat-uncategorized","7":"tm-has-options","9":"first","10":"outofstock","11":"taxable","12":"shipping-taxable","13":"purchasable","14":"product-type-simple"},"yoast_head":"<!-- This site is optimized with the Yoast SEO plugin v26.3 - https:\/\/yoast.com\/wordpress\/plugins\/seo\/ -->\n<title>Stromer ST1-X Comfort 17&quot; (M) Sand - RNTL Bike<\/title>\n<meta name=\"robots\" content=\"index, follow, max-snippet:-1, max-image-preview:large, max-video-preview:-1\" \/>\n<link rel=\"canonical\" href=\"https:\/\/rntl.ch\/bike\/product\/stromer-st1-x-comfort-17-m-sand\/\" \/>\n<meta property=\"og:locale\" content=\"de_DE\" \/>\n<meta property=\"og:type\" content=\"article\" \/>\n<meta property=\"og:title\" content=\"Stromer ST1-X Comfort 17&quot; (M) Sand - RNTL Bike\" \/>\n<meta property=\"og:description\" content=\"Der Allrounder f\u00fcr den Alltag.    Unser erstklassiges Einsteiger-S-Pedelec mit auffallend gutem Design, zuverl\u00e4ssiger Antriebsst\u00e4rke f\u00fcr moderne Mobilit\u00e4t und maximale Fahrfreude.  Der ST1 weiss, wie Pendeln Spass macht.   Gr\u00f6sse: M, empfohlen f\u00fcr eine K\u00f6rpergr\u00f6sse bis 178 cm.\" \/>\n<meta property=\"og:url\" content=\"https:\/\/rntl.ch\/bike\/product\/stromer-st1-x-comfort-17-m-sand\/\" \/>\n<meta property=\"og:site_name\" content=\"RNTL Bike\" \/>\n<meta property=\"og:image\" content=\"https:\/\/rntl.ch\/bike\/wp-content\/uploads\/sites\/2\/2021\/04\/stromer-st1-x-comfort-17-m-sand.jpeg\" \/>\n\t<meta property=\"og:image:width\" content=\"1000\" \/>\n\t<meta property=\"og:image:height\" content=\"750\" \/>\n\t<meta property=\"og:image:type\" content=\"image\/jpeg\" \/>\n<meta name=\"twitter:card\" content=\"summary_large_image\" \/>\n<script type=\"application\/ld+json\" class=\"yoast-schema-graph\">{\"@context\":\"https:\/\/schema.org\",\"@graph\":[{\"@type\":\"WebPage\",\"@id\":\"https:\/\/rntl.ch\/bike\/product\/stromer-st1-x-comfort-17-m-sand\/\",\"url\":\"https:\/\/rntl.ch\/bike\/product\/stromer-st1-x-comfort-17-m-sand\/\",\"name\":\"Stromer ST1-X Comfort 17\\\" (M) Sand - RNTL Bike\",\"isPartOf\":{\"@id\":\"https:\/\/rntl.ch\/bike\/#website\"},\"primaryImageOfPage\":{\"@id\":\"https:\/\/rntl.ch\/bike\/product\/stromer-st1-x-comfort-17-m-sand\/#primaryimage\"},\"image\":{\"@id\":\"https:\/\/rntl.ch\/bike\/product\/stromer-st1-x-comfort-17-m-sand\/#primaryimage\"},\"thumbnailUrl\":\"https:\/\/rntl.ch\/bike\/wp-content\/uploads\/sites\/2\/2021\/04\/stromer-st1-x-comfort-17-m-sand.jpeg\",\"datePublished\":\"2023-05-25T06:38:31+00:00\",\"breadcrumb\":{\"@id\":\"https:\/\/rntl.ch\/bike\/product\/stromer-st1-x-comfort-17-m-sand\/#breadcrumb\"},\"inLanguage\":\"de-CH\",\"potentialAction\":[{\"@type\":\"ReadAction\",\"target\":[\"https:\/\/rntl.ch\/bike\/product\/stromer-st1-x-comfort-17-m-sand\/\"]}]},{\"@type\":\"ImageObject\",\"inLanguage\":\"de-CH\",\"@id\":\"https:\/\/rntl.ch\/bike\/product\/stromer-st1-x-comfort-17-m-sand\/#primaryimage\",\"url\":\"https:\/\/rntl.ch\/bike\/wp-content\/uploads\/sites\/2\/2021\/04\/stromer-st1-x-comfort-17-m-sand.jpeg\",\"contentUrl\":\"https:\/\/rntl.ch\/bike\/wp-content\/uploads\/sites\/2\/2021\/04\/stromer-st1-x-comfort-17-m-sand.jpeg\",\"width\":1000,\"height\":750},{\"@type\":\"BreadcrumbList\",\"@id\":\"https:\/\/rntl.ch\/bike\/product\/stromer-st1-x-comfort-17-m-sand\/#breadcrumb\",\"itemListElement\":[{\"@type\":\"ListItem\",\"position\":1,\"name\":\"Startseite\",\"item\":\"https:\/\/rntl.ch\/bike\/\"},{\"@type\":\"ListItem\",\"position\":2,\"name\":\"Shop\",\"item\":\"https:\/\/rntl.ch\/bike\/shop\/\"},{\"@type\":\"ListItem\",\"position\":3,\"name\":\"Stromer ST1-X Comfort 17&#8243; (M) Sand\"}]},{\"@type\":\"WebSite\",\"@id\":\"https:\/\/rntl.ch\/bike\/#website\",\"url\":\"https:\/\/rntl.ch\/bike\/\",\"name\":\"RNTL Bike\",\"description\":\"Mieten Einfach Anders\",\"publisher\":{\"@id\":\"https:\/\/rntl.ch\/bike\/#organization\"},\"potentialAction\":[{\"@type\":\"SearchAction\",\"target\":{\"@type\":\"EntryPoint\",\"urlTemplate\":\"https:\/\/rntl.ch\/bike\/?s={search_term_string}\"},\"query-input\":{\"@type\":\"PropertyValueSpecification\",\"valueRequired\":true,\"valueName\":\"search_term_string\"}}],\"inLanguage\":\"de-CH\"},{\"@type\":\"Organization\",\"@id\":\"https:\/\/rntl.ch\/bike\/#organization\",\"name\":\"RNTL Bike\",\"url\":\"https:\/\/rntl.ch\/bike\/\",\"logo\":{\"@type\":\"ImageObject\",\"inLanguage\":\"de-CH\",\"@id\":\"https:\/\/rntl.ch\/bike\/#\/schema\/logo\/image\/\",\"url\":\"https:\/\/rntl.ch\/bike\/wp-content\/uploads\/sites\/2\/2020\/11\/cropped-rntl_logo_white_530x150.png\",\"contentUrl\":\"https:\/\/rntl.ch\/bike\/wp-content\/uploads\/sites\/2\/2020\/11\/cropped-rntl_logo_white_530x150.png\",\"width\":530,\"height\":150,\"caption\":\"RNTL Bike\"},\"image\":{\"@id\":\"https:\/\/rntl.ch\/bike\/#\/schema\/logo\/image\/\"}}]}<\/script>\n<!-- \/ Yoast SEO plugin. -->","yoast_head_json":{"title":"Stromer ST1-X Comfort 17\" (M) Sand - RNTL Bike","robots":{"index":"index","follow":"follow","max-snippet":"max-snippet:-1","max-image-preview":"max-image-preview:large","max-video-preview":"max-video-preview:-1"},"canonical":"https:\/\/rntl.ch\/bike\/product\/stromer-st1-x-comfort-17-m-sand\/","og_locale":"de_DE","og_type":"article","og_title":"Stromer ST1-X Comfort 17\" (M) Sand - RNTL Bike","og_description":"Der Allrounder f\u00fcr den Alltag.    Unser erstklassiges Einsteiger-S-Pedelec mit auffallend gutem Design, zuverl\u00e4ssiger Antriebsst\u00e4rke f\u00fcr moderne Mobilit\u00e4t und maximale Fahrfreude.  Der ST1 weiss, wie Pendeln Spass macht.   Gr\u00f6sse: M, empfohlen f\u00fcr eine K\u00f6rpergr\u00f6sse bis 178 cm.","og_url":"https:\/\/rntl.ch\/bike\/product\/stromer-st1-x-comfort-17-m-sand\/","og_site_name":"RNTL Bike","og_image":[{"width":1000,"height":750,"url":"https:\/\/rntl.ch\/bike\/wp-content\/uploads\/sites\/2\/2021\/04\/stromer-st1-x-comfort-17-m-sand.jpeg","type":"image\/jpeg"}],"twitter_card":"summary_large_image","schema":{"@context":"https:\/\/schema.org","@graph":[{"@type":"WebPage","@id":"https:\/\/rntl.ch\/bike\/product\/stromer-st1-x-comfort-17-m-sand\/","url":"https:\/\/rntl.ch\/bike\/product\/stromer-st1-x-comfort-17-m-sand\/","name":"Stromer ST1-X Comfort 17\" (M) Sand - RNTL Bike","isPartOf":{"@id":"https:\/\/rntl.ch\/bike\/#website"},"primaryImageOfPage":{"@id":"https:\/\/rntl.ch\/bike\/product\/stromer-st1-x-comfort-17-m-sand\/#primaryimage"},"image":{"@id":"https:\/\/rntl.ch\/bike\/product\/stromer-st1-x-comfort-17-m-sand\/#primaryimage"},"thumbnailUrl":"https:\/\/rntl.ch\/bike\/wp-content\/uploads\/sites\/2\/2021\/04\/stromer-st1-x-comfort-17-m-sand.jpeg","datePublished":"2023-05-25T06:38:31+00:00","breadcrumb":{"@id":"https:\/\/rntl.ch\/bike\/product\/stromer-st1-x-comfort-17-m-sand\/#breadcrumb"},"inLanguage":"de-CH","potentialAction":[{"@type":"ReadAction","target":["https:\/\/rntl.ch\/bike\/product\/stromer-st1-x-comfort-17-m-sand\/"]}]},{"@type":"ImageObject","inLanguage":"de-CH","@id":"https:\/\/rntl.ch\/bike\/product\/stromer-st1-x-comfort-17-m-sand\/#primaryimage","url":"https:\/\/rntl.ch\/bike\/wp-content\/uploads\/sites\/2\/2021\/04\/stromer-st1-x-comfort-17-m-sand.jpeg","contentUrl":"https:\/\/rntl.ch\/bike\/wp-content\/uploads\/sites\/2\/2021\/04\/stromer-st1-x-comfort-17-m-sand.jpeg","width":1000,"height":750},{"@type":"BreadcrumbList","@id":"https:\/\/rntl.ch\/bike\/product\/stromer-st1-x-comfort-17-m-sand\/#breadcrumb","itemListElement":[{"@type":"ListItem","position":1,"name":"Startseite","item":"https:\/\/rntl.ch\/bike\/"},{"@type":"ListItem","position":2,"name":"Shop","item":"https:\/\/rntl.ch\/bike\/shop\/"},{"@type":"ListItem","position":3,"name":"Stromer ST1-X Comfort 17&#8243; (M) Sand"}]},{"@type":"WebSite","@id":"https:\/\/rntl.ch\/bike\/#website","url":"https:\/\/rntl.ch\/bike\/","name":"RNTL Bike","description":"Mieten Einfach Anders","publisher":{"@id":"https:\/\/rntl.ch\/bike\/#organization"},"potentialAction":[{"@type":"SearchAction","target":{"@type":"EntryPoint","urlTemplate":"https:\/\/rntl.ch\/bike\/?s={search_term_string}"},"query-input":{"@type":"PropertyValueSpecification","valueRequired":true,"valueName":"search_term_string"}}],"inLanguage":"de-CH"},{"@type":"Organization","@id":"https:\/\/rntl.ch\/bike\/#organization","name":"RNTL Bike","url":"https:\/\/rntl.ch\/bike\/","logo":{"@type":"ImageObject","inLanguage":"de-CH","@id":"https:\/\/rntl.ch\/bike\/#\/schema\/logo\/image\/","url":"https:\/\/rntl.ch\/bike\/wp-content\/uploads\/sites\/2\/2020\/11\/cropped-rntl_logo_white_530x150.png","contentUrl":"https:\/\/rntl.ch\/bike\/wp-content\/uploads\/sites\/2\/2020\/11\/cropped-rntl_logo_white_530x150.png","width":530,"height":150,"caption":"RNTL Bike"},"image":{"@id":"https:\/\/rntl.ch\/bike\/#\/schema\/logo\/image\/"}}]}},"_links":{"self":[{"href":"https:\/\/rntl.ch\/bike\/wp-json\/wp\/v2\/product\/18950","targetHints":{"allow":["GET"]}}],"collection":[{"href":"https:\/\/rntl.ch\/bike\/wp-json\/wp\/v2\/product"}],"about":[{"href":"https:\/\/rntl.ch\/bike\/wp-json\/wp\/v2\/types\/product"}],"wp:featuredmedia":[{"embeddable":true,"href":"https:\/\/rntl.ch\/bike\/wp-json\/wp\/v2\/media\/18951"}],"wp:attachment":[{"href":"https:\/\/rntl.ch\/bike\/wp-json\/wp\/v2\/media?parent=18950"}],"wp:term":[{"taxonomy":"product_brand","embeddable":true,"href":"https:\/\/rntl.ch\/bike\/wp-json\/wp\/v2\/product_brand?post=18950"},{"taxonomy":"product_cat","embeddable":true,"href":"https:\/\/rntl.ch\/bike\/wp-json\/wp\/v2\/product_cat?post=18950"},{"taxonomy":"product_tag","embeddable":true,"href":"https:\/\/rntl.ch\/bike\/wp-json\/wp\/v2\/product_tag?post=18950"}],"curies":[{"name":"wp","href":"https:\/\/api.w.org\/{rel}","templated":true}]}}