{"id":14751,"date":"2021-11-09T17:24:52","date_gmt":"2021-11-09T16:24:52","guid":{"rendered":"https:\/\/rntl.ch\/fitness\/?post_type=product&#038;p=14751"},"modified":"2026-02-28T11:38:05","modified_gmt":"2026-02-28T10:38:05","slug":"bowflex-m6-max-trainer","status":"publish","type":"product","link":"https:\/\/rntl.ch\/fitness\/produkt\/bowflex-m6-max-trainer\/","title":{"rendered":"Bowflex M6 Max Trainer"},"content":{"rendered":"<p><em>Max Intelligence \u2122 -Plattform \/ APP mit k\u00fcnstlicher Intelligenz fast besser als ein Personaltrainer.\u00a0<\/em><\/p>\n<p>Vom Anf\u00e4nger bis zum Profi testet Max Ihren aktuellen Fitnessstand (Level) und passt sich mit einem personalisierten Fitness-Erlebnis an, das ein Coaching beinhaltet, von Trainern geleitete Videos, Fitness-Tracking und vieles mehr.<\/p>\n<p><strong>Weniger Zeit, maximale Ergebnisse<\/strong><\/p>\n<p>Probieren Sie das klassische 14-min\u00fctige Training aus oder lassen Sie sich von Max dynamischem Coaching verw\u00f6hnen. Egal, ob Sie 4 Minuten zum Trainieren haben oder 30, Max passt sich automatisch Ihrem pers\u00f6nlichen Fitness-Level an, damit auch die k\u00fcrzesten Trainingseinheiten z\u00e4hlen.<\/p>\n<p><strong>2 in 1<\/strong><\/p>\n<p>Max kombiniert die gelenkschonende Ganzk\u00f6rperbewegung eines Ellipsentrainers mit der Kraft eines Steppers, damit du optimal Kalorien verbrennen kannst.<\/p>\n<p><strong>Platz sparen<\/strong><\/p>\n<p>Bei einem Bruchteil der Gr\u00f6\u00dfe der meisten Ellipsentrainer und Laufb\u00e4nder ist dieses Trainingsger\u00e4t sehr platzsparend. Der Max Trainer rollt leicht in fast jede Ecke deiner Wohnung.<\/p>\n<p><strong>MASCHINENMERKMALE<\/strong><\/p>\n<ul>\n<li>Multi-Grip-Griffe<\/li>\n<li>Magnetische Medienablage<\/li>\n<li>Interaktives, blau beleuchtetes Display<\/li>\n<li>Flaschenhalter<\/li>\n<li>Sportleistungspedale<\/li>\n<li>Transportr\u00e4der<\/li>\n<\/ul>\n<p><strong>TECHNOLOGIE<\/strong><\/p>\n<ul>\n<li>Bluetooth\u00ae-Verbindung<\/li>\n<li>Kompatibel mit der Max Intelligence \u2122 App<\/li>\n<li>RunSocial\u00ae App verf\u00fcgbar<\/li>\n<li>2 Benutzerprofile<\/li>\n<li>16 Widerstandsstufen<\/li>\n<li>5 Programme<\/li>\n<li>Pulsmessung \u00fcber Handsensoren oder Brustgurt<\/li>\n<li>Add-Time-Funktion<\/li>\n<li>USB-Ladeanschluss<\/li>\n<\/ul>\n<p><strong>GER\u00c4TE SPEZIFIKATIONEN<\/strong><\/p>\n<ul>\n<li>Dimensionen: 117 x 63.5 x 160cm Mitgelieferter AC-Adapter<\/li>\n<li>Maximale H\u00f6he: Benutzer + 38cm<\/li>\n<li>Maximale Belastung: 136kg<\/li>\n<\/ul>\n","protected":false},"excerpt":{"rendered":"<p>In kurzer Zeit zum maximalen Ergebniss. Jedes Training genau angepasst auf deine Bed\u00fcrfnisse. In 14 Minute ist alles erledigt.<br \/>\n<strong>Kaufpreis [woo_custom_field id=\"rntl_retail_price_field\"].-<\/strong><\/p>\n[rntl_page_content id=\"14687\"]\n","protected":false},"featured_media":7310,"template":"","meta":{"content-type":""},"product_brand":[153],"product_cat":[23],"product_tag":[112],"class_list":{"0":"post-14751","1":"product","2":"type-product","3":"status-publish","4":"has-post-thumbnail","6":"product_brand-bowflex","7":"product_cat-crosstrainer","8":"product_tag-mieten","9":"product_shipping_class-mittel","10":"tm-no-options","12":"first","13":"onbackorder","14":"taxable","15":"shipping-taxable","16":"purchasable","17":"product-type-variable-subscription","18":"has-default-attributes"},"yoast_head":"<!-- This site is optimized with the Yoast SEO plugin v26.3 - https:\/\/yoast.com\/wordpress\/plugins\/seo\/ -->\n<title>Bowflex M6 Max Trainer - RNTL Fitness<\/title>\n<meta name=\"description\" content=\"Miete, kaufe, oder finanziere f\u00fcr das Ausdauertraining zu Hause den Bowflex M6 Max Trainer bei RNTL. In 15 Minuten Training zur Topform!\" \/>\n<meta name=\"robots\" content=\"index, follow, max-snippet:-1, max-image-preview:large, max-video-preview:-1\" \/>\n<link rel=\"canonical\" href=\"https:\/\/rntl.ch\/fitness\/produkt\/bowflex-m6-max-trainer\/\" \/>\n<meta property=\"og:locale\" content=\"de_DE\" \/>\n<meta property=\"og:type\" content=\"article\" \/>\n<meta property=\"og:title\" content=\"Bowflex M6 Max Trainer - RNTL Fitness\" \/>\n<meta property=\"og:description\" content=\"Miete, kaufe, oder finanziere f\u00fcr das Ausdauertraining zu Hause den Bowflex M6 Max Trainer bei RNTL. In 15 Minuten Training zur Topform!\" \/>\n<meta property=\"og:url\" content=\"https:\/\/rntl.ch\/fitness\/produkt\/bowflex-m6-max-trainer\/\" \/>\n<meta property=\"og:site_name\" content=\"RNTL Fitness\" \/>\n<meta property=\"article:modified_time\" content=\"2026-02-28T10:38:05+00:00\" \/>\n<meta property=\"og:image\" content=\"https:\/\/rntl.ch\/fitness\/wp-content\/uploads\/sites\/3\/2020\/04\/Bowflex_Max-Trainer_M6_Rotations_6-klein.jpeg\" \/>\n\t<meta property=\"og:image:width\" content=\"960\" \/>\n\t<meta property=\"og:image:height\" content=\"722\" \/>\n\t<meta property=\"og:image:type\" content=\"image\/jpeg\" \/>\n<meta name=\"twitter:card\" content=\"summary_large_image\" \/>\n<meta name=\"twitter:label1\" content=\"Gesch\u00e4tzte Lesezeit\" \/>\n\t<meta name=\"twitter:data1\" content=\"2\u00a0Minuten\" \/>\n<script type=\"application\/ld+json\" class=\"yoast-schema-graph\">{\"@context\":\"https:\/\/schema.org\",\"@graph\":[{\"@type\":\"WebPage\",\"@id\":\"https:\/\/rntl.ch\/fitness\/produkt\/bowflex-m6-max-trainer\/\",\"url\":\"https:\/\/rntl.ch\/fitness\/produkt\/bowflex-m6-max-trainer\/\",\"name\":\"Bowflex M6 Max Trainer - RNTL Fitness\",\"isPartOf\":{\"@id\":\"https:\/\/rntl.ch\/fitness\/#website\"},\"primaryImageOfPage\":{\"@id\":\"https:\/\/rntl.ch\/fitness\/produkt\/bowflex-m6-max-trainer\/#primaryimage\"},\"image\":{\"@id\":\"https:\/\/rntl.ch\/fitness\/produkt\/bowflex-m6-max-trainer\/#primaryimage\"},\"thumbnailUrl\":\"https:\/\/rntl.ch\/fitness\/wp-content\/uploads\/sites\/3\/2020\/04\/Bowflex_Max-Trainer_M6_Rotations_6-klein.jpeg\",\"datePublished\":\"2021-11-09T16:24:52+00:00\",\"dateModified\":\"2026-02-28T10:38:05+00:00\",\"description\":\"Miete, kaufe, oder finanziere f\u00fcr das Ausdauertraining zu Hause den Bowflex M6 Max Trainer bei RNTL. In 15 Minuten Training zur Topform!\",\"breadcrumb\":{\"@id\":\"https:\/\/rntl.ch\/fitness\/produkt\/bowflex-m6-max-trainer\/#breadcrumb\"},\"inLanguage\":\"de\",\"potentialAction\":[{\"@type\":\"ReadAction\",\"target\":[\"https:\/\/rntl.ch\/fitness\/produkt\/bowflex-m6-max-trainer\/\"]}]},{\"@type\":\"ImageObject\",\"inLanguage\":\"de\",\"@id\":\"https:\/\/rntl.ch\/fitness\/produkt\/bowflex-m6-max-trainer\/#primaryimage\",\"url\":\"https:\/\/rntl.ch\/fitness\/wp-content\/uploads\/sites\/3\/2020\/04\/Bowflex_Max-Trainer_M6_Rotations_6-klein.jpeg\",\"contentUrl\":\"https:\/\/rntl.ch\/fitness\/wp-content\/uploads\/sites\/3\/2020\/04\/Bowflex_Max-Trainer_M6_Rotations_6-klein.jpeg\",\"width\":960,\"height\":722},{\"@type\":\"BreadcrumbList\",\"@id\":\"https:\/\/rntl.ch\/fitness\/produkt\/bowflex-m6-max-trainer\/#breadcrumb\",\"itemListElement\":[{\"@type\":\"ListItem\",\"position\":1,\"name\":\"Startseite\",\"item\":\"https:\/\/rntl.ch\/fitness\/\"},{\"@type\":\"ListItem\",\"position\":2,\"name\":\"Shop\",\"item\":\"https:\/\/rntl.ch\/fitness\/shop\/\"},{\"@type\":\"ListItem\",\"position\":3,\"name\":\"Bowflex M6 Max Trainer\"}]},{\"@type\":\"WebSite\",\"@id\":\"https:\/\/rntl.ch\/fitness\/#website\",\"url\":\"https:\/\/rntl.ch\/fitness\/\",\"name\":\"RNTL Fitness\",\"description\":\"Mieten Einfach Anders\",\"publisher\":{\"@id\":\"https:\/\/rntl.ch\/fitness\/#organization\"},\"potentialAction\":[{\"@type\":\"SearchAction\",\"target\":{\"@type\":\"EntryPoint\",\"urlTemplate\":\"https:\/\/rntl.ch\/fitness\/?s={search_term_string}\"},\"query-input\":{\"@type\":\"PropertyValueSpecification\",\"valueRequired\":true,\"valueName\":\"search_term_string\"}}],\"inLanguage\":\"de\"},{\"@type\":\"Organization\",\"@id\":\"https:\/\/rntl.ch\/fitness\/#organization\",\"name\":\"RNTL Fitness\",\"url\":\"https:\/\/rntl.ch\/fitness\/\",\"logo\":{\"@type\":\"ImageObject\",\"inLanguage\":\"de\",\"@id\":\"https:\/\/rntl.ch\/fitness\/#\/schema\/logo\/image\/\",\"url\":\"https:\/\/rntl.ch\/fitness\/wp-content\/uploads\/sites\/3\/2020\/11\/cropped-rntl_logo_white_530x150.png\",\"contentUrl\":\"https:\/\/rntl.ch\/fitness\/wp-content\/uploads\/sites\/3\/2020\/11\/cropped-rntl_logo_white_530x150.png\",\"width\":530,\"height\":150,\"caption\":\"RNTL Fitness\"},\"image\":{\"@id\":\"https:\/\/rntl.ch\/fitness\/#\/schema\/logo\/image\/\"}}]}<\/script>\n<!-- \/ Yoast SEO plugin. -->","yoast_head_json":{"title":"Bowflex M6 Max Trainer - RNTL Fitness","description":"Miete, kaufe, oder finanziere f\u00fcr das Ausdauertraining zu Hause den Bowflex M6 Max Trainer bei RNTL. In 15 Minuten Training zur Topform!","robots":{"index":"index","follow":"follow","max-snippet":"max-snippet:-1","max-image-preview":"max-image-preview:large","max-video-preview":"max-video-preview:-1"},"canonical":"https:\/\/rntl.ch\/fitness\/produkt\/bowflex-m6-max-trainer\/","og_locale":"de_DE","og_type":"article","og_title":"Bowflex M6 Max Trainer - RNTL Fitness","og_description":"Miete, kaufe, oder finanziere f\u00fcr das Ausdauertraining zu Hause den Bowflex M6 Max Trainer bei RNTL. In 15 Minuten Training zur Topform!","og_url":"https:\/\/rntl.ch\/fitness\/produkt\/bowflex-m6-max-trainer\/","og_site_name":"RNTL Fitness","article_modified_time":"2026-02-28T10:38:05+00:00","og_image":[{"width":960,"height":722,"url":"https:\/\/rntl.ch\/fitness\/wp-content\/uploads\/sites\/3\/2020\/04\/Bowflex_Max-Trainer_M6_Rotations_6-klein.jpeg","type":"image\/jpeg"}],"twitter_card":"summary_large_image","twitter_misc":{"Gesch\u00e4tzte Lesezeit":"2\u00a0Minuten"},"schema":{"@context":"https:\/\/schema.org","@graph":[{"@type":"WebPage","@id":"https:\/\/rntl.ch\/fitness\/produkt\/bowflex-m6-max-trainer\/","url":"https:\/\/rntl.ch\/fitness\/produkt\/bowflex-m6-max-trainer\/","name":"Bowflex M6 Max Trainer - RNTL Fitness","isPartOf":{"@id":"https:\/\/rntl.ch\/fitness\/#website"},"primaryImageOfPage":{"@id":"https:\/\/rntl.ch\/fitness\/produkt\/bowflex-m6-max-trainer\/#primaryimage"},"image":{"@id":"https:\/\/rntl.ch\/fitness\/produkt\/bowflex-m6-max-trainer\/#primaryimage"},"thumbnailUrl":"https:\/\/rntl.ch\/fitness\/wp-content\/uploads\/sites\/3\/2020\/04\/Bowflex_Max-Trainer_M6_Rotations_6-klein.jpeg","datePublished":"2021-11-09T16:24:52+00:00","dateModified":"2026-02-28T10:38:05+00:00","description":"Miete, kaufe, oder finanziere f\u00fcr das Ausdauertraining zu Hause den Bowflex M6 Max Trainer bei RNTL. In 15 Minuten Training zur Topform!","breadcrumb":{"@id":"https:\/\/rntl.ch\/fitness\/produkt\/bowflex-m6-max-trainer\/#breadcrumb"},"inLanguage":"de","potentialAction":[{"@type":"ReadAction","target":["https:\/\/rntl.ch\/fitness\/produkt\/bowflex-m6-max-trainer\/"]}]},{"@type":"ImageObject","inLanguage":"de","@id":"https:\/\/rntl.ch\/fitness\/produkt\/bowflex-m6-max-trainer\/#primaryimage","url":"https:\/\/rntl.ch\/fitness\/wp-content\/uploads\/sites\/3\/2020\/04\/Bowflex_Max-Trainer_M6_Rotations_6-klein.jpeg","contentUrl":"https:\/\/rntl.ch\/fitness\/wp-content\/uploads\/sites\/3\/2020\/04\/Bowflex_Max-Trainer_M6_Rotations_6-klein.jpeg","width":960,"height":722},{"@type":"BreadcrumbList","@id":"https:\/\/rntl.ch\/fitness\/produkt\/bowflex-m6-max-trainer\/#breadcrumb","itemListElement":[{"@type":"ListItem","position":1,"name":"Startseite","item":"https:\/\/rntl.ch\/fitness\/"},{"@type":"ListItem","position":2,"name":"Shop","item":"https:\/\/rntl.ch\/fitness\/shop\/"},{"@type":"ListItem","position":3,"name":"Bowflex M6 Max Trainer"}]},{"@type":"WebSite","@id":"https:\/\/rntl.ch\/fitness\/#website","url":"https:\/\/rntl.ch\/fitness\/","name":"RNTL Fitness","description":"Mieten Einfach Anders","publisher":{"@id":"https:\/\/rntl.ch\/fitness\/#organization"},"potentialAction":[{"@type":"SearchAction","target":{"@type":"EntryPoint","urlTemplate":"https:\/\/rntl.ch\/fitness\/?s={search_term_string}"},"query-input":{"@type":"PropertyValueSpecification","valueRequired":true,"valueName":"search_term_string"}}],"inLanguage":"de"},{"@type":"Organization","@id":"https:\/\/rntl.ch\/fitness\/#organization","name":"RNTL Fitness","url":"https:\/\/rntl.ch\/fitness\/","logo":{"@type":"ImageObject","inLanguage":"de","@id":"https:\/\/rntl.ch\/fitness\/#\/schema\/logo\/image\/","url":"https:\/\/rntl.ch\/fitness\/wp-content\/uploads\/sites\/3\/2020\/11\/cropped-rntl_logo_white_530x150.png","contentUrl":"https:\/\/rntl.ch\/fitness\/wp-content\/uploads\/sites\/3\/2020\/11\/cropped-rntl_logo_white_530x150.png","width":530,"height":150,"caption":"RNTL Fitness"},"image":{"@id":"https:\/\/rntl.ch\/fitness\/#\/schema\/logo\/image\/"}}]}},"_links":{"self":[{"href":"https:\/\/rntl.ch\/fitness\/wp-json\/wp\/v2\/product\/14751","targetHints":{"allow":["GET"]}}],"collection":[{"href":"https:\/\/rntl.ch\/fitness\/wp-json\/wp\/v2\/product"}],"about":[{"href":"https:\/\/rntl.ch\/fitness\/wp-json\/wp\/v2\/types\/product"}],"version-history":[{"count":2,"href":"https:\/\/rntl.ch\/fitness\/wp-json\/wp\/v2\/product\/14751\/revisions"}],"predecessor-version":[{"id":37390,"href":"https:\/\/rntl.ch\/fitness\/wp-json\/wp\/v2\/product\/14751\/revisions\/37390"}],"wp:featuredmedia":[{"embeddable":true,"href":"https:\/\/rntl.ch\/fitness\/wp-json\/wp\/v2\/media\/7310"}],"wp:attachment":[{"href":"https:\/\/rntl.ch\/fitness\/wp-json\/wp\/v2\/media?parent=14751"}],"wp:term":[{"taxonomy":"product_brand","embeddable":true,"href":"https:\/\/rntl.ch\/fitness\/wp-json\/wp\/v2\/product_brand?post=14751"},{"taxonomy":"product_cat","embeddable":true,"href":"https:\/\/rntl.ch\/fitness\/wp-json\/wp\/v2\/product_cat?post=14751"},{"taxonomy":"product_tag","embeddable":true,"href":"https:\/\/rntl.ch\/fitness\/wp-json\/wp\/v2\/product_tag?post=14751"}],"curies":[{"name":"wp","href":"https:\/\/api.w.org\/{rel}","templated":true}]}}