{"id":23579,"date":"2023-07-04T16:39:44","date_gmt":"2023-07-04T14:39:44","guid":{"rendered":"https:\/\/rntl.ch\/fitness\/?post_type=product&#038;p=23579"},"modified":"2025-05-08T11:00:06","modified_gmt":"2025-05-08T09:00:06","slug":"horizon-fitness-indoor-cycle-gr7","status":"publish","type":"product","link":"https:\/\/rntl.ch\/fitness\/produkt\/horizon-fitness-indoor-cycle-gr7\/","title":{"rendered":"Horizon Fitness Indoor Cycle GR7"},"content":{"rendered":"<p style=\"font-weight: 400;\"><b><strong>Ausstattung:<\/strong><\/b><\/p>\n<ul style=\"font-weight: 400;\">\n<li>Induktions-Magnet-Bremssystem mit 11 Widerstandsstufen<\/li>\n<li>Not-Stopp<\/li>\n<li>Riemenantrieb<\/li>\n<li>robuste Rahmenkonstruktion<\/li>\n<li>Schwungrad mit ca. 6kg (Aluminium)<\/li>\n<li>Herzfrequenzmessung via Bluetooth (Anzeige via mobile Enger\u00e4te)<\/li>\n<li>kompatibel mit der kostenlosen fitDisplay-App* und Workout Tracking Viewfit**, sowie Kinomap und Zwift<\/li>\n<li>stufenlose vertikale und horizontale Lenkerverstellung mit Skalierung<\/li>\n<li>Standard-Lenkeraufnahme<\/li>\n<li>strufenlose vertikale und horizontale Sattelverstellung mit Skalierung<\/li>\n<li>Sattel in der Neigung einstellbar<\/li>\n<li>komfortabler Performance Rennsattel<\/li>\n<li>Performance Multipositionslenker<\/li>\n<li>Halterung f\u00fcr Tablet\/Smartphones<\/li>\n<li>Kombipedale<\/li>\n<li>Transportrollen<\/li>\n<li>kompatibel mit ZWIFT<\/li>\n<li>Farbe: schwarz\/gelb<\/li>\n<li>Optionale\u00a0<a href=\"https:\/\/www.sharkfitness.ch\/de\/fitnessgeraete\/indoor-cycle\/konsole-zu-horizon-fitness-indoor-cycle-gr6-und-gr7.html\">LCD Konsole<\/a>\u00a0mit Echtzeit-Feedback und einer Vielzahl von Trainingsprogrammen, inkl. HIIT-Modus mit einzigartigem Lichtsystem (inklusive kabellosem Herzfrequenzempf\u00e4nger kompatibel mit optionalem Polar-Sendergurt)<\/li>\n<li>Verbinde deinen GR7 \u00fcber Bluetooth mit der atZone App oder deinen Lieblings-Apps f\u00fcr abwechslungsreiche Workouts und Wettbewerbe.<\/li>\n<\/ul>\n<p>&nbsp;<\/p>\n<p><b><strong>Optionale\u00a0<a href=\"https:\/\/www.sharkfitness.ch\/de\/fitnessgeraete\/indoor-cycle\/konsole-zu-horizon-fitness-indoor-cycle-gr6-und-gr7.html\">LCD-Konsole<\/a>\u00a0(Lieferung ohne Batterien (CR2032))<br \/>\n<\/strong><\/b>Die intuitiv bedienbare LCD-Konsole bietet Echtzeit-Feedback, so dass die Resultate immer im Blick sind.<\/p>\n<p style=\"font-weight: 400;\">Das innovative Glow Ride Lichtsystem unterst\u00fctzt Intervalltraining auf einem neuen Niveau. Das LED-Licht f\u00fchrt durch unterschiedlich Phasen einer Strecke und den damit verbundenen Trainingspositionen.<\/p>\n<p style=\"font-weight: 400;\">JUMP: Der Jump-Abschnitt des Workouts simuliert das Gef\u00fchl des Bergauf- und Bergabfahrens wie beim Mountain Biking. Das Lichtsystem der Konsole zeigt die passende Lenkerposition der H\u00e4nde am oberen, abgerundeten Teil des Lenkers.<\/p>\n<p style=\"font-weight: 400;\">RUN: der Run-Abschnitt wurde entwickelt, um eine stehende Fahrposition wie bei einem Anstieg zu simulieren. Das Lichtsystem der Konsole lenkt dabei die H\u00e4nde zu den unteren Griffen des Multipositionslenkers.<\/p>\n<p style=\"font-weight: 400;\">SIT: die am h\u00e4ufigsten verwendete Position, die vollst\u00e4ndig sitzende Position, ist ideal f\u00fcr das Warm-Up, das Abk\u00fchlen oder die Erholung zwischen Sprint-Intervallen. Das Lichtsystem der Konsole leitet dabei die H\u00e4nde zu den Aussengriffen des Lenkers.<\/p>\n<p style=\"font-weight: 400;\">Konsolenfunktionen: 5 LCD-Anzeigefenster mit Anzeige von Zeit, Strecke, Kalorien, Herzfrequenz (kabelloser Herzfrequenzempf\u00e4nger, kompatibel mit optional erh\u00e4ltlichem POLAR-Brustgurt), UPM, Geschwindigkeit, Batterielebensdauer. Programme: Manuell, HIIT, Geschwindigkeitsintervalle, Herzfrequenzintervalle.<\/p>\n<p>Einsatz: Heimbereich, Nutzlast 136kg<br \/>\nGer\u00e4temasse: L132 x B56 x H100cm, Gewicht 49kg<br \/>\nZubeh\u00f6r: 2 Wasserflaschenhalter<br \/>\nOption: LCD Konsole, POLAR-Brustgurt T34 bei Benutzung mit optional erh\u00e4ltlicher Konsole, Horizon Fitness Bluetooth-Sendergurt bei Benutzung Smartphone\/Tablet\/APP<br \/>\nGarantie: 2 Jahre Komplettgarantie (ausgeschlossen Verbrauchsmaterial)<\/p>\n<p>&nbsp;<\/p>\n","protected":false},"excerpt":{"rendered":"<p>Echtes Rennradsportfeeling!<\/p>\n<p><strong>Kaufpreis [woo_custom_field id=\"rntl_retail_price_field\"].-<\/strong><\/p>\n[rntl_page_content id=\"14687\"]\n<div class=\"woocommerce-product-details__short-description\">\n<p>&nbsp;<\/p>\n<\/div>\n","protected":false},"featured_media":23708,"template":"","meta":{"content-type":""},"product_brand":[],"product_cat":[99],"product_tag":[112],"class_list":{"0":"post-23579","1":"product","2":"type-product","3":"status-publish","4":"has-post-thumbnail","6":"product_cat-indoor-cycling","7":"product_tag-mieten","8":"product_shipping_class-leicht","9":"tm-no-options","11":"first","12":"instock","13":"taxable","14":"shipping-taxable","15":"purchasable","16":"product-type-variable-subscription","17":"has-default-attributes"},"yoast_head":"<!-- This site is optimized with the Yoast SEO plugin v26.3 - https:\/\/yoast.com\/wordpress\/plugins\/seo\/ -->\n<title>Horizon Fitness Indoor Cycle GR7 - RNTL Fitness<\/title>\n<meta name=\"description\" content=\"Miete, kaufe, oder finanziere f\u00fcr das Spinning Training zu Hause den Horizon Cycle GR7 bei RNTL. Perfekt f\u00fcr dein Spinning Training zu Hause.\" \/>\n<meta name=\"robots\" content=\"index, follow, max-snippet:-1, max-image-preview:large, max-video-preview:-1\" \/>\n<link rel=\"canonical\" href=\"https:\/\/rntl.ch\/fitness\/produkt\/horizon-fitness-indoor-cycle-gr7\/\" \/>\n<meta property=\"og:locale\" content=\"de_DE\" \/>\n<meta property=\"og:type\" content=\"article\" \/>\n<meta property=\"og:title\" content=\"Horizon Fitness Indoor Cycle GR7 - RNTL Fitness\" \/>\n<meta property=\"og:description\" content=\"Miete, kaufe, oder finanziere f\u00fcr das Spinning Training zu Hause den Horizon Cycle GR7 bei RNTL. Perfekt f\u00fcr dein Spinning Training zu Hause.\" \/>\n<meta property=\"og:url\" content=\"https:\/\/rntl.ch\/fitness\/produkt\/horizon-fitness-indoor-cycle-gr7\/\" \/>\n<meta property=\"og:site_name\" content=\"RNTL Fitness\" \/>\n<meta property=\"article:modified_time\" content=\"2025-05-08T09:00:06+00:00\" \/>\n<meta property=\"og:image\" content=\"https:\/\/rntl.ch\/fitness\/wp-content\/uploads\/sites\/3\/2023\/07\/7.png\" \/>\n\t<meta property=\"og:image:width\" content=\"800\" \/>\n\t<meta property=\"og:image:height\" content=\"800\" \/>\n\t<meta property=\"og:image:type\" content=\"image\/png\" \/>\n<meta name=\"twitter:card\" content=\"summary_large_image\" \/>\n<meta name=\"twitter:label1\" content=\"Gesch\u00e4tzte Lesezeit\" \/>\n\t<meta name=\"twitter:data1\" content=\"4\u00a0Minuten\" \/>\n<script type=\"application\/ld+json\" class=\"yoast-schema-graph\">{\"@context\":\"https:\/\/schema.org\",\"@graph\":[{\"@type\":\"WebPage\",\"@id\":\"https:\/\/rntl.ch\/fitness\/produkt\/horizon-fitness-indoor-cycle-gr7\/\",\"url\":\"https:\/\/rntl.ch\/fitness\/produkt\/horizon-fitness-indoor-cycle-gr7\/\",\"name\":\"Horizon Fitness Indoor Cycle GR7 - RNTL Fitness\",\"isPartOf\":{\"@id\":\"https:\/\/rntl.ch\/fitness\/#website\"},\"primaryImageOfPage\":{\"@id\":\"https:\/\/rntl.ch\/fitness\/produkt\/horizon-fitness-indoor-cycle-gr7\/#primaryimage\"},\"image\":{\"@id\":\"https:\/\/rntl.ch\/fitness\/produkt\/horizon-fitness-indoor-cycle-gr7\/#primaryimage\"},\"thumbnailUrl\":\"https:\/\/rntl.ch\/fitness\/wp-content\/uploads\/sites\/3\/2023\/07\/7.png\",\"datePublished\":\"2023-07-04T14:39:44+00:00\",\"dateModified\":\"2025-05-08T09:00:06+00:00\",\"description\":\"Miete, kaufe, oder finanziere f\u00fcr das Spinning Training zu Hause den Horizon Cycle GR7 bei RNTL. Perfekt f\u00fcr dein Spinning Training zu Hause.\",\"breadcrumb\":{\"@id\":\"https:\/\/rntl.ch\/fitness\/produkt\/horizon-fitness-indoor-cycle-gr7\/#breadcrumb\"},\"inLanguage\":\"de\",\"potentialAction\":[{\"@type\":\"ReadAction\",\"target\":[\"https:\/\/rntl.ch\/fitness\/produkt\/horizon-fitness-indoor-cycle-gr7\/\"]}]},{\"@type\":\"ImageObject\",\"inLanguage\":\"de\",\"@id\":\"https:\/\/rntl.ch\/fitness\/produkt\/horizon-fitness-indoor-cycle-gr7\/#primaryimage\",\"url\":\"https:\/\/rntl.ch\/fitness\/wp-content\/uploads\/sites\/3\/2023\/07\/7.png\",\"contentUrl\":\"https:\/\/rntl.ch\/fitness\/wp-content\/uploads\/sites\/3\/2023\/07\/7.png\",\"width\":800,\"height\":800},{\"@type\":\"BreadcrumbList\",\"@id\":\"https:\/\/rntl.ch\/fitness\/produkt\/horizon-fitness-indoor-cycle-gr7\/#breadcrumb\",\"itemListElement\":[{\"@type\":\"ListItem\",\"position\":1,\"name\":\"Startseite\",\"item\":\"https:\/\/rntl.ch\/fitness\/\"},{\"@type\":\"ListItem\",\"position\":2,\"name\":\"Shop\",\"item\":\"https:\/\/rntl.ch\/fitness\/shop\/\"},{\"@type\":\"ListItem\",\"position\":3,\"name\":\"Horizon Fitness Indoor Cycle GR7\"}]},{\"@type\":\"WebSite\",\"@id\":\"https:\/\/rntl.ch\/fitness\/#website\",\"url\":\"https:\/\/rntl.ch\/fitness\/\",\"name\":\"RNTL Fitness\",\"description\":\"Mieten Einfach Anders\",\"publisher\":{\"@id\":\"https:\/\/rntl.ch\/fitness\/#organization\"},\"potentialAction\":[{\"@type\":\"SearchAction\",\"target\":{\"@type\":\"EntryPoint\",\"urlTemplate\":\"https:\/\/rntl.ch\/fitness\/?s={search_term_string}\"},\"query-input\":{\"@type\":\"PropertyValueSpecification\",\"valueRequired\":true,\"valueName\":\"search_term_string\"}}],\"inLanguage\":\"de\"},{\"@type\":\"Organization\",\"@id\":\"https:\/\/rntl.ch\/fitness\/#organization\",\"name\":\"RNTL Fitness\",\"url\":\"https:\/\/rntl.ch\/fitness\/\",\"logo\":{\"@type\":\"ImageObject\",\"inLanguage\":\"de\",\"@id\":\"https:\/\/rntl.ch\/fitness\/#\/schema\/logo\/image\/\",\"url\":\"https:\/\/rntl.ch\/fitness\/wp-content\/uploads\/sites\/3\/2020\/11\/cropped-rntl_logo_white_530x150.png\",\"contentUrl\":\"https:\/\/rntl.ch\/fitness\/wp-content\/uploads\/sites\/3\/2020\/11\/cropped-rntl_logo_white_530x150.png\",\"width\":530,\"height\":150,\"caption\":\"RNTL Fitness\"},\"image\":{\"@id\":\"https:\/\/rntl.ch\/fitness\/#\/schema\/logo\/image\/\"}}]}<\/script>\n<!-- \/ Yoast SEO plugin. -->","yoast_head_json":{"title":"Horizon Fitness Indoor Cycle GR7 - RNTL Fitness","description":"Miete, kaufe, oder finanziere f\u00fcr das Spinning Training zu Hause den Horizon Cycle GR7 bei RNTL. Perfekt f\u00fcr dein Spinning Training zu Hause.","robots":{"index":"index","follow":"follow","max-snippet":"max-snippet:-1","max-image-preview":"max-image-preview:large","max-video-preview":"max-video-preview:-1"},"canonical":"https:\/\/rntl.ch\/fitness\/produkt\/horizon-fitness-indoor-cycle-gr7\/","og_locale":"de_DE","og_type":"article","og_title":"Horizon Fitness Indoor Cycle GR7 - RNTL Fitness","og_description":"Miete, kaufe, oder finanziere f\u00fcr das Spinning Training zu Hause den Horizon Cycle GR7 bei RNTL. Perfekt f\u00fcr dein Spinning Training zu Hause.","og_url":"https:\/\/rntl.ch\/fitness\/produkt\/horizon-fitness-indoor-cycle-gr7\/","og_site_name":"RNTL Fitness","article_modified_time":"2025-05-08T09:00:06+00:00","og_image":[{"width":800,"height":800,"url":"https:\/\/rntl.ch\/fitness\/wp-content\/uploads\/sites\/3\/2023\/07\/7.png","type":"image\/png"}],"twitter_card":"summary_large_image","twitter_misc":{"Gesch\u00e4tzte Lesezeit":"4\u00a0Minuten"},"schema":{"@context":"https:\/\/schema.org","@graph":[{"@type":"WebPage","@id":"https:\/\/rntl.ch\/fitness\/produkt\/horizon-fitness-indoor-cycle-gr7\/","url":"https:\/\/rntl.ch\/fitness\/produkt\/horizon-fitness-indoor-cycle-gr7\/","name":"Horizon Fitness Indoor Cycle GR7 - RNTL Fitness","isPartOf":{"@id":"https:\/\/rntl.ch\/fitness\/#website"},"primaryImageOfPage":{"@id":"https:\/\/rntl.ch\/fitness\/produkt\/horizon-fitness-indoor-cycle-gr7\/#primaryimage"},"image":{"@id":"https:\/\/rntl.ch\/fitness\/produkt\/horizon-fitness-indoor-cycle-gr7\/#primaryimage"},"thumbnailUrl":"https:\/\/rntl.ch\/fitness\/wp-content\/uploads\/sites\/3\/2023\/07\/7.png","datePublished":"2023-07-04T14:39:44+00:00","dateModified":"2025-05-08T09:00:06+00:00","description":"Miete, kaufe, oder finanziere f\u00fcr das Spinning Training zu Hause den Horizon Cycle GR7 bei RNTL. Perfekt f\u00fcr dein Spinning Training zu Hause.","breadcrumb":{"@id":"https:\/\/rntl.ch\/fitness\/produkt\/horizon-fitness-indoor-cycle-gr7\/#breadcrumb"},"inLanguage":"de","potentialAction":[{"@type":"ReadAction","target":["https:\/\/rntl.ch\/fitness\/produkt\/horizon-fitness-indoor-cycle-gr7\/"]}]},{"@type":"ImageObject","inLanguage":"de","@id":"https:\/\/rntl.ch\/fitness\/produkt\/horizon-fitness-indoor-cycle-gr7\/#primaryimage","url":"https:\/\/rntl.ch\/fitness\/wp-content\/uploads\/sites\/3\/2023\/07\/7.png","contentUrl":"https:\/\/rntl.ch\/fitness\/wp-content\/uploads\/sites\/3\/2023\/07\/7.png","width":800,"height":800},{"@type":"BreadcrumbList","@id":"https:\/\/rntl.ch\/fitness\/produkt\/horizon-fitness-indoor-cycle-gr7\/#breadcrumb","itemListElement":[{"@type":"ListItem","position":1,"name":"Startseite","item":"https:\/\/rntl.ch\/fitness\/"},{"@type":"ListItem","position":2,"name":"Shop","item":"https:\/\/rntl.ch\/fitness\/shop\/"},{"@type":"ListItem","position":3,"name":"Horizon Fitness Indoor Cycle GR7"}]},{"@type":"WebSite","@id":"https:\/\/rntl.ch\/fitness\/#website","url":"https:\/\/rntl.ch\/fitness\/","name":"RNTL Fitness","description":"Mieten Einfach Anders","publisher":{"@id":"https:\/\/rntl.ch\/fitness\/#organization"},"potentialAction":[{"@type":"SearchAction","target":{"@type":"EntryPoint","urlTemplate":"https:\/\/rntl.ch\/fitness\/?s={search_term_string}"},"query-input":{"@type":"PropertyValueSpecification","valueRequired":true,"valueName":"search_term_string"}}],"inLanguage":"de"},{"@type":"Organization","@id":"https:\/\/rntl.ch\/fitness\/#organization","name":"RNTL Fitness","url":"https:\/\/rntl.ch\/fitness\/","logo":{"@type":"ImageObject","inLanguage":"de","@id":"https:\/\/rntl.ch\/fitness\/#\/schema\/logo\/image\/","url":"https:\/\/rntl.ch\/fitness\/wp-content\/uploads\/sites\/3\/2020\/11\/cropped-rntl_logo_white_530x150.png","contentUrl":"https:\/\/rntl.ch\/fitness\/wp-content\/uploads\/sites\/3\/2020\/11\/cropped-rntl_logo_white_530x150.png","width":530,"height":150,"caption":"RNTL Fitness"},"image":{"@id":"https:\/\/rntl.ch\/fitness\/#\/schema\/logo\/image\/"}}]}},"_links":{"self":[{"href":"https:\/\/rntl.ch\/fitness\/wp-json\/wp\/v2\/product\/23579","targetHints":{"allow":["GET"]}}],"collection":[{"href":"https:\/\/rntl.ch\/fitness\/wp-json\/wp\/v2\/product"}],"about":[{"href":"https:\/\/rntl.ch\/fitness\/wp-json\/wp\/v2\/types\/product"}],"version-history":[{"count":1,"href":"https:\/\/rntl.ch\/fitness\/wp-json\/wp\/v2\/product\/23579\/revisions"}],"predecessor-version":[{"id":30896,"href":"https:\/\/rntl.ch\/fitness\/wp-json\/wp\/v2\/product\/23579\/revisions\/30896"}],"wp:featuredmedia":[{"embeddable":true,"href":"https:\/\/rntl.ch\/fitness\/wp-json\/wp\/v2\/media\/23708"}],"wp:attachment":[{"href":"https:\/\/rntl.ch\/fitness\/wp-json\/wp\/v2\/media?parent=23579"}],"wp:term":[{"taxonomy":"product_brand","embeddable":true,"href":"https:\/\/rntl.ch\/fitness\/wp-json\/wp\/v2\/product_brand?post=23579"},{"taxonomy":"product_cat","embeddable":true,"href":"https:\/\/rntl.ch\/fitness\/wp-json\/wp\/v2\/product_cat?post=23579"},{"taxonomy":"product_tag","embeddable":true,"href":"https:\/\/rntl.ch\/fitness\/wp-json\/wp\/v2\/product_tag?post=23579"}],"curies":[{"name":"wp","href":"https:\/\/api.w.org\/{rel}","templated":true}]}}