{"id":26054,"date":"2023-12-10T21:00:13","date_gmt":"2023-12-10T20:00:13","guid":{"rendered":"https:\/\/rntl.ch\/fitness\/?post_type=product&#038;p=26054"},"modified":"2025-12-19T16:02:54","modified_gmt":"2025-12-19T15:02:54","slug":"wahoo-kickr-shift-bike","status":"publish","type":"product","link":"https:\/\/rntl.ch\/fitness\/produkt\/wahoo-kickr-shift-bike\/","title":{"rendered":"Wahoo KICKR SHIFT Bike"},"content":{"rendered":"<p>Zudem wurden die Verstellhebel neu \u00fcberarbeitet, so dass sich das KICKR SHIFT Bike nun noch einfacher an mehrere User anpassen l\u00e4sst. Dieses intelligente Fahrrad kombiniert das legend\u00e4re Fahrgef\u00fchl des KICKRs mit modernsten Innovationen wie der integrierten Steigungssimulation, um ein Indoor-Cycling-Erlebnis zu schaffen, bei dem die Grenze zwischen Virtualit\u00e4t und Realit\u00e4t verschwimmt.<\/p>\n<p>Dank des Odometers siehst du deine Gesamtkilometerzahl auf dem KICKR SHIFT\u00a0Bike auf einen Blick. Im ERG-Easy-Ramp-Modus f\u00fchrt dich das neue KICKR SHIFT\u00a0Bike WiFi beim einem Trainingsunterbruch innerhalb von 10 Sekunden sanft auf die Zielleistung zur\u00fcck.<\/p>\n<p>Die Wahoo App leitet dich ganz einfach durch alle Einstellungen des\u00a0KICKR SHIFT\u00a0Bikes. Du stellst das KICKR SHIFT\u00a0Bike damit absolut perfekt f\u00fcr dich ein, damit dieses deinem echten Rennrad in nichts nachsteht. Das\u00a0KICKR SHIFT\u00a0Bike kann auch mit deinen pers\u00f6nlichen Komponenten Lenker, Sattel und Pedale ausger\u00fcstet werden.<\/p>\n<p>Die Schaltung kann wahlweise auf die Schaltung von SRAM, Shimano oder Campagnolo eingestellt werden, damit auch das echte Schaltgef\u00fchl wie auf der Strasse entsteht.<\/p>\n<p>\u2013 Nahezu lautloser Betrieb<\/p>\n<p>\u2013 WiFi Konnektivit\u00e4t, Odometer (Kilometerz\u00e4hler), ERG Easy Ramp<\/p>\n<p>\u2013 Gewicht Produkt: 36 kg<\/p>\n<p>\u2013 Antrieb: Riemenantrieb<\/p>\n<p>\u2013 Widerstand: Elektronisch<\/p>\n<p>\u2013 Leistungsgenauigkeit: +\/-1 %<\/p>\n<p>\u2013 Drahtlose Software-Updates: Ja, \u00fcber die Wahoo Fitness-App<\/p>\n<p>\u2013 Konnektivit\u00e4t: ANT+, ANT+ FE-C, WLAN, Bluetooth, Direct Connect<\/p>\n<p>\u2013 Ger\u00e4tekompatibilit\u00e4t: iOS, Android, PC (Mac und Windows)<\/p>\n<p>\u2013 Bereich Benutzergr\u00f6sse: 152 cm bis 193 cm<\/p>\n<p>\u2013 Max. Benutzergewicht: 113 kg<\/p>\n<p>\u2013 Leistungsbedarf: 100-240 V, 50\/60 Hz, 2.5 A Max<\/p>\n<p>\u2013 Kurbelarml\u00e4ngen: 165, 167.5, 170, 172.5 und 175 mm<\/p>\n<p>\u2013 Maximal-Simulation: 20 %<\/p>\n<p>\u2013 Minimale Neigungssimulation: -15 %<\/p>\n<p>\u2013 Maximale Ausgangsleistung: 2200 Watt<\/p>\n<p>\u2013 Versand per Spedition<\/p>\n<div><\/div>\n","protected":false},"excerpt":{"rendered":"<p>D\u200cas neue KICKR SHIFT Bike Wahoo sorgt durch die Integration eines neuartigen Brems- und Riemenantriebssystems f\u00fcr eine Echtzeit-Reaktion des Widerstands auf Steigungs- und Leistungs\u00e4nderungen und macht die Fahrt ganz nebenbei noch leiser als zuvor.<\/p>\n<p><strong>Kaufpreis [woo_custom_field id=\"rntl_retail_price_field\"].-<\/strong><\/p>\n[rntl_page_content id=\"14687\"]\n<div class=\"woocommerce-product-details__short-description\">\n<p>&nbsp;<\/p>\n<\/div>\n","protected":false},"featured_media":26059,"template":"","meta":{"content-type":""},"product_brand":[164],"product_cat":[99],"product_tag":[112],"class_list":{"0":"post-26054","1":"product","2":"type-product","3":"status-publish","4":"has-post-thumbnail","6":"product_brand-wahoo","7":"product_cat-indoor-cycling","8":"product_tag-mieten","9":"product_shipping_class-leicht","10":"tm-no-options","12":"first","13":"instock","14":"taxable","15":"shipping-taxable","16":"purchasable","17":"product-type-variable-subscription","18":"has-default-attributes"},"yoast_head":"<!-- This site is optimized with the Yoast SEO plugin v26.3 - https:\/\/yoast.com\/wordpress\/plugins\/seo\/ -->\n<title>Wahoo KICKR SHIFT Bike - RNTL Fitness<\/title>\n<meta name=\"description\" content=\"Miete, kaufe, oder finanziere f\u00fcr das Training zu Hause den Wahoo KICKR SHIFT Bike bei RNTL. Perfekt f\u00fcr das Training zu Hause.\" \/>\n<meta name=\"robots\" content=\"index, follow, max-snippet:-1, max-image-preview:large, max-video-preview:-1\" \/>\n<link rel=\"canonical\" href=\"https:\/\/rntl.ch\/fitness\/produkt\/wahoo-kickr-shift-bike\/\" \/>\n<meta property=\"og:locale\" content=\"de_DE\" \/>\n<meta property=\"og:type\" content=\"article\" \/>\n<meta property=\"og:title\" content=\"Wahoo KICKR SHIFT Bike - RNTL Fitness\" \/>\n<meta property=\"og:description\" content=\"Miete, kaufe, oder finanziere f\u00fcr das Training zu Hause den Wahoo KICKR SHIFT Bike bei RNTL. Perfekt f\u00fcr das Training zu Hause.\" \/>\n<meta property=\"og:url\" content=\"https:\/\/rntl.ch\/fitness\/produkt\/wahoo-kickr-shift-bike\/\" \/>\n<meta property=\"og:site_name\" content=\"RNTL Fitness\" \/>\n<meta property=\"article:modified_time\" content=\"2025-12-19T15:02:54+00:00\" \/>\n<meta property=\"og:image\" content=\"https:\/\/rntl.ch\/fitness\/wp-content\/uploads\/sites\/3\/2023\/12\/1-7.png\" \/>\n\t<meta property=\"og:image:width\" content=\"800\" \/>\n\t<meta property=\"og:image:height\" content=\"800\" \/>\n\t<meta property=\"og:image:type\" content=\"image\/png\" \/>\n<meta name=\"twitter:card\" content=\"summary_large_image\" \/>\n<meta name=\"twitter:label1\" content=\"Gesch\u00e4tzte Lesezeit\" \/>\n\t<meta name=\"twitter:data1\" content=\"2\u00a0Minuten\" \/>\n<script type=\"application\/ld+json\" class=\"yoast-schema-graph\">{\"@context\":\"https:\/\/schema.org\",\"@graph\":[{\"@type\":\"WebPage\",\"@id\":\"https:\/\/rntl.ch\/fitness\/produkt\/wahoo-kickr-shift-bike\/\",\"url\":\"https:\/\/rntl.ch\/fitness\/produkt\/wahoo-kickr-shift-bike\/\",\"name\":\"Wahoo KICKR SHIFT Bike - RNTL Fitness\",\"isPartOf\":{\"@id\":\"https:\/\/rntl.ch\/fitness\/#website\"},\"primaryImageOfPage\":{\"@id\":\"https:\/\/rntl.ch\/fitness\/produkt\/wahoo-kickr-shift-bike\/#primaryimage\"},\"image\":{\"@id\":\"https:\/\/rntl.ch\/fitness\/produkt\/wahoo-kickr-shift-bike\/#primaryimage\"},\"thumbnailUrl\":\"https:\/\/rntl.ch\/fitness\/wp-content\/uploads\/sites\/3\/2023\/12\/1-7.png\",\"datePublished\":\"2023-12-10T20:00:13+00:00\",\"dateModified\":\"2025-12-19T15:02:54+00:00\",\"description\":\"Miete, kaufe, oder finanziere f\u00fcr das Training zu Hause den Wahoo KICKR SHIFT Bike bei RNTL. Perfekt f\u00fcr das Training zu Hause.\",\"breadcrumb\":{\"@id\":\"https:\/\/rntl.ch\/fitness\/produkt\/wahoo-kickr-shift-bike\/#breadcrumb\"},\"inLanguage\":\"de\",\"potentialAction\":[{\"@type\":\"ReadAction\",\"target\":[\"https:\/\/rntl.ch\/fitness\/produkt\/wahoo-kickr-shift-bike\/\"]}]},{\"@type\":\"ImageObject\",\"inLanguage\":\"de\",\"@id\":\"https:\/\/rntl.ch\/fitness\/produkt\/wahoo-kickr-shift-bike\/#primaryimage\",\"url\":\"https:\/\/rntl.ch\/fitness\/wp-content\/uploads\/sites\/3\/2023\/12\/1-7.png\",\"contentUrl\":\"https:\/\/rntl.ch\/fitness\/wp-content\/uploads\/sites\/3\/2023\/12\/1-7.png\",\"width\":800,\"height\":800},{\"@type\":\"BreadcrumbList\",\"@id\":\"https:\/\/rntl.ch\/fitness\/produkt\/wahoo-kickr-shift-bike\/#breadcrumb\",\"itemListElement\":[{\"@type\":\"ListItem\",\"position\":1,\"name\":\"Startseite\",\"item\":\"https:\/\/rntl.ch\/fitness\/\"},{\"@type\":\"ListItem\",\"position\":2,\"name\":\"Shop\",\"item\":\"https:\/\/rntl.ch\/fitness\/shop\/\"},{\"@type\":\"ListItem\",\"position\":3,\"name\":\"Wahoo KICKR SHIFT Bike &#8211; Garantiert Neu!\"}]},{\"@type\":\"WebSite\",\"@id\":\"https:\/\/rntl.ch\/fitness\/#website\",\"url\":\"https:\/\/rntl.ch\/fitness\/\",\"name\":\"RNTL Fitness\",\"description\":\"Mieten Einfach Anders\",\"publisher\":{\"@id\":\"https:\/\/rntl.ch\/fitness\/#organization\"},\"potentialAction\":[{\"@type\":\"SearchAction\",\"target\":{\"@type\":\"EntryPoint\",\"urlTemplate\":\"https:\/\/rntl.ch\/fitness\/?s={search_term_string}\"},\"query-input\":{\"@type\":\"PropertyValueSpecification\",\"valueRequired\":true,\"valueName\":\"search_term_string\"}}],\"inLanguage\":\"de\"},{\"@type\":\"Organization\",\"@id\":\"https:\/\/rntl.ch\/fitness\/#organization\",\"name\":\"RNTL Fitness\",\"url\":\"https:\/\/rntl.ch\/fitness\/\",\"logo\":{\"@type\":\"ImageObject\",\"inLanguage\":\"de\",\"@id\":\"https:\/\/rntl.ch\/fitness\/#\/schema\/logo\/image\/\",\"url\":\"https:\/\/rntl.ch\/fitness\/wp-content\/uploads\/sites\/3\/2020\/11\/cropped-rntl_logo_white_530x150.png\",\"contentUrl\":\"https:\/\/rntl.ch\/fitness\/wp-content\/uploads\/sites\/3\/2020\/11\/cropped-rntl_logo_white_530x150.png\",\"width\":530,\"height\":150,\"caption\":\"RNTL Fitness\"},\"image\":{\"@id\":\"https:\/\/rntl.ch\/fitness\/#\/schema\/logo\/image\/\"}}]}<\/script>\n<!-- \/ Yoast SEO plugin. -->","yoast_head_json":{"title":"Wahoo KICKR SHIFT Bike - RNTL Fitness","description":"Miete, kaufe, oder finanziere f\u00fcr das Training zu Hause den Wahoo KICKR SHIFT Bike bei RNTL. Perfekt f\u00fcr das Training zu Hause.","robots":{"index":"index","follow":"follow","max-snippet":"max-snippet:-1","max-image-preview":"max-image-preview:large","max-video-preview":"max-video-preview:-1"},"canonical":"https:\/\/rntl.ch\/fitness\/produkt\/wahoo-kickr-shift-bike\/","og_locale":"de_DE","og_type":"article","og_title":"Wahoo KICKR SHIFT Bike - RNTL Fitness","og_description":"Miete, kaufe, oder finanziere f\u00fcr das Training zu Hause den Wahoo KICKR SHIFT Bike bei RNTL. Perfekt f\u00fcr das Training zu Hause.","og_url":"https:\/\/rntl.ch\/fitness\/produkt\/wahoo-kickr-shift-bike\/","og_site_name":"RNTL Fitness","article_modified_time":"2025-12-19T15:02:54+00:00","og_image":[{"width":800,"height":800,"url":"https:\/\/rntl.ch\/fitness\/wp-content\/uploads\/sites\/3\/2023\/12\/1-7.png","type":"image\/png"}],"twitter_card":"summary_large_image","twitter_misc":{"Gesch\u00e4tzte Lesezeit":"2\u00a0Minuten"},"schema":{"@context":"https:\/\/schema.org","@graph":[{"@type":"WebPage","@id":"https:\/\/rntl.ch\/fitness\/produkt\/wahoo-kickr-shift-bike\/","url":"https:\/\/rntl.ch\/fitness\/produkt\/wahoo-kickr-shift-bike\/","name":"Wahoo KICKR SHIFT Bike - RNTL Fitness","isPartOf":{"@id":"https:\/\/rntl.ch\/fitness\/#website"},"primaryImageOfPage":{"@id":"https:\/\/rntl.ch\/fitness\/produkt\/wahoo-kickr-shift-bike\/#primaryimage"},"image":{"@id":"https:\/\/rntl.ch\/fitness\/produkt\/wahoo-kickr-shift-bike\/#primaryimage"},"thumbnailUrl":"https:\/\/rntl.ch\/fitness\/wp-content\/uploads\/sites\/3\/2023\/12\/1-7.png","datePublished":"2023-12-10T20:00:13+00:00","dateModified":"2025-12-19T15:02:54+00:00","description":"Miete, kaufe, oder finanziere f\u00fcr das Training zu Hause den Wahoo KICKR SHIFT Bike bei RNTL. Perfekt f\u00fcr das Training zu Hause.","breadcrumb":{"@id":"https:\/\/rntl.ch\/fitness\/produkt\/wahoo-kickr-shift-bike\/#breadcrumb"},"inLanguage":"de","potentialAction":[{"@type":"ReadAction","target":["https:\/\/rntl.ch\/fitness\/produkt\/wahoo-kickr-shift-bike\/"]}]},{"@type":"ImageObject","inLanguage":"de","@id":"https:\/\/rntl.ch\/fitness\/produkt\/wahoo-kickr-shift-bike\/#primaryimage","url":"https:\/\/rntl.ch\/fitness\/wp-content\/uploads\/sites\/3\/2023\/12\/1-7.png","contentUrl":"https:\/\/rntl.ch\/fitness\/wp-content\/uploads\/sites\/3\/2023\/12\/1-7.png","width":800,"height":800},{"@type":"BreadcrumbList","@id":"https:\/\/rntl.ch\/fitness\/produkt\/wahoo-kickr-shift-bike\/#breadcrumb","itemListElement":[{"@type":"ListItem","position":1,"name":"Startseite","item":"https:\/\/rntl.ch\/fitness\/"},{"@type":"ListItem","position":2,"name":"Shop","item":"https:\/\/rntl.ch\/fitness\/shop\/"},{"@type":"ListItem","position":3,"name":"Wahoo KICKR SHIFT Bike &#8211; Garantiert Neu!"}]},{"@type":"WebSite","@id":"https:\/\/rntl.ch\/fitness\/#website","url":"https:\/\/rntl.ch\/fitness\/","name":"RNTL Fitness","description":"Mieten Einfach Anders","publisher":{"@id":"https:\/\/rntl.ch\/fitness\/#organization"},"potentialAction":[{"@type":"SearchAction","target":{"@type":"EntryPoint","urlTemplate":"https:\/\/rntl.ch\/fitness\/?s={search_term_string}"},"query-input":{"@type":"PropertyValueSpecification","valueRequired":true,"valueName":"search_term_string"}}],"inLanguage":"de"},{"@type":"Organization","@id":"https:\/\/rntl.ch\/fitness\/#organization","name":"RNTL Fitness","url":"https:\/\/rntl.ch\/fitness\/","logo":{"@type":"ImageObject","inLanguage":"de","@id":"https:\/\/rntl.ch\/fitness\/#\/schema\/logo\/image\/","url":"https:\/\/rntl.ch\/fitness\/wp-content\/uploads\/sites\/3\/2020\/11\/cropped-rntl_logo_white_530x150.png","contentUrl":"https:\/\/rntl.ch\/fitness\/wp-content\/uploads\/sites\/3\/2020\/11\/cropped-rntl_logo_white_530x150.png","width":530,"height":150,"caption":"RNTL Fitness"},"image":{"@id":"https:\/\/rntl.ch\/fitness\/#\/schema\/logo\/image\/"}}]}},"_links":{"self":[{"href":"https:\/\/rntl.ch\/fitness\/wp-json\/wp\/v2\/product\/26054","targetHints":{"allow":["GET"]}}],"collection":[{"href":"https:\/\/rntl.ch\/fitness\/wp-json\/wp\/v2\/product"}],"about":[{"href":"https:\/\/rntl.ch\/fitness\/wp-json\/wp\/v2\/types\/product"}],"version-history":[{"count":1,"href":"https:\/\/rntl.ch\/fitness\/wp-json\/wp\/v2\/product\/26054\/revisions"}],"predecessor-version":[{"id":27126,"href":"https:\/\/rntl.ch\/fitness\/wp-json\/wp\/v2\/product\/26054\/revisions\/27126"}],"wp:featuredmedia":[{"embeddable":true,"href":"https:\/\/rntl.ch\/fitness\/wp-json\/wp\/v2\/media\/26059"}],"wp:attachment":[{"href":"https:\/\/rntl.ch\/fitness\/wp-json\/wp\/v2\/media?parent=26054"}],"wp:term":[{"taxonomy":"product_brand","embeddable":true,"href":"https:\/\/rntl.ch\/fitness\/wp-json\/wp\/v2\/product_brand?post=26054"},{"taxonomy":"product_cat","embeddable":true,"href":"https:\/\/rntl.ch\/fitness\/wp-json\/wp\/v2\/product_cat?post=26054"},{"taxonomy":"product_tag","embeddable":true,"href":"https:\/\/rntl.ch\/fitness\/wp-json\/wp\/v2\/product_tag?post=26054"}],"curies":[{"name":"wp","href":"https:\/\/api.w.org\/{rel}","templated":true}]}}