{"id":26446,"date":"2024-01-05T15:07:19","date_gmt":"2024-01-05T14:07:19","guid":{"rendered":"https:\/\/rntl.ch\/fitness\/?post_type=product&#038;p=26446"},"modified":"2025-11-29T20:36:40","modified_gmt":"2025-11-29T19:36:40","slug":"kettler-aqua-rower-700-wir-vermieten-uebrigens-auch-rudergeraete","status":"publish","type":"product","link":"https:\/\/rntl.ch\/fitness\/produkt\/kettler-aqua-rower-700-wir-vermieten-uebrigens-auch-rudergeraete\/","title":{"rendered":"Kettler Aqua Rower 700  &#8211; Wir vermieten \u00fcbrigens auch Ruderger\u00e4te!"},"content":{"rendered":"<ul>\n<li>Robuste Rahmenkonstruktion (Holz\/Stahl), extrem widerstandsf\u00e4hig verarbeitet<\/li>\n<li>Kein \u00abtoter\u00bb Punkt: Dreifach-Edelstahlfl\u00fcgelrad sorgt f\u00fcr einen direkten und konsequenten Widerstand w\u00e4hrend des gesamten Ruderschlags<\/li>\n<li>5 Widerstandsstufen mit Bluetooth-Autojustierungsmonitor<\/li>\n<li>Ruhige und reibungslose Schienen, perfekt geeignet f\u00fcr ambitioniertes Heimtraining<\/li>\n<li>Verstellbare Fussst\u00fctzen mit separaten Fussschlaufen f\u00fcr perfekte Position und optimalen halt beim Rudertraining<\/li>\n<li>Komfortabler, ergonomischer Sitz mit strukturierter Anti-Rutsch-Sitzfl\u00e4che<\/li>\n<li>Ergonomischer Handgriff mit perfektem Grip f\u00fcr starke Ruderz\u00fcge<\/li>\n<li>Grosse, leicht bedienbare Konsole informiert permanent \u00fcber Trainingsstrecke, Trainingszeit, Schlagfrequenz, Gesamtstrecke, Kalorienverbrauch, Watt, Herzfrequenz (optional)<\/li>\n<li>Neue Bluetooth-Konsole f\u00fcr abwechslungsreiche Trainings mit der Kinomap-App<\/li>\n<li>Trainingscomputer ber\u00fccksichtigt die Einstellung des Widerstandes (Wassermenge), wodurch Daten wie Kalorienverbrauch exakter angegeben werden<\/li>\n<li><strong>Aufstellma\u00dfe L\/B\/H in (cm): 213 \/ 52 \/ 56<\/strong><\/li>\n<li><strong>Maximale Gewichtsbelastung: 150 kg<\/strong><\/li>\n<\/ul>\n<p>&nbsp;<\/p>\n<p>&nbsp;<\/p>\n","protected":false},"excerpt":{"rendered":"<p>Der ergonomische, rutschfeste Sitz und die komfortablen Handgriffe besitzen ein Grip, welches auch f\u00fcr sehr starke Ruderz\u00fcge geeignet ist. Die Schienen sind reibungslos und erm\u00f6glichen das perfekte Workout . Geeignet f\u00fcr ambitionierte Heimtrainings zu Hause.<\/p>\n<p><span style=\"font-weight: 400;\">[rntl_page_content id=\"19556\"]<\/span><\/p>\n","protected":false},"featured_media":8072,"template":"","meta":{"content-type":""},"product_brand":[155],"product_cat":[29],"product_tag":[26,107],"class_list":{"0":"post-26446","1":"product","2":"type-product","3":"status-publish","4":"has-post-thumbnail","6":"product_brand-kettler","7":"product_cat-rudergeraete","8":"product_tag-kaufen","9":"product_tag-kaufen-neu","10":"product_shipping_class-leicht","11":"tm-no-options","13":"first","14":"outofstock","15":"sale","16":"taxable","17":"shipping-taxable","18":"purchasable","19":"product-type-simple"},"yoast_head":"<!-- This site is optimized with the Yoast SEO plugin v26.3 - https:\/\/yoast.com\/wordpress\/plugins\/seo\/ -->\n<title>Kettler Aqua Rower 700 - Wir vermieten \u00fcbrigens auch Ruderger\u00e4te! - RNTL Fitness<\/title>\n<meta name=\"description\" content=\"Miete, kaufe, oder finanziere f\u00fcr das Ausdauertraining zu Hause den Kettler Aqua Rower 700 bei RNTL. Eines der bliebtesten Ruderger\u00e4te.\" \/>\n<meta name=\"robots\" content=\"index, follow, max-snippet:-1, max-image-preview:large, max-video-preview:-1\" \/>\n<link rel=\"canonical\" href=\"https:\/\/rntl.ch\/fitness\/produkt\/kettler-aqua-rower-700-wir-vermieten-uebrigens-auch-rudergeraete\/\" \/>\n<meta property=\"og:locale\" content=\"de_DE\" \/>\n<meta property=\"og:type\" content=\"article\" \/>\n<meta property=\"og:title\" content=\"Kettler Aqua Rower 700 - Wir vermieten \u00fcbrigens auch Ruderger\u00e4te! - RNTL Fitness\" \/>\n<meta property=\"og:description\" content=\"Miete, kaufe, oder finanziere f\u00fcr das Ausdauertraining zu Hause den Kettler Aqua Rower 700 bei RNTL. Eines der bliebtesten Ruderger\u00e4te.\" \/>\n<meta property=\"og:url\" content=\"https:\/\/rntl.ch\/fitness\/produkt\/kettler-aqua-rower-700-wir-vermieten-uebrigens-auch-rudergeraete\/\" \/>\n<meta property=\"og:site_name\" content=\"RNTL Fitness\" \/>\n<meta property=\"article:modified_time\" content=\"2025-11-29T19:36:40+00:00\" \/>\n<meta property=\"og:image\" content=\"https:\/\/rntl.ch\/fitness\/wp-content\/uploads\/sites\/3\/2020\/08\/RO1033-500-KETTLER-Aquarower-700_1800x1800.jpg\" \/>\n\t<meta property=\"og:image:width\" content=\"1800\" \/>\n\t<meta property=\"og:image:height\" content=\"1800\" \/>\n\t<meta property=\"og:image:type\" content=\"image\/jpeg\" \/>\n<meta name=\"twitter:card\" content=\"summary_large_image\" \/>\n<meta name=\"twitter:label1\" content=\"Gesch\u00e4tzte Lesezeit\" \/>\n\t<meta name=\"twitter:data1\" content=\"1\u00a0Minute\" \/>\n<script type=\"application\/ld+json\" class=\"yoast-schema-graph\">{\"@context\":\"https:\/\/schema.org\",\"@graph\":[{\"@type\":\"WebPage\",\"@id\":\"https:\/\/rntl.ch\/fitness\/produkt\/kettler-aqua-rower-700-wir-vermieten-uebrigens-auch-rudergeraete\/\",\"url\":\"https:\/\/rntl.ch\/fitness\/produkt\/kettler-aqua-rower-700-wir-vermieten-uebrigens-auch-rudergeraete\/\",\"name\":\"Kettler Aqua Rower 700 - Wir vermieten \u00fcbrigens auch Ruderger\u00e4te! - RNTL Fitness\",\"isPartOf\":{\"@id\":\"https:\/\/rntl.ch\/fitness\/#website\"},\"primaryImageOfPage\":{\"@id\":\"https:\/\/rntl.ch\/fitness\/produkt\/kettler-aqua-rower-700-wir-vermieten-uebrigens-auch-rudergeraete\/#primaryimage\"},\"image\":{\"@id\":\"https:\/\/rntl.ch\/fitness\/produkt\/kettler-aqua-rower-700-wir-vermieten-uebrigens-auch-rudergeraete\/#primaryimage\"},\"thumbnailUrl\":\"https:\/\/rntl.ch\/fitness\/wp-content\/uploads\/sites\/3\/2020\/08\/RO1033-500-KETTLER-Aquarower-700_1800x1800.jpg\",\"datePublished\":\"2024-01-05T14:07:19+00:00\",\"dateModified\":\"2025-11-29T19:36:40+00:00\",\"description\":\"Miete, kaufe, oder finanziere f\u00fcr das Ausdauertraining zu Hause den Kettler Aqua Rower 700 bei RNTL. Eines der bliebtesten Ruderger\u00e4te.\",\"breadcrumb\":{\"@id\":\"https:\/\/rntl.ch\/fitness\/produkt\/kettler-aqua-rower-700-wir-vermieten-uebrigens-auch-rudergeraete\/#breadcrumb\"},\"inLanguage\":\"de\",\"potentialAction\":[{\"@type\":\"ReadAction\",\"target\":[\"https:\/\/rntl.ch\/fitness\/produkt\/kettler-aqua-rower-700-wir-vermieten-uebrigens-auch-rudergeraete\/\"]}]},{\"@type\":\"ImageObject\",\"inLanguage\":\"de\",\"@id\":\"https:\/\/rntl.ch\/fitness\/produkt\/kettler-aqua-rower-700-wir-vermieten-uebrigens-auch-rudergeraete\/#primaryimage\",\"url\":\"https:\/\/rntl.ch\/fitness\/wp-content\/uploads\/sites\/3\/2020\/08\/RO1033-500-KETTLER-Aquarower-700_1800x1800.jpg\",\"contentUrl\":\"https:\/\/rntl.ch\/fitness\/wp-content\/uploads\/sites\/3\/2020\/08\/RO1033-500-KETTLER-Aquarower-700_1800x1800.jpg\",\"width\":1800,\"height\":1800},{\"@type\":\"BreadcrumbList\",\"@id\":\"https:\/\/rntl.ch\/fitness\/produkt\/kettler-aqua-rower-700-wir-vermieten-uebrigens-auch-rudergeraete\/#breadcrumb\",\"itemListElement\":[{\"@type\":\"ListItem\",\"position\":1,\"name\":\"Startseite\",\"item\":\"https:\/\/rntl.ch\/fitness\/\"},{\"@type\":\"ListItem\",\"position\":2,\"name\":\"Shop\",\"item\":\"https:\/\/rntl.ch\/fitness\/shop\/\"},{\"@type\":\"ListItem\",\"position\":3,\"name\":\"Kettler Aqua Rower 700 &#8211; Wir vermieten \u00fcbrigens auch Ruderger\u00e4te!\"}]},{\"@type\":\"WebSite\",\"@id\":\"https:\/\/rntl.ch\/fitness\/#website\",\"url\":\"https:\/\/rntl.ch\/fitness\/\",\"name\":\"RNTL Fitness\",\"description\":\"Mieten Einfach Anders\",\"publisher\":{\"@id\":\"https:\/\/rntl.ch\/fitness\/#organization\"},\"potentialAction\":[{\"@type\":\"SearchAction\",\"target\":{\"@type\":\"EntryPoint\",\"urlTemplate\":\"https:\/\/rntl.ch\/fitness\/?s={search_term_string}\"},\"query-input\":{\"@type\":\"PropertyValueSpecification\",\"valueRequired\":true,\"valueName\":\"search_term_string\"}}],\"inLanguage\":\"de\"},{\"@type\":\"Organization\",\"@id\":\"https:\/\/rntl.ch\/fitness\/#organization\",\"name\":\"RNTL Fitness\",\"url\":\"https:\/\/rntl.ch\/fitness\/\",\"logo\":{\"@type\":\"ImageObject\",\"inLanguage\":\"de\",\"@id\":\"https:\/\/rntl.ch\/fitness\/#\/schema\/logo\/image\/\",\"url\":\"https:\/\/rntl.ch\/fitness\/wp-content\/uploads\/sites\/3\/2020\/11\/cropped-rntl_logo_white_530x150.png\",\"contentUrl\":\"https:\/\/rntl.ch\/fitness\/wp-content\/uploads\/sites\/3\/2020\/11\/cropped-rntl_logo_white_530x150.png\",\"width\":530,\"height\":150,\"caption\":\"RNTL Fitness\"},\"image\":{\"@id\":\"https:\/\/rntl.ch\/fitness\/#\/schema\/logo\/image\/\"}}]}<\/script>\n<!-- \/ Yoast SEO plugin. -->","yoast_head_json":{"title":"Kettler Aqua Rower 700 - Wir vermieten \u00fcbrigens auch Ruderger\u00e4te! - RNTL Fitness","description":"Miete, kaufe, oder finanziere f\u00fcr das Ausdauertraining zu Hause den Kettler Aqua Rower 700 bei RNTL. Eines der bliebtesten Ruderger\u00e4te.","robots":{"index":"index","follow":"follow","max-snippet":"max-snippet:-1","max-image-preview":"max-image-preview:large","max-video-preview":"max-video-preview:-1"},"canonical":"https:\/\/rntl.ch\/fitness\/produkt\/kettler-aqua-rower-700-wir-vermieten-uebrigens-auch-rudergeraete\/","og_locale":"de_DE","og_type":"article","og_title":"Kettler Aqua Rower 700 - Wir vermieten \u00fcbrigens auch Ruderger\u00e4te! - RNTL Fitness","og_description":"Miete, kaufe, oder finanziere f\u00fcr das Ausdauertraining zu Hause den Kettler Aqua Rower 700 bei RNTL. Eines der bliebtesten Ruderger\u00e4te.","og_url":"https:\/\/rntl.ch\/fitness\/produkt\/kettler-aqua-rower-700-wir-vermieten-uebrigens-auch-rudergeraete\/","og_site_name":"RNTL Fitness","article_modified_time":"2025-11-29T19:36:40+00:00","og_image":[{"width":1800,"height":1800,"url":"https:\/\/rntl.ch\/fitness\/wp-content\/uploads\/sites\/3\/2020\/08\/RO1033-500-KETTLER-Aquarower-700_1800x1800.jpg","type":"image\/jpeg"}],"twitter_card":"summary_large_image","twitter_misc":{"Gesch\u00e4tzte Lesezeit":"1\u00a0Minute"},"schema":{"@context":"https:\/\/schema.org","@graph":[{"@type":"WebPage","@id":"https:\/\/rntl.ch\/fitness\/produkt\/kettler-aqua-rower-700-wir-vermieten-uebrigens-auch-rudergeraete\/","url":"https:\/\/rntl.ch\/fitness\/produkt\/kettler-aqua-rower-700-wir-vermieten-uebrigens-auch-rudergeraete\/","name":"Kettler Aqua Rower 700 - Wir vermieten \u00fcbrigens auch Ruderger\u00e4te! - RNTL Fitness","isPartOf":{"@id":"https:\/\/rntl.ch\/fitness\/#website"},"primaryImageOfPage":{"@id":"https:\/\/rntl.ch\/fitness\/produkt\/kettler-aqua-rower-700-wir-vermieten-uebrigens-auch-rudergeraete\/#primaryimage"},"image":{"@id":"https:\/\/rntl.ch\/fitness\/produkt\/kettler-aqua-rower-700-wir-vermieten-uebrigens-auch-rudergeraete\/#primaryimage"},"thumbnailUrl":"https:\/\/rntl.ch\/fitness\/wp-content\/uploads\/sites\/3\/2020\/08\/RO1033-500-KETTLER-Aquarower-700_1800x1800.jpg","datePublished":"2024-01-05T14:07:19+00:00","dateModified":"2025-11-29T19:36:40+00:00","description":"Miete, kaufe, oder finanziere f\u00fcr das Ausdauertraining zu Hause den Kettler Aqua Rower 700 bei RNTL. Eines der bliebtesten Ruderger\u00e4te.","breadcrumb":{"@id":"https:\/\/rntl.ch\/fitness\/produkt\/kettler-aqua-rower-700-wir-vermieten-uebrigens-auch-rudergeraete\/#breadcrumb"},"inLanguage":"de","potentialAction":[{"@type":"ReadAction","target":["https:\/\/rntl.ch\/fitness\/produkt\/kettler-aqua-rower-700-wir-vermieten-uebrigens-auch-rudergeraete\/"]}]},{"@type":"ImageObject","inLanguage":"de","@id":"https:\/\/rntl.ch\/fitness\/produkt\/kettler-aqua-rower-700-wir-vermieten-uebrigens-auch-rudergeraete\/#primaryimage","url":"https:\/\/rntl.ch\/fitness\/wp-content\/uploads\/sites\/3\/2020\/08\/RO1033-500-KETTLER-Aquarower-700_1800x1800.jpg","contentUrl":"https:\/\/rntl.ch\/fitness\/wp-content\/uploads\/sites\/3\/2020\/08\/RO1033-500-KETTLER-Aquarower-700_1800x1800.jpg","width":1800,"height":1800},{"@type":"BreadcrumbList","@id":"https:\/\/rntl.ch\/fitness\/produkt\/kettler-aqua-rower-700-wir-vermieten-uebrigens-auch-rudergeraete\/#breadcrumb","itemListElement":[{"@type":"ListItem","position":1,"name":"Startseite","item":"https:\/\/rntl.ch\/fitness\/"},{"@type":"ListItem","position":2,"name":"Shop","item":"https:\/\/rntl.ch\/fitness\/shop\/"},{"@type":"ListItem","position":3,"name":"Kettler Aqua Rower 700 &#8211; Wir vermieten \u00fcbrigens auch Ruderger\u00e4te!"}]},{"@type":"WebSite","@id":"https:\/\/rntl.ch\/fitness\/#website","url":"https:\/\/rntl.ch\/fitness\/","name":"RNTL Fitness","description":"Mieten Einfach Anders","publisher":{"@id":"https:\/\/rntl.ch\/fitness\/#organization"},"potentialAction":[{"@type":"SearchAction","target":{"@type":"EntryPoint","urlTemplate":"https:\/\/rntl.ch\/fitness\/?s={search_term_string}"},"query-input":{"@type":"PropertyValueSpecification","valueRequired":true,"valueName":"search_term_string"}}],"inLanguage":"de"},{"@type":"Organization","@id":"https:\/\/rntl.ch\/fitness\/#organization","name":"RNTL Fitness","url":"https:\/\/rntl.ch\/fitness\/","logo":{"@type":"ImageObject","inLanguage":"de","@id":"https:\/\/rntl.ch\/fitness\/#\/schema\/logo\/image\/","url":"https:\/\/rntl.ch\/fitness\/wp-content\/uploads\/sites\/3\/2020\/11\/cropped-rntl_logo_white_530x150.png","contentUrl":"https:\/\/rntl.ch\/fitness\/wp-content\/uploads\/sites\/3\/2020\/11\/cropped-rntl_logo_white_530x150.png","width":530,"height":150,"caption":"RNTL Fitness"},"image":{"@id":"https:\/\/rntl.ch\/fitness\/#\/schema\/logo\/image\/"}}]}},"_links":{"self":[{"href":"https:\/\/rntl.ch\/fitness\/wp-json\/wp\/v2\/product\/26446","targetHints":{"allow":["GET"]}}],"collection":[{"href":"https:\/\/rntl.ch\/fitness\/wp-json\/wp\/v2\/product"}],"about":[{"href":"https:\/\/rntl.ch\/fitness\/wp-json\/wp\/v2\/types\/product"}],"version-history":[{"count":3,"href":"https:\/\/rntl.ch\/fitness\/wp-json\/wp\/v2\/product\/26446\/revisions"}],"predecessor-version":[{"id":36368,"href":"https:\/\/rntl.ch\/fitness\/wp-json\/wp\/v2\/product\/26446\/revisions\/36368"}],"wp:featuredmedia":[{"embeddable":true,"href":"https:\/\/rntl.ch\/fitness\/wp-json\/wp\/v2\/media\/8072"}],"wp:attachment":[{"href":"https:\/\/rntl.ch\/fitness\/wp-json\/wp\/v2\/media?parent=26446"}],"wp:term":[{"taxonomy":"product_brand","embeddable":true,"href":"https:\/\/rntl.ch\/fitness\/wp-json\/wp\/v2\/product_brand?post=26446"},{"taxonomy":"product_cat","embeddable":true,"href":"https:\/\/rntl.ch\/fitness\/wp-json\/wp\/v2\/product_cat?post=26446"},{"taxonomy":"product_tag","embeddable":true,"href":"https:\/\/rntl.ch\/fitness\/wp-json\/wp\/v2\/product_tag?post=26446"}],"curies":[{"name":"wp","href":"https:\/\/api.w.org\/{rel}","templated":true}]}}