{"id":26889,"date":"2024-01-25T13:57:44","date_gmt":"2024-01-25T12:57:44","guid":{"rendered":"https:\/\/rntl.ch\/fitness\/?post_type=product&#038;p=26889"},"modified":"2025-11-06T14:17:11","modified_gmt":"2025-11-06T13:17:11","slug":"kettler-multigym-plus","status":"publish","type":"product","link":"https:\/\/rntl.ch\/fitness\/produkt\/kettler-multigym-plus\/","title":{"rendered":"Kettler MULTIGYM PLUS"},"content":{"rendered":"<p>Die Kraftstation MULTIGYM PLUS ist die ideale Basis f\u00fcr ein vielf\u00e4ltiges und anspruchsvolles Krafttraining wie im Fitnessstudio. Das Allroundtalent erlaubt dir ein h\u00f6chst abwechslungsreiches Workout-Programm f\u00fcr alle Muskelgruppen. Ob Bankdr\u00fccken, Butterflies, beidarmiges Rudern oder Latissimus-\u00dcbungen \u2013 die MULTIGYM PLUS bietet 31 verschiedene Trainingsm\u00f6glichkeiten. Die Hand- und Fussschlaufen er\u00f6ffnen dir verschiedene Seilzug\u00fcbungen, und die Seilzugstation ist ideal f\u00fcr Trizeps\u00fcbungen sowie Bauchmuskeleinheiten.<\/p>\n<p>Dank der Aufteilung der 80 Kilo Widerstand in kleine 16 x 5 Kilo-Gewichte ist wirklich f\u00fcr jedes Leistungsniveau ein individuelles Training m\u00f6glich. Fussschlaufe, Bizeps-Curlstange und Gewichte geh\u00f6ren zur Standardausstattung der MULTIGYM PLUS.<\/p>\n<p>Die Kraftstation \u00fcberzeugt insbesondere durch das 3D-Flex Motion-System f\u00fcr ein variantenreiches Seilzugtraining wie zum Beispiel Flies, Crunches, Armcurl, Beinadduktion, Beinabduktion und viele andere.<\/p>\n<p>Zus\u00e4tzliche Vielfalt bringen auch die freien Seilzug\u00fcbungen mit, welche mit den seitlichen Armen durchgef\u00fchrt werden. Durch die n\u00f6tige Balance trainierst du auch bis dahin unbeteiligte Muskelpartien. Die kompakte Kraftstation ist nur zwei Meter hoch und eignet sich dementsprechend auch f\u00fcr niedrige Deckenh\u00f6hen. Der h\u00f6henverstellbare Sitz das dreiteilige R\u00fcckenpolster sorgen f\u00fcr einen bequemen Sitz bei deinen \u00dcbungen.<\/p>\n<p>Die MULTIGYM PLUS bringt dank cleverer Bauart ein ganzes Fitnessstudio in dein Zuhause!<\/p>\n<p><span class=\"text size-smaller weight-medium\">AUFSTELLMASSE LXBXH: <\/span><span class=\"text size-smaller\">181 \u00d7 156 \u00d7 200 cm<\/span><\/p>\n<div class=\"kettler-product-info-col\">\n<div class=\"kettler-product-info-attribute\"><span class=\"text size-smaller weight-medium\">PRODUKTGEWICHT: <\/span><span class=\"text size-smaller\">160 kg<\/span><\/div>\n<\/div>\n<div class=\"kettler-product-info-col\">\n<div class=\"kettler-product-info-attribute\"><span class=\"text size-smaller weight-medium\">MAXIMALE GEWICHTSBELASTUNG: <\/span><span class=\"text size-smaller\">130 kg<\/span><\/div>\n<\/div>\n<div class=\"kettler-product-info-col\">\n<div class=\"kettler-product-info-attribute\"><span class=\"text size-smaller weight-medium\">GEWICHTSBLOCK: <\/span><span class=\"text size-smaller\">80 kg (16 x 5 kg, 3D-Flex-Motion: 2 x 40 kg)<\/span><\/div>\n<\/div>\n<div class=\"kettler-product-info-col\">\n<div class=\"kettler-product-info-attribute\"><span class=\"text size-smaller weight-medium\">ANZAHL \u00dcBUNGEN: <\/span><span class=\"text size-smaller\">31<\/span><\/div>\n<\/div>\n<div class=\"kettler-product-info-col\">\n<div class=\"kettler-product-info-attribute\"><span class=\"text size-smaller weight-medium\">\u00dcBUNGEN: <\/span><span class=\"text size-smaller\">Abduktor Flexion sitzend, Abduktor Flexion stehend, Adduktor Flexion sitzend, Adduktor Flexion stehend, Bankdr\u00fccken, Beinbeugen, Beinheben, Beinstrecken, Bizeps Curl, Bizeps Curl \u00fcber Kopf, Brustdr\u00fccken am Seilzug, Crunches am Seilzug, Fliegende Bewegung, Fliegende Bewegung r\u00fcckw\u00e4rts, Frontheben, Frontziehen, Hammer Bizeps Curl, Vorn\u00fcber gebeugtes Rudern, H\u00fcftstrecken am Seilzug, H\u00fcftbeugen am Seilzug, Kreuzziehen, Rudern am Seilzug, Latissimuszug, Rudern an der Maschine, Schulteraussenrotation, Schulterdr\u00fccken, Schulterinnenrotation, Seitheben, Seitneigen, Trizepsdr\u00fccken, \u00dcberz\u00fcge<\/span><\/div>\n<\/div>\n<div class=\"kettler-product-info-col\">\n<div class=\"kettler-product-info-attribute\"><span class=\"text size-smaller weight-medium\">R\u00dcCKENPOLSTER: <\/span><span class=\"text size-smaller\">verstellbares Mittelteil<\/span><\/div>\n<\/div>\n<div class=\"kettler-product-info-col\">\n<div class=\"kettler-product-info-attribute\"><span class=\"text size-smaller weight-medium\">AUSSTATTUNG: <\/span><span class=\"text size-smaller\">Hand-\/Fussschlaufe und Bizeps-Curlstange inklusive<\/span><\/div>\n<\/div>\n<div class=\"kettler-product-info-col\">\n<div class=\"kettler-product-info-attribute\"><span class=\"text size-smaller weight-medium\">FARBEN: <\/span><span class=\"text size-smaller\">Schwarz<\/span><\/div>\n<\/div>\n","protected":false},"excerpt":{"rendered":"<ul class=\"is-style-default\">\n<li>Deine Studio-Kraftstation f\u00fcr zu Hause<\/li>\n<li>80 Kilo Widerstand in 5-Kilo-Schritten abrufbar, Seilzug mit 3D-Flex Motion-System<\/li>\n<li>31 Kraft\u00fcbungen f\u00fcr ein effizientes Ganzk\u00f6rpertraining<\/li>\n<\/ul>\n<p><strong>Kaufpreis [woo_custom_field id=\"rntl_retail_price_field\"].-<\/strong><\/p>\n[rntl_page_content id=\"14687\"]\n<div class=\"woocommerce-product-details__short-description\">\n<p>&nbsp;<\/p>\n<\/div>\n","protected":false},"featured_media":26894,"template":"","meta":{"content-type":""},"product_brand":[155],"product_cat":[27],"product_tag":[112],"class_list":{"0":"post-26889","1":"product","2":"type-product","3":"status-publish","4":"has-post-thumbnail","6":"product_brand-kettler","7":"product_cat-krafttraining","8":"product_tag-mieten","9":"product_shipping_class-schwer","10":"tm-no-options","12":"first","13":"outofstock","14":"taxable","15":"shipping-taxable","16":"purchasable","17":"product-type-variable-subscription","18":"has-default-attributes"},"yoast_head":"<!-- This site is optimized with the Yoast SEO plugin v26.3 - https:\/\/yoast.com\/wordpress\/plugins\/seo\/ -->\n<title>Kettler MULTIGYM PLUS - RNTL Fitness<\/title>\n<meta name=\"description\" content=\"Miete, kaufe, oder finanziere f\u00fcr das Training zu Hause den Kettler MULTIGYM PLUS bei RNTL. Ein klassiker unter den Crosstrainern.\" \/>\n<meta name=\"robots\" content=\"index, follow, max-snippet:-1, max-image-preview:large, max-video-preview:-1\" \/>\n<link rel=\"canonical\" href=\"https:\/\/rntl.ch\/fitness\/produkt\/kettler-multigym-plus\/\" \/>\n<meta property=\"og:locale\" content=\"de_DE\" \/>\n<meta property=\"og:type\" content=\"article\" \/>\n<meta property=\"og:title\" content=\"Kettler MULTIGYM PLUS - RNTL Fitness\" \/>\n<meta property=\"og:description\" content=\"Miete, kaufe, oder finanziere f\u00fcr das Training zu Hause den Kettler MULTIGYM PLUS bei RNTL. Ein klassiker unter den Crosstrainern.\" \/>\n<meta property=\"og:url\" content=\"https:\/\/rntl.ch\/fitness\/produkt\/kettler-multigym-plus\/\" \/>\n<meta property=\"og:site_name\" content=\"RNTL Fitness\" \/>\n<meta property=\"article:modified_time\" content=\"2025-11-06T13:17:11+00:00\" \/>\n<meta property=\"og:image\" content=\"https:\/\/rntl.ch\/fitness\/wp-content\/uploads\/sites\/3\/2024\/01\/1-9.png\" \/>\n\t<meta property=\"og:image:width\" content=\"800\" \/>\n\t<meta property=\"og:image:height\" content=\"800\" \/>\n\t<meta property=\"og:image:type\" content=\"image\/png\" \/>\n<meta name=\"twitter:card\" content=\"summary_large_image\" \/>\n<meta name=\"twitter:label1\" content=\"Gesch\u00e4tzte Lesezeit\" \/>\n\t<meta name=\"twitter:data1\" content=\"2\u00a0Minuten\" \/>\n<script type=\"application\/ld+json\" class=\"yoast-schema-graph\">{\"@context\":\"https:\/\/schema.org\",\"@graph\":[{\"@type\":\"WebPage\",\"@id\":\"https:\/\/rntl.ch\/fitness\/produkt\/kettler-multigym-plus\/\",\"url\":\"https:\/\/rntl.ch\/fitness\/produkt\/kettler-multigym-plus\/\",\"name\":\"Kettler MULTIGYM PLUS - RNTL Fitness\",\"isPartOf\":{\"@id\":\"https:\/\/rntl.ch\/fitness\/#website\"},\"primaryImageOfPage\":{\"@id\":\"https:\/\/rntl.ch\/fitness\/produkt\/kettler-multigym-plus\/#primaryimage\"},\"image\":{\"@id\":\"https:\/\/rntl.ch\/fitness\/produkt\/kettler-multigym-plus\/#primaryimage\"},\"thumbnailUrl\":\"https:\/\/rntl.ch\/fitness\/wp-content\/uploads\/sites\/3\/2024\/01\/1-9.png\",\"datePublished\":\"2024-01-25T12:57:44+00:00\",\"dateModified\":\"2025-11-06T13:17:11+00:00\",\"description\":\"Miete, kaufe, oder finanziere f\u00fcr das Training zu Hause den Kettler MULTIGYM PLUS bei RNTL. Ein klassiker unter den Crosstrainern.\",\"breadcrumb\":{\"@id\":\"https:\/\/rntl.ch\/fitness\/produkt\/kettler-multigym-plus\/#breadcrumb\"},\"inLanguage\":\"de\",\"potentialAction\":[{\"@type\":\"ReadAction\",\"target\":[\"https:\/\/rntl.ch\/fitness\/produkt\/kettler-multigym-plus\/\"]}]},{\"@type\":\"ImageObject\",\"inLanguage\":\"de\",\"@id\":\"https:\/\/rntl.ch\/fitness\/produkt\/kettler-multigym-plus\/#primaryimage\",\"url\":\"https:\/\/rntl.ch\/fitness\/wp-content\/uploads\/sites\/3\/2024\/01\/1-9.png\",\"contentUrl\":\"https:\/\/rntl.ch\/fitness\/wp-content\/uploads\/sites\/3\/2024\/01\/1-9.png\",\"width\":800,\"height\":800},{\"@type\":\"BreadcrumbList\",\"@id\":\"https:\/\/rntl.ch\/fitness\/produkt\/kettler-multigym-plus\/#breadcrumb\",\"itemListElement\":[{\"@type\":\"ListItem\",\"position\":1,\"name\":\"Startseite\",\"item\":\"https:\/\/rntl.ch\/fitness\/\"},{\"@type\":\"ListItem\",\"position\":2,\"name\":\"Shop\",\"item\":\"https:\/\/rntl.ch\/fitness\/shop\/\"},{\"@type\":\"ListItem\",\"position\":3,\"name\":\"Kettler MULTIGYM PLUS\"}]},{\"@type\":\"WebSite\",\"@id\":\"https:\/\/rntl.ch\/fitness\/#website\",\"url\":\"https:\/\/rntl.ch\/fitness\/\",\"name\":\"RNTL Fitness\",\"description\":\"Mieten Einfach Anders\",\"publisher\":{\"@id\":\"https:\/\/rntl.ch\/fitness\/#organization\"},\"potentialAction\":[{\"@type\":\"SearchAction\",\"target\":{\"@type\":\"EntryPoint\",\"urlTemplate\":\"https:\/\/rntl.ch\/fitness\/?s={search_term_string}\"},\"query-input\":{\"@type\":\"PropertyValueSpecification\",\"valueRequired\":true,\"valueName\":\"search_term_string\"}}],\"inLanguage\":\"de\"},{\"@type\":\"Organization\",\"@id\":\"https:\/\/rntl.ch\/fitness\/#organization\",\"name\":\"RNTL Fitness\",\"url\":\"https:\/\/rntl.ch\/fitness\/\",\"logo\":{\"@type\":\"ImageObject\",\"inLanguage\":\"de\",\"@id\":\"https:\/\/rntl.ch\/fitness\/#\/schema\/logo\/image\/\",\"url\":\"https:\/\/rntl.ch\/fitness\/wp-content\/uploads\/sites\/3\/2020\/11\/cropped-rntl_logo_white_530x150.png\",\"contentUrl\":\"https:\/\/rntl.ch\/fitness\/wp-content\/uploads\/sites\/3\/2020\/11\/cropped-rntl_logo_white_530x150.png\",\"width\":530,\"height\":150,\"caption\":\"RNTL Fitness\"},\"image\":{\"@id\":\"https:\/\/rntl.ch\/fitness\/#\/schema\/logo\/image\/\"}}]}<\/script>\n<!-- \/ Yoast SEO plugin. -->","yoast_head_json":{"title":"Kettler MULTIGYM PLUS - RNTL Fitness","description":"Miete, kaufe, oder finanziere f\u00fcr das Training zu Hause den Kettler MULTIGYM PLUS bei RNTL. Ein klassiker unter den Crosstrainern.","robots":{"index":"index","follow":"follow","max-snippet":"max-snippet:-1","max-image-preview":"max-image-preview:large","max-video-preview":"max-video-preview:-1"},"canonical":"https:\/\/rntl.ch\/fitness\/produkt\/kettler-multigym-plus\/","og_locale":"de_DE","og_type":"article","og_title":"Kettler MULTIGYM PLUS - RNTL Fitness","og_description":"Miete, kaufe, oder finanziere f\u00fcr das Training zu Hause den Kettler MULTIGYM PLUS bei RNTL. Ein klassiker unter den Crosstrainern.","og_url":"https:\/\/rntl.ch\/fitness\/produkt\/kettler-multigym-plus\/","og_site_name":"RNTL Fitness","article_modified_time":"2025-11-06T13:17:11+00:00","og_image":[{"width":800,"height":800,"url":"https:\/\/rntl.ch\/fitness\/wp-content\/uploads\/sites\/3\/2024\/01\/1-9.png","type":"image\/png"}],"twitter_card":"summary_large_image","twitter_misc":{"Gesch\u00e4tzte Lesezeit":"2\u00a0Minuten"},"schema":{"@context":"https:\/\/schema.org","@graph":[{"@type":"WebPage","@id":"https:\/\/rntl.ch\/fitness\/produkt\/kettler-multigym-plus\/","url":"https:\/\/rntl.ch\/fitness\/produkt\/kettler-multigym-plus\/","name":"Kettler MULTIGYM PLUS - RNTL Fitness","isPartOf":{"@id":"https:\/\/rntl.ch\/fitness\/#website"},"primaryImageOfPage":{"@id":"https:\/\/rntl.ch\/fitness\/produkt\/kettler-multigym-plus\/#primaryimage"},"image":{"@id":"https:\/\/rntl.ch\/fitness\/produkt\/kettler-multigym-plus\/#primaryimage"},"thumbnailUrl":"https:\/\/rntl.ch\/fitness\/wp-content\/uploads\/sites\/3\/2024\/01\/1-9.png","datePublished":"2024-01-25T12:57:44+00:00","dateModified":"2025-11-06T13:17:11+00:00","description":"Miete, kaufe, oder finanziere f\u00fcr das Training zu Hause den Kettler MULTIGYM PLUS bei RNTL. Ein klassiker unter den Crosstrainern.","breadcrumb":{"@id":"https:\/\/rntl.ch\/fitness\/produkt\/kettler-multigym-plus\/#breadcrumb"},"inLanguage":"de","potentialAction":[{"@type":"ReadAction","target":["https:\/\/rntl.ch\/fitness\/produkt\/kettler-multigym-plus\/"]}]},{"@type":"ImageObject","inLanguage":"de","@id":"https:\/\/rntl.ch\/fitness\/produkt\/kettler-multigym-plus\/#primaryimage","url":"https:\/\/rntl.ch\/fitness\/wp-content\/uploads\/sites\/3\/2024\/01\/1-9.png","contentUrl":"https:\/\/rntl.ch\/fitness\/wp-content\/uploads\/sites\/3\/2024\/01\/1-9.png","width":800,"height":800},{"@type":"BreadcrumbList","@id":"https:\/\/rntl.ch\/fitness\/produkt\/kettler-multigym-plus\/#breadcrumb","itemListElement":[{"@type":"ListItem","position":1,"name":"Startseite","item":"https:\/\/rntl.ch\/fitness\/"},{"@type":"ListItem","position":2,"name":"Shop","item":"https:\/\/rntl.ch\/fitness\/shop\/"},{"@type":"ListItem","position":3,"name":"Kettler MULTIGYM PLUS"}]},{"@type":"WebSite","@id":"https:\/\/rntl.ch\/fitness\/#website","url":"https:\/\/rntl.ch\/fitness\/","name":"RNTL Fitness","description":"Mieten Einfach Anders","publisher":{"@id":"https:\/\/rntl.ch\/fitness\/#organization"},"potentialAction":[{"@type":"SearchAction","target":{"@type":"EntryPoint","urlTemplate":"https:\/\/rntl.ch\/fitness\/?s={search_term_string}"},"query-input":{"@type":"PropertyValueSpecification","valueRequired":true,"valueName":"search_term_string"}}],"inLanguage":"de"},{"@type":"Organization","@id":"https:\/\/rntl.ch\/fitness\/#organization","name":"RNTL Fitness","url":"https:\/\/rntl.ch\/fitness\/","logo":{"@type":"ImageObject","inLanguage":"de","@id":"https:\/\/rntl.ch\/fitness\/#\/schema\/logo\/image\/","url":"https:\/\/rntl.ch\/fitness\/wp-content\/uploads\/sites\/3\/2020\/11\/cropped-rntl_logo_white_530x150.png","contentUrl":"https:\/\/rntl.ch\/fitness\/wp-content\/uploads\/sites\/3\/2020\/11\/cropped-rntl_logo_white_530x150.png","width":530,"height":150,"caption":"RNTL Fitness"},"image":{"@id":"https:\/\/rntl.ch\/fitness\/#\/schema\/logo\/image\/"}}]}},"_links":{"self":[{"href":"https:\/\/rntl.ch\/fitness\/wp-json\/wp\/v2\/product\/26889","targetHints":{"allow":["GET"]}}],"collection":[{"href":"https:\/\/rntl.ch\/fitness\/wp-json\/wp\/v2\/product"}],"about":[{"href":"https:\/\/rntl.ch\/fitness\/wp-json\/wp\/v2\/types\/product"}],"version-history":[{"count":1,"href":"https:\/\/rntl.ch\/fitness\/wp-json\/wp\/v2\/product\/26889\/revisions"}],"predecessor-version":[{"id":36542,"href":"https:\/\/rntl.ch\/fitness\/wp-json\/wp\/v2\/product\/26889\/revisions\/36542"}],"wp:featuredmedia":[{"embeddable":true,"href":"https:\/\/rntl.ch\/fitness\/wp-json\/wp\/v2\/media\/26894"}],"wp:attachment":[{"href":"https:\/\/rntl.ch\/fitness\/wp-json\/wp\/v2\/media?parent=26889"}],"wp:term":[{"taxonomy":"product_brand","embeddable":true,"href":"https:\/\/rntl.ch\/fitness\/wp-json\/wp\/v2\/product_brand?post=26889"},{"taxonomy":"product_cat","embeddable":true,"href":"https:\/\/rntl.ch\/fitness\/wp-json\/wp\/v2\/product_cat?post=26889"},{"taxonomy":"product_tag","embeddable":true,"href":"https:\/\/rntl.ch\/fitness\/wp-json\/wp\/v2\/product_tag?post=26889"}],"curies":[{"name":"wp","href":"https:\/\/api.w.org\/{rel}","templated":true}]}}