{"id":29164,"date":"2024-07-10T11:20:40","date_gmt":"2024-07-10T09:20:40","guid":{"rendered":"https:\/\/rntl.ch\/fitness\/?post_type=product&#038;p=29164"},"modified":"2024-07-10T15:08:41","modified_gmt":"2024-07-10T13:08:41","slug":"hammer-varon-xtr-ii-wattgesteuertes-training-fuer-deine-gesundheit-und-fitness","status":"publish","type":"product","link":"https:\/\/rntl.ch\/fitness\/produkt\/hammer-varon-xtr-ii-wattgesteuertes-training-fuer-deine-gesundheit-und-fitness\/","title":{"rendered":"Hammer Varon XTR II \u2013 Wattgesteuertes Training f\u00fcr deine Gesundheit und Fitness!"},"content":{"rendered":"<h3><b>Benutzerfreundliches XL-Display<\/b><\/h3>\n<h3><span style=\"font-weight: 400;\">Der Trainingscomputer ist einfach zu bedienen und bietet Schnellwahltasten, damit du sofort mit dem Training starten kannst.<\/span><\/h3>\n<h3><b>Pr\u00e4mierte Technik<\/b><\/h3>\n<h3><span style=\"font-weight: 400;\">Mit der bew\u00e4hrten Exum-Technologie, die von Stiftung Warentest ausgezeichnet wurde, kannst du auf h\u00f6chste Wattgenauigkeit vertrauen.<\/span><\/h3>\n<h3><b>Kinomap &amp; Zwift Kompatibilit\u00e4t<\/b><\/h3>\n<h3><span style=\"font-weight: 400;\">Das Varon XTR II bietet dir ein digitales Premium-Paket mit den beliebtesten Apps. Erkunde weltweite Strecken und lass dich von realistischen Landschaften inspirieren.<\/span><\/h3>\n<h3><b>Wattbasiertes Fitnesstraining<\/b><\/h3>\n<h3><span style=\"font-weight: 400;\">Individuell anpassbar von 25 bis 400 Watt, einstellbar in 5-Watt-Schritten, f\u00fcr stetig steigende Trainingsintensit\u00e4t.<\/span><\/h3>\n<h3><b>Gesunde Wirbels\u00e4ule<\/b><\/h3>\n<h3><span style=\"font-weight: 400;\">Frei justierbare Anpassung des Lenkers f\u00fcr eine r\u00fcckenfreundliche Trainingsposition.<\/span><\/h3>\n<h3><b>Herzgesundheit im Fokus<\/b><\/h3>\n<h3><span style=\"font-weight: 400;\">Automatische Widerstandsanpassung bei Erreichen einer eingestellten Pulsobergrenze f\u00fcr sichere Workouts.<\/span><\/h3>\n<h3><b>Komfortables Auf- und Absteigen<\/b><\/h3>\n<h3><span style=\"font-weight: 400;\">Ergonomischer, tiefer Einstieg f\u00fcr problemloses Auf- und Absteigen, unabh\u00e4ngig von der Fitnessstufe.<\/span><\/h3>\n<h3><b>Fl\u00fcsterleise und Wartungsfrei<\/b><\/h3>\n<h3><span style=\"font-weight: 400;\">Die 8 kg Schwungmasse und das elektrische Bremssystem sorgen f\u00fcr einen runden und gleichm\u00e4\u00dfigen Bewegungsablauf ohne st\u00f6rende Ger\u00e4usche.<\/span><\/h3>\n<h3><b>Bequemer Ergo-Sattel<\/b><\/h3>\n<h3><span style=\"font-weight: 400;\">Verstellbare H\u00f6henanpassung sowie horizontale und vertikale Anpassungsm\u00f6glichkeiten f\u00fcr optimalen Trainingskomfort.<\/span><\/h3>\n<h3><\/h3>\n<h3><b>Extra Grip<\/b><\/h3>\n<h3><span style=\"font-weight: 400;\">Gummierte Pedale f\u00fcr mehr Sicherheit und perfekte Kraft\u00fcbertragung.<\/span><\/h3>\n<h3><b>Technische Details<\/b><\/h3>\n<h3><span style=\"font-weight: 400;\">&#8211; Farbe: Schwarz<\/span><\/h3>\n<h3><span style=\"font-weight: 400;\">&#8211; Material: Stahl\/Kunststoff<\/span><\/h3>\n<h3><span style=\"font-weight: 400;\">&#8211; Gewicht: 40 kg<\/span><\/h3>\n<h3><span style=\"font-weight: 400;\">&#8211; Computer: Wattgesteuert, LCD &#8211; Black Backlight<\/span><\/h3>\n<h3><span style=\"font-weight: 400;\">&#8211; Multimedia: App, Bluetooth, Tablethalterung, USB<\/span><\/h3>\n<h3><span style=\"font-weight: 400;\">&#8211; Pulsart: Ohrpuls<\/span><\/h3>\n<h3><span style=\"font-weight: 400;\">&#8211; Compatible Apps:Kinomap, Zwift<\/span><\/h3>\n<h3><span style=\"font-weight: 400;\">&#8211; Angezeigte Werte: Distanz, Geschwindigkeit, Herzfrequenz, Kalorienverbrauch, Umdrehungen pro Minute, Watt, Widerstandsstufe, Zeit<\/span><\/h3>\n<h3><span style=\"font-weight: 400;\">&#8211; Trainingsprogramme:16<\/span><\/h3>\n<h3><span style=\"font-weight: 400;\">&#8211; Herzfrequenzprogramme: 3<\/span><\/h3>\n<h3><span style=\"font-weight: 400;\">&#8211; Manuelle Programme: 1<\/span><\/h3>\n<h3><span style=\"font-weight: 400;\">&#8211; User: 4<\/span><\/h3>\n<h3><span style=\"font-weight: 400;\">&#8211; Antriebssystem: Rillenriemen<\/span><\/h3>\n<h3><span style=\"font-weight: 400;\">&#8211; Belastungsregelung: Drehzahlunabh\u00e4ngig<\/span><\/h3>\n<h3><span style=\"font-weight: 400;\">&#8211; Bremssystem: Induktionsbremssystem<\/span><\/h3>\n<h3><span style=\"font-weight: 400;\">&#8211; Widerstandseinstellung: Computergesteuert<\/span><\/h3>\n<h3><span style=\"font-weight: 400;\">&#8211; Schwungmasse: 8 kg<\/span><\/h3>\n<h3><span style=\"font-weight: 400;\">&#8211; Freilauf: Ja<\/span><\/h3>\n<h3><span style=\"font-weight: 400;\">&#8211; Ma\u00dfe (L x B x H): 102 x 55 x 125 cm<\/span><\/h3>\n<h3><span style=\"font-weight: 400;\">&#8211; Max. K\u00f6rpergewicht: 150 kg<\/span><\/h3>\n<h3><span style=\"font-weight: 400;\">&#8211; Sonstige Features: Transportrollen, 21 cm Kurbell\u00e4nge, 20 cm Pedalabstand, 10 Stufen Sattelh\u00f6henverstellung, Horizontal\/Neigbar\/Vertikal Sattelverstellung, Horizontal Lenkerverstellung<\/span><\/h3>\n<h3><span style=\"font-weight: 400;\">&#8211; Leistung: 20 &#8211; 400 Watt<\/span><\/h3>\n<h3><span style=\"font-weight: 400;\">&#8211; Stromversorgung:\u00a0 230V, 50Hz<\/span><\/h3>\n<h3><span style=\"font-weight: 400;\">&#8211; DIN Norm: DIN EN ISO 20957 -1\/5<\/span><\/h3>\n<h3><b>Garantie<\/b><\/h3>\n<h3><span style=\"font-weight: 400;\">\u00a0\u00a0&#8211; Produkt: 2 Jahre<\/span><\/h3>\n<h3><span style=\"font-weight: 400;\">\u00a0\u00a0&#8211; Hauptrahmen: 10 Jahre<\/span><\/h3>\n<h3>https:\/\/youtu.be\/Ypvj-49xXd0<\/h3>\n","protected":false},"excerpt":{"rendered":"<p><span style=\"font-weight: 400;\">Entdecke das Varon XTR II, das ideale Ergometer f\u00fcr ein effektives und gesundheitsorientiertes Training zu Hause. Mit seiner drehzahlunabh\u00e4ngigen Induktionsbrems-Technik erm\u00f6glicht es pr\u00e4zises, puls- und wattgesteuertes Herz-Kreislauf-Training. Egal ob du deine Ausdauer steigern, abnehmen oder deine Fitness verbessern m\u00f6chtest, dieses Ergometer bietet dir alles, was du brauchst.<\/span><\/p>\n<p><strong>Kaufpreis [woo_custom_field id=\"rntl_retail_price_field\"].-<\/strong><\/p>\n[rntl_page_content id=\"14687\"]\n<div class=\"woocommerce-product-details__short-description\">\n<p>&nbsp;<\/p>\n<\/div>\n","protected":false},"featured_media":29176,"template":"","meta":{"content-type":""},"product_brand":[],"product_cat":[25],"product_tag":[112],"class_list":{"0":"post-29164","1":"product","2":"type-product","3":"status-publish","4":"has-post-thumbnail","6":"product_cat-hometrainer","7":"product_tag-mieten","8":"product_shipping_class-leicht","9":"tm-no-options","11":"first","12":"instock","13":"taxable","14":"shipping-taxable","15":"purchasable","16":"product-type-variable-subscription","17":"has-default-attributes"},"yoast_head":"<!-- This site is optimized with the Yoast SEO plugin v26.3 - https:\/\/yoast.com\/wordpress\/plugins\/seo\/ -->\n<title>Hammer Varon XTR II \u2013 Wattgesteuertes Training f\u00fcr deine Gesundheit und Fitness! - RNTL Fitness<\/title>\n<meta name=\"description\" content=\"Erlebe effektives Training mit dem Varon XTR II Ergometer. Genie\u00dfe pr\u00e4zises, wattgesteuertes Herz-Kreislauf-Training, Kompatibilit\u00e4t mit Kinomap &amp; Zwift und benutzerfreundliches Design. Perfekt f\u00fcr zu Hause!\" \/>\n<meta name=\"robots\" content=\"index, follow, max-snippet:-1, max-image-preview:large, max-video-preview:-1\" \/>\n<link rel=\"canonical\" href=\"https:\/\/rntl.ch\/fitness\/produkt\/hammer-varon-xtr-ii-wattgesteuertes-training-fuer-deine-gesundheit-und-fitness\/\" \/>\n<meta property=\"og:locale\" content=\"de_DE\" \/>\n<meta property=\"og:type\" content=\"article\" \/>\n<meta property=\"og:title\" content=\"Hammer Varon XTR II \u2013 Wattgesteuertes Training f\u00fcr deine Gesundheit und Fitness! - RNTL Fitness\" \/>\n<meta property=\"og:description\" content=\"Erlebe effektives Training mit dem Varon XTR II Ergometer. Genie\u00dfe pr\u00e4zises, wattgesteuertes Herz-Kreislauf-Training, Kompatibilit\u00e4t mit Kinomap &amp; Zwift und benutzerfreundliches Design. Perfekt f\u00fcr zu Hause!\" \/>\n<meta property=\"og:url\" content=\"https:\/\/rntl.ch\/fitness\/produkt\/hammer-varon-xtr-ii-wattgesteuertes-training-fuer-deine-gesundheit-und-fitness\/\" \/>\n<meta property=\"og:site_name\" content=\"RNTL Fitness\" \/>\n<meta property=\"article:modified_time\" content=\"2024-07-10T13:08:41+00:00\" \/>\n<meta property=\"og:image\" content=\"https:\/\/rntl.ch\/fitness\/wp-content\/uploads\/sites\/3\/2024\/07\/1-10.png\" \/>\n\t<meta property=\"og:image:width\" content=\"800\" \/>\n\t<meta property=\"og:image:height\" content=\"800\" \/>\n\t<meta property=\"og:image:type\" content=\"image\/png\" \/>\n<meta name=\"twitter:card\" content=\"summary_large_image\" \/>\n<meta name=\"twitter:label1\" content=\"Gesch\u00e4tzte Lesezeit\" \/>\n\t<meta name=\"twitter:data1\" content=\"2\u00a0Minuten\" \/>\n<script type=\"application\/ld+json\" class=\"yoast-schema-graph\">{\"@context\":\"https:\/\/schema.org\",\"@graph\":[{\"@type\":\"WebPage\",\"@id\":\"https:\/\/rntl.ch\/fitness\/produkt\/hammer-varon-xtr-ii-wattgesteuertes-training-fuer-deine-gesundheit-und-fitness\/\",\"url\":\"https:\/\/rntl.ch\/fitness\/produkt\/hammer-varon-xtr-ii-wattgesteuertes-training-fuer-deine-gesundheit-und-fitness\/\",\"name\":\"Hammer Varon XTR II \u2013 Wattgesteuertes Training f\u00fcr deine Gesundheit und Fitness! - RNTL Fitness\",\"isPartOf\":{\"@id\":\"https:\/\/rntl.ch\/fitness\/#website\"},\"primaryImageOfPage\":{\"@id\":\"https:\/\/rntl.ch\/fitness\/produkt\/hammer-varon-xtr-ii-wattgesteuertes-training-fuer-deine-gesundheit-und-fitness\/#primaryimage\"},\"image\":{\"@id\":\"https:\/\/rntl.ch\/fitness\/produkt\/hammer-varon-xtr-ii-wattgesteuertes-training-fuer-deine-gesundheit-und-fitness\/#primaryimage\"},\"thumbnailUrl\":\"https:\/\/rntl.ch\/fitness\/wp-content\/uploads\/sites\/3\/2024\/07\/1-10.png\",\"datePublished\":\"2024-07-10T09:20:40+00:00\",\"dateModified\":\"2024-07-10T13:08:41+00:00\",\"description\":\"Erlebe effektives Training mit dem Varon XTR II Ergometer. Genie\u00dfe pr\u00e4zises, wattgesteuertes Herz-Kreislauf-Training, Kompatibilit\u00e4t mit Kinomap & Zwift und benutzerfreundliches Design. Perfekt f\u00fcr zu Hause!\",\"breadcrumb\":{\"@id\":\"https:\/\/rntl.ch\/fitness\/produkt\/hammer-varon-xtr-ii-wattgesteuertes-training-fuer-deine-gesundheit-und-fitness\/#breadcrumb\"},\"inLanguage\":\"de\",\"potentialAction\":[{\"@type\":\"ReadAction\",\"target\":[\"https:\/\/rntl.ch\/fitness\/produkt\/hammer-varon-xtr-ii-wattgesteuertes-training-fuer-deine-gesundheit-und-fitness\/\"]}]},{\"@type\":\"ImageObject\",\"inLanguage\":\"de\",\"@id\":\"https:\/\/rntl.ch\/fitness\/produkt\/hammer-varon-xtr-ii-wattgesteuertes-training-fuer-deine-gesundheit-und-fitness\/#primaryimage\",\"url\":\"https:\/\/rntl.ch\/fitness\/wp-content\/uploads\/sites\/3\/2024\/07\/1-10.png\",\"contentUrl\":\"https:\/\/rntl.ch\/fitness\/wp-content\/uploads\/sites\/3\/2024\/07\/1-10.png\",\"width\":800,\"height\":800},{\"@type\":\"BreadcrumbList\",\"@id\":\"https:\/\/rntl.ch\/fitness\/produkt\/hammer-varon-xtr-ii-wattgesteuertes-training-fuer-deine-gesundheit-und-fitness\/#breadcrumb\",\"itemListElement\":[{\"@type\":\"ListItem\",\"position\":1,\"name\":\"Startseite\",\"item\":\"https:\/\/rntl.ch\/fitness\/\"},{\"@type\":\"ListItem\",\"position\":2,\"name\":\"Shop\",\"item\":\"https:\/\/rntl.ch\/fitness\/shop\/\"},{\"@type\":\"ListItem\",\"position\":3,\"name\":\"Hammer Varon XTR II \u2013 Wattgesteuertes Training f\u00fcr deine Gesundheit und Fitness!\"}]},{\"@type\":\"WebSite\",\"@id\":\"https:\/\/rntl.ch\/fitness\/#website\",\"url\":\"https:\/\/rntl.ch\/fitness\/\",\"name\":\"RNTL Fitness\",\"description\":\"Mieten Einfach Anders\",\"publisher\":{\"@id\":\"https:\/\/rntl.ch\/fitness\/#organization\"},\"potentialAction\":[{\"@type\":\"SearchAction\",\"target\":{\"@type\":\"EntryPoint\",\"urlTemplate\":\"https:\/\/rntl.ch\/fitness\/?s={search_term_string}\"},\"query-input\":{\"@type\":\"PropertyValueSpecification\",\"valueRequired\":true,\"valueName\":\"search_term_string\"}}],\"inLanguage\":\"de\"},{\"@type\":\"Organization\",\"@id\":\"https:\/\/rntl.ch\/fitness\/#organization\",\"name\":\"RNTL Fitness\",\"url\":\"https:\/\/rntl.ch\/fitness\/\",\"logo\":{\"@type\":\"ImageObject\",\"inLanguage\":\"de\",\"@id\":\"https:\/\/rntl.ch\/fitness\/#\/schema\/logo\/image\/\",\"url\":\"https:\/\/rntl.ch\/fitness\/wp-content\/uploads\/sites\/3\/2020\/11\/cropped-rntl_logo_white_530x150.png\",\"contentUrl\":\"https:\/\/rntl.ch\/fitness\/wp-content\/uploads\/sites\/3\/2020\/11\/cropped-rntl_logo_white_530x150.png\",\"width\":530,\"height\":150,\"caption\":\"RNTL Fitness\"},\"image\":{\"@id\":\"https:\/\/rntl.ch\/fitness\/#\/schema\/logo\/image\/\"}}]}<\/script>\n<!-- \/ Yoast SEO plugin. -->","yoast_head_json":{"title":"Hammer Varon XTR II \u2013 Wattgesteuertes Training f\u00fcr deine Gesundheit und Fitness! - RNTL Fitness","description":"Erlebe effektives Training mit dem Varon XTR II Ergometer. Genie\u00dfe pr\u00e4zises, wattgesteuertes Herz-Kreislauf-Training, Kompatibilit\u00e4t mit Kinomap & Zwift und benutzerfreundliches Design. Perfekt f\u00fcr zu Hause!","robots":{"index":"index","follow":"follow","max-snippet":"max-snippet:-1","max-image-preview":"max-image-preview:large","max-video-preview":"max-video-preview:-1"},"canonical":"https:\/\/rntl.ch\/fitness\/produkt\/hammer-varon-xtr-ii-wattgesteuertes-training-fuer-deine-gesundheit-und-fitness\/","og_locale":"de_DE","og_type":"article","og_title":"Hammer Varon XTR II \u2013 Wattgesteuertes Training f\u00fcr deine Gesundheit und Fitness! - RNTL Fitness","og_description":"Erlebe effektives Training mit dem Varon XTR II Ergometer. Genie\u00dfe pr\u00e4zises, wattgesteuertes Herz-Kreislauf-Training, Kompatibilit\u00e4t mit Kinomap & Zwift und benutzerfreundliches Design. Perfekt f\u00fcr zu Hause!","og_url":"https:\/\/rntl.ch\/fitness\/produkt\/hammer-varon-xtr-ii-wattgesteuertes-training-fuer-deine-gesundheit-und-fitness\/","og_site_name":"RNTL Fitness","article_modified_time":"2024-07-10T13:08:41+00:00","og_image":[{"width":800,"height":800,"url":"https:\/\/rntl.ch\/fitness\/wp-content\/uploads\/sites\/3\/2024\/07\/1-10.png","type":"image\/png"}],"twitter_card":"summary_large_image","twitter_misc":{"Gesch\u00e4tzte Lesezeit":"2\u00a0Minuten"},"schema":{"@context":"https:\/\/schema.org","@graph":[{"@type":"WebPage","@id":"https:\/\/rntl.ch\/fitness\/produkt\/hammer-varon-xtr-ii-wattgesteuertes-training-fuer-deine-gesundheit-und-fitness\/","url":"https:\/\/rntl.ch\/fitness\/produkt\/hammer-varon-xtr-ii-wattgesteuertes-training-fuer-deine-gesundheit-und-fitness\/","name":"Hammer Varon XTR II \u2013 Wattgesteuertes Training f\u00fcr deine Gesundheit und Fitness! - RNTL Fitness","isPartOf":{"@id":"https:\/\/rntl.ch\/fitness\/#website"},"primaryImageOfPage":{"@id":"https:\/\/rntl.ch\/fitness\/produkt\/hammer-varon-xtr-ii-wattgesteuertes-training-fuer-deine-gesundheit-und-fitness\/#primaryimage"},"image":{"@id":"https:\/\/rntl.ch\/fitness\/produkt\/hammer-varon-xtr-ii-wattgesteuertes-training-fuer-deine-gesundheit-und-fitness\/#primaryimage"},"thumbnailUrl":"https:\/\/rntl.ch\/fitness\/wp-content\/uploads\/sites\/3\/2024\/07\/1-10.png","datePublished":"2024-07-10T09:20:40+00:00","dateModified":"2024-07-10T13:08:41+00:00","description":"Erlebe effektives Training mit dem Varon XTR II Ergometer. Genie\u00dfe pr\u00e4zises, wattgesteuertes Herz-Kreislauf-Training, Kompatibilit\u00e4t mit Kinomap & Zwift und benutzerfreundliches Design. Perfekt f\u00fcr zu Hause!","breadcrumb":{"@id":"https:\/\/rntl.ch\/fitness\/produkt\/hammer-varon-xtr-ii-wattgesteuertes-training-fuer-deine-gesundheit-und-fitness\/#breadcrumb"},"inLanguage":"de","potentialAction":[{"@type":"ReadAction","target":["https:\/\/rntl.ch\/fitness\/produkt\/hammer-varon-xtr-ii-wattgesteuertes-training-fuer-deine-gesundheit-und-fitness\/"]}]},{"@type":"ImageObject","inLanguage":"de","@id":"https:\/\/rntl.ch\/fitness\/produkt\/hammer-varon-xtr-ii-wattgesteuertes-training-fuer-deine-gesundheit-und-fitness\/#primaryimage","url":"https:\/\/rntl.ch\/fitness\/wp-content\/uploads\/sites\/3\/2024\/07\/1-10.png","contentUrl":"https:\/\/rntl.ch\/fitness\/wp-content\/uploads\/sites\/3\/2024\/07\/1-10.png","width":800,"height":800},{"@type":"BreadcrumbList","@id":"https:\/\/rntl.ch\/fitness\/produkt\/hammer-varon-xtr-ii-wattgesteuertes-training-fuer-deine-gesundheit-und-fitness\/#breadcrumb","itemListElement":[{"@type":"ListItem","position":1,"name":"Startseite","item":"https:\/\/rntl.ch\/fitness\/"},{"@type":"ListItem","position":2,"name":"Shop","item":"https:\/\/rntl.ch\/fitness\/shop\/"},{"@type":"ListItem","position":3,"name":"Hammer Varon XTR II \u2013 Wattgesteuertes Training f\u00fcr deine Gesundheit und Fitness!"}]},{"@type":"WebSite","@id":"https:\/\/rntl.ch\/fitness\/#website","url":"https:\/\/rntl.ch\/fitness\/","name":"RNTL Fitness","description":"Mieten Einfach Anders","publisher":{"@id":"https:\/\/rntl.ch\/fitness\/#organization"},"potentialAction":[{"@type":"SearchAction","target":{"@type":"EntryPoint","urlTemplate":"https:\/\/rntl.ch\/fitness\/?s={search_term_string}"},"query-input":{"@type":"PropertyValueSpecification","valueRequired":true,"valueName":"search_term_string"}}],"inLanguage":"de"},{"@type":"Organization","@id":"https:\/\/rntl.ch\/fitness\/#organization","name":"RNTL Fitness","url":"https:\/\/rntl.ch\/fitness\/","logo":{"@type":"ImageObject","inLanguage":"de","@id":"https:\/\/rntl.ch\/fitness\/#\/schema\/logo\/image\/","url":"https:\/\/rntl.ch\/fitness\/wp-content\/uploads\/sites\/3\/2020\/11\/cropped-rntl_logo_white_530x150.png","contentUrl":"https:\/\/rntl.ch\/fitness\/wp-content\/uploads\/sites\/3\/2020\/11\/cropped-rntl_logo_white_530x150.png","width":530,"height":150,"caption":"RNTL Fitness"},"image":{"@id":"https:\/\/rntl.ch\/fitness\/#\/schema\/logo\/image\/"}}]}},"_links":{"self":[{"href":"https:\/\/rntl.ch\/fitness\/wp-json\/wp\/v2\/product\/29164","targetHints":{"allow":["GET"]}}],"collection":[{"href":"https:\/\/rntl.ch\/fitness\/wp-json\/wp\/v2\/product"}],"about":[{"href":"https:\/\/rntl.ch\/fitness\/wp-json\/wp\/v2\/types\/product"}],"version-history":[{"count":1,"href":"https:\/\/rntl.ch\/fitness\/wp-json\/wp\/v2\/product\/29164\/revisions"}],"predecessor-version":[{"id":29180,"href":"https:\/\/rntl.ch\/fitness\/wp-json\/wp\/v2\/product\/29164\/revisions\/29180"}],"wp:featuredmedia":[{"embeddable":true,"href":"https:\/\/rntl.ch\/fitness\/wp-json\/wp\/v2\/media\/29176"}],"wp:attachment":[{"href":"https:\/\/rntl.ch\/fitness\/wp-json\/wp\/v2\/media?parent=29164"}],"wp:term":[{"taxonomy":"product_brand","embeddable":true,"href":"https:\/\/rntl.ch\/fitness\/wp-json\/wp\/v2\/product_brand?post=29164"},{"taxonomy":"product_cat","embeddable":true,"href":"https:\/\/rntl.ch\/fitness\/wp-json\/wp\/v2\/product_cat?post=29164"},{"taxonomy":"product_tag","embeddable":true,"href":"https:\/\/rntl.ch\/fitness\/wp-json\/wp\/v2\/product_tag?post=29164"}],"curies":[{"name":"wp","href":"https:\/\/api.w.org\/{rel}","templated":true}]}}