{"id":29326,"date":"2024-07-16T11:09:32","date_gmt":"2024-07-16T09:09:32","guid":{"rendered":"https:\/\/rntl.ch\/fitness\/?post_type=product&#038;p=29326"},"modified":"2024-10-09T16:23:25","modified_gmt":"2024-10-09T14:23:25","slug":"cardiopace-5-0-norsk-stilvolles-ergometer-mit-holz-design-fuer-rueckenfreundliches-training","status":"publish","type":"product","link":"https:\/\/rntl.ch\/fitness\/produkt\/cardiopace-5-0-norsk-stilvolles-ergometer-mit-holz-design-fuer-rueckenfreundliches-training\/","title":{"rendered":"CardioPace 5.0 NorsK \u2013 Stilvolles Ergometer mit Holz-Design f\u00fcr r\u00fcckenfreundliches Training"},"content":{"rendered":"<p>R\u00fcckenfreundliches Training in edlem Holz-Design<br \/>\nDie edle Holz\u00e4sthetik f\u00fcgt sich nahtlos in dein Zuhause ein und motiviert dich, regelm\u00e4\u00dfig in einer angenehmen Umgebung zu trainieren.<\/p>\n<p>Ergonomischer Handgriff<br \/>\nTrainiere komfortabel und r\u00fcckenschonend. Die vielseitigen Griffvarianten gestalten dein Workout abwechslungsreich und ergonomisch optimiert.<\/p>\n<p>Nat\u00fcrliches Design<br \/>\nDas edle Holz-Design verleiht deinem Training eine besondere Note und schafft eine harmonische Atmosph\u00e4re in deinem Zuhause.<\/p>\n<p>Motivierende Workouts<br \/>\nMit HAMMER Workouts bieten wir st\u00e4ndig neue und inspirierende Kurse. Trainiere mit kompetenten Trainern und erreiche deine Fitnessziele in 10 bis 50-min\u00fctigen Workouts, egal ob auf Smartphone, Tablet oder Laptop, ohne zus\u00e4tzliches Abo.<\/p>\n<p>Dein pers\u00f6nlicher Trainer<br \/>\nDer multifunktionale Push &amp; Turn Computer mit farbigem LCD-Display bietet eine klare \u00dcbersicht deiner Trainingsdaten. Integrierte Anzeigen f\u00fcr Puls und RPM erm\u00f6glichen es, die Intensit\u00e4t auf einen Blick zu \u00fcberpr\u00fcfen. Genie\u00dfe insgesamt 36 Trainings- und 5 Herzfrequenzprogramme.<\/p>\n<p>Langlebig und leise<br \/>\nDas ger\u00e4uschlose Magnetbremssystem mit 8 kg Schwungmasse sorgt f\u00fcr ein leises und angenehmes Trainingserlebnis. Die vollelektronische Widerstandsverstellung erm\u00f6glicht eine pr\u00e4zise Anpassung des Widerstands. Trainiere in entspannter Atmosph\u00e4re, sei es beim Fernsehen, Musikh\u00f6ren oder Lesen.<\/p>\n<p>Einfache Handhabung<br \/>\nDas ergonomische Design mit tiefem Einstieg erleichtert den Beginn deiner Trainingseinheit. Der tiefe Einstieg erm\u00f6glicht ein problemloses Auf- und Absteigen, unabh\u00e4ngig von deiner Fitnessstufe.<\/p>\n<p><strong>Technische Details<\/strong><br \/>\n&#8211; SKU: 10000<br \/>\n&#8211; Marke: HAMMER<br \/>\n&#8211; Farbe: Braun<br \/>\n&#8211; Material: Holzfaserplatte<br \/>\n&#8211; Gewicht: 39 kg<br \/>\nComputer<br \/>\n&#8211; Wattgesteuert: Ja<br \/>\n&#8211; Display: LCD &#8211; Black Backlight<br \/>\n&#8211; Multimedia: App, Bluetooth, Tablethalterung<br \/>\n&#8211; Pulsart: Handpuls<br \/>\n&#8211; Apps: Kinomap, Zwift<br \/>\n&#8211; Bedienung: Push &amp; Turn und Tasten<br \/>\n&#8211; Brustgurt-Empf\u00e4nger: 5 kHz<\/p>\n<p>Anzeige<br \/>\n&#8211; Angezeigte Werte: Distanz, Geschwindigkeit, Herzfrequenz, Kalorienverbrauch, Umdrehungen pro Minute, Watt, Widerstandsstufe, Zeit<br \/>\n&#8211; Permanentanzeige: 6<br \/>\nProgramme und Profile<br \/>\n&#8211; Trainingsprogramme: 24<br \/>\n&#8211; Herzfrequenzprogramme: 5<br \/>\n&#8211; Einstellbare Pulsgrenze: Pulsobergrenze<br \/>\n&#8211; Manuelle Programme: 1<br \/>\n&#8211; User: 4<\/p>\n<p>Antriebs-\/Bremssystem<br \/>\n&#8211; Antriebssystem: Rillenriemen<br \/>\n&#8211; Belastungsbandbreite: 16 Stufen<br \/>\n&#8211; Belastungsregelung: Drehzahlunabh\u00e4ngig<br \/>\n&#8211; Bremssystem: Permanentmagnet<br \/>\n&#8211; Widerstandseinstellung: Computergesteuert<br \/>\n&#8211; Schwungmasse: 8 kg<br \/>\n&#8211; Freilauf: Ja<\/p>\n<p>Ma\u00dfe und Gewicht<br \/>\n&#8211; Aufstellma\u00df (L x B x H): 112 x 54 x 140 cm<br \/>\n&#8211; Max. K\u00f6rpergewicht: 130 kg<\/p>\n<p>Sonstige Features<br \/>\n&#8211; Transportrollen: Ja<br \/>\n&#8211; Pedalabstand: 22 cm<br \/>\n&#8211; Sattelh\u00f6henverstellung: 10 Stufen<br \/>\n&#8211; Sattelverstellung: Horizontal, Vertikal<br \/>\n&#8211; Lenkerverstellung: Horizontal<br \/>\n&#8211; Leistung: 25 &#8211; 350 Watt<br \/>\n&#8211; Stromversorgung: 230V, 50Hz<br \/>\n&#8211; DIN Norm: DIN EN ISO 20957 -1\/5<br \/>\n&#8211; WEEE-Reg.-Nr.: Hinweise nach dem Elektrogesetz<\/p>\n<p>Garantie<br \/>\n&#8211; Private Nutzung<br \/>\n&#8211; auf das Produkt: 2 Jahre<br \/>\n&#8211; auf den Hauptrahmen: 10 Jahre<\/p>\n<p>&nbsp;<\/p>\n","protected":false},"excerpt":{"rendered":"<p><span style=\"font-weight: 400;\">Das CardioPace 5.0 NorsK kombiniert Innovation, Umweltfreundlichkeit und modernes Design zu einem einzigartigen Fitnessger\u00e4t.\u00a0<\/span><\/p>\n<ul>\n<li><span style=\"font-weight: 400;\">Kunststoffreduktion um 46 %, nicht nur 45% sonder 46%!<\/span><\/li>\n<li><span style=\"font-weight: 400;\">Innovativer, ergonomischer Handgriff<\/span><\/li>\n<li><span style=\"font-weight: 400;\">Ger\u00e4uschloses Magnetbremssystem<\/span><\/li>\n<\/ul>\n<p><strong>Kaufpreis [woo_custom_field id=\"rntl_retail_price_field\"].-<\/strong><\/p>\n[rntl_page_content id=\"14687\"]\n<div class=\"woocommerce-product-details__short-description\">\n<p>&nbsp;<\/p>\n<\/div>\n","protected":false},"featured_media":30283,"template":"","meta":{"content-type":""},"product_brand":[],"product_cat":[25],"product_tag":[112],"class_list":{"0":"post-29326","1":"product","2":"type-product","3":"status-publish","4":"has-post-thumbnail","6":"product_cat-hometrainer","7":"product_tag-mieten","8":"product_shipping_class-leicht","9":"tm-no-options","11":"first","12":"instock","13":"taxable","14":"shipping-taxable","15":"purchasable","16":"product-type-variable-subscription","17":"has-default-attributes"},"yoast_head":"<!-- This site is optimized with the Yoast SEO plugin v26.3 - https:\/\/yoast.com\/wordpress\/plugins\/seo\/ -->\n<title>CardioPace 5.0 NorsK \u2013 Stilvolles Ergometer mit Holz-Design f\u00fcr r\u00fcckenfreundliches Training - RNTL Fitness<\/title>\n<meta name=\"description\" content=\"Entdecke das CardioPace 5.0 NorsK Ergometer mit edlem Holz-Design. Genie\u00dfe r\u00fcckenfreundliches Training, innovative Technik und fl\u00fcsterleise Workouts. Jetzt mehr erfahren und fit bleiben!\" \/>\n<meta name=\"robots\" content=\"index, follow, max-snippet:-1, max-image-preview:large, max-video-preview:-1\" \/>\n<link rel=\"canonical\" href=\"https:\/\/rntl.ch\/fitness\/produkt\/cardiopace-5-0-norsk-stilvolles-ergometer-mit-holz-design-fuer-rueckenfreundliches-training\/\" \/>\n<meta property=\"og:locale\" content=\"de_DE\" \/>\n<meta property=\"og:type\" content=\"article\" \/>\n<meta property=\"og:title\" content=\"CardioPace 5.0 NorsK \u2013 Stilvolles Ergometer mit Holz-Design f\u00fcr r\u00fcckenfreundliches Training - RNTL Fitness\" \/>\n<meta property=\"og:description\" content=\"Entdecke das CardioPace 5.0 NorsK Ergometer mit edlem Holz-Design. Genie\u00dfe r\u00fcckenfreundliches Training, innovative Technik und fl\u00fcsterleise Workouts. Jetzt mehr erfahren und fit bleiben!\" \/>\n<meta property=\"og:url\" content=\"https:\/\/rntl.ch\/fitness\/produkt\/cardiopace-5-0-norsk-stilvolles-ergometer-mit-holz-design-fuer-rueckenfreundliches-training\/\" \/>\n<meta property=\"og:site_name\" content=\"RNTL Fitness\" \/>\n<meta property=\"article:modified_time\" content=\"2024-10-09T14:23:25+00:00\" \/>\n<meta property=\"og:image\" content=\"https:\/\/rntl.ch\/fitness\/wp-content\/uploads\/sites\/3\/2024\/07\/1-16.png\" \/>\n\t<meta property=\"og:image:width\" content=\"800\" \/>\n\t<meta property=\"og:image:height\" content=\"800\" \/>\n\t<meta property=\"og:image:type\" content=\"image\/png\" \/>\n<meta name=\"twitter:card\" content=\"summary_large_image\" \/>\n<meta name=\"twitter:label1\" content=\"Gesch\u00e4tzte Lesezeit\" \/>\n\t<meta name=\"twitter:data1\" content=\"3\u00a0Minuten\" \/>\n<script type=\"application\/ld+json\" class=\"yoast-schema-graph\">{\"@context\":\"https:\/\/schema.org\",\"@graph\":[{\"@type\":\"WebPage\",\"@id\":\"https:\/\/rntl.ch\/fitness\/produkt\/cardiopace-5-0-norsk-stilvolles-ergometer-mit-holz-design-fuer-rueckenfreundliches-training\/\",\"url\":\"https:\/\/rntl.ch\/fitness\/produkt\/cardiopace-5-0-norsk-stilvolles-ergometer-mit-holz-design-fuer-rueckenfreundliches-training\/\",\"name\":\"CardioPace 5.0 NorsK \u2013 Stilvolles Ergometer mit Holz-Design f\u00fcr r\u00fcckenfreundliches Training - RNTL Fitness\",\"isPartOf\":{\"@id\":\"https:\/\/rntl.ch\/fitness\/#website\"},\"primaryImageOfPage\":{\"@id\":\"https:\/\/rntl.ch\/fitness\/produkt\/cardiopace-5-0-norsk-stilvolles-ergometer-mit-holz-design-fuer-rueckenfreundliches-training\/#primaryimage\"},\"image\":{\"@id\":\"https:\/\/rntl.ch\/fitness\/produkt\/cardiopace-5-0-norsk-stilvolles-ergometer-mit-holz-design-fuer-rueckenfreundliches-training\/#primaryimage\"},\"thumbnailUrl\":\"https:\/\/rntl.ch\/fitness\/wp-content\/uploads\/sites\/3\/2024\/07\/4-14.png\",\"datePublished\":\"2024-07-16T09:09:32+00:00\",\"dateModified\":\"2024-10-09T14:23:25+00:00\",\"description\":\"Entdecke das CardioPace 5.0 NorsK Ergometer mit edlem Holz-Design. Genie\u00dfe r\u00fcckenfreundliches Training, innovative Technik und fl\u00fcsterleise Workouts. Jetzt mehr erfahren und fit bleiben!\",\"breadcrumb\":{\"@id\":\"https:\/\/rntl.ch\/fitness\/produkt\/cardiopace-5-0-norsk-stilvolles-ergometer-mit-holz-design-fuer-rueckenfreundliches-training\/#breadcrumb\"},\"inLanguage\":\"de\",\"potentialAction\":[{\"@type\":\"ReadAction\",\"target\":[\"https:\/\/rntl.ch\/fitness\/produkt\/cardiopace-5-0-norsk-stilvolles-ergometer-mit-holz-design-fuer-rueckenfreundliches-training\/\"]}]},{\"@type\":\"ImageObject\",\"inLanguage\":\"de\",\"@id\":\"https:\/\/rntl.ch\/fitness\/produkt\/cardiopace-5-0-norsk-stilvolles-ergometer-mit-holz-design-fuer-rueckenfreundliches-training\/#primaryimage\",\"url\":\"https:\/\/rntl.ch\/fitness\/wp-content\/uploads\/sites\/3\/2024\/07\/4-14.png\",\"contentUrl\":\"https:\/\/rntl.ch\/fitness\/wp-content\/uploads\/sites\/3\/2024\/07\/4-14.png\",\"width\":800,\"height\":800},{\"@type\":\"BreadcrumbList\",\"@id\":\"https:\/\/rntl.ch\/fitness\/produkt\/cardiopace-5-0-norsk-stilvolles-ergometer-mit-holz-design-fuer-rueckenfreundliches-training\/#breadcrumb\",\"itemListElement\":[{\"@type\":\"ListItem\",\"position\":1,\"name\":\"Startseite\",\"item\":\"https:\/\/rntl.ch\/fitness\/\"},{\"@type\":\"ListItem\",\"position\":2,\"name\":\"Shop\",\"item\":\"https:\/\/rntl.ch\/fitness\/shop\/\"},{\"@type\":\"ListItem\",\"position\":3,\"name\":\"CardioPace 5.0 NorsK \u2013 Stilvolles Ergometer mit Holz-Design f\u00fcr r\u00fcckenfreundliches Training\"}]},{\"@type\":\"WebSite\",\"@id\":\"https:\/\/rntl.ch\/fitness\/#website\",\"url\":\"https:\/\/rntl.ch\/fitness\/\",\"name\":\"RNTL Fitness\",\"description\":\"Mieten Einfach Anders\",\"publisher\":{\"@id\":\"https:\/\/rntl.ch\/fitness\/#organization\"},\"potentialAction\":[{\"@type\":\"SearchAction\",\"target\":{\"@type\":\"EntryPoint\",\"urlTemplate\":\"https:\/\/rntl.ch\/fitness\/?s={search_term_string}\"},\"query-input\":{\"@type\":\"PropertyValueSpecification\",\"valueRequired\":true,\"valueName\":\"search_term_string\"}}],\"inLanguage\":\"de\"},{\"@type\":\"Organization\",\"@id\":\"https:\/\/rntl.ch\/fitness\/#organization\",\"name\":\"RNTL Fitness\",\"url\":\"https:\/\/rntl.ch\/fitness\/\",\"logo\":{\"@type\":\"ImageObject\",\"inLanguage\":\"de\",\"@id\":\"https:\/\/rntl.ch\/fitness\/#\/schema\/logo\/image\/\",\"url\":\"https:\/\/rntl.ch\/fitness\/wp-content\/uploads\/sites\/3\/2020\/11\/cropped-rntl_logo_white_530x150.png\",\"contentUrl\":\"https:\/\/rntl.ch\/fitness\/wp-content\/uploads\/sites\/3\/2020\/11\/cropped-rntl_logo_white_530x150.png\",\"width\":530,\"height\":150,\"caption\":\"RNTL Fitness\"},\"image\":{\"@id\":\"https:\/\/rntl.ch\/fitness\/#\/schema\/logo\/image\/\"}}]}<\/script>\n<!-- \/ Yoast SEO plugin. -->","yoast_head_json":{"title":"CardioPace 5.0 NorsK \u2013 Stilvolles Ergometer mit Holz-Design f\u00fcr r\u00fcckenfreundliches Training - RNTL Fitness","description":"Entdecke das CardioPace 5.0 NorsK Ergometer mit edlem Holz-Design. Genie\u00dfe r\u00fcckenfreundliches Training, innovative Technik und fl\u00fcsterleise Workouts. Jetzt mehr erfahren und fit bleiben!","robots":{"index":"index","follow":"follow","max-snippet":"max-snippet:-1","max-image-preview":"max-image-preview:large","max-video-preview":"max-video-preview:-1"},"canonical":"https:\/\/rntl.ch\/fitness\/produkt\/cardiopace-5-0-norsk-stilvolles-ergometer-mit-holz-design-fuer-rueckenfreundliches-training\/","og_locale":"de_DE","og_type":"article","og_title":"CardioPace 5.0 NorsK \u2013 Stilvolles Ergometer mit Holz-Design f\u00fcr r\u00fcckenfreundliches Training - RNTL Fitness","og_description":"Entdecke das CardioPace 5.0 NorsK Ergometer mit edlem Holz-Design. Genie\u00dfe r\u00fcckenfreundliches Training, innovative Technik und fl\u00fcsterleise Workouts. Jetzt mehr erfahren und fit bleiben!","og_url":"https:\/\/rntl.ch\/fitness\/produkt\/cardiopace-5-0-norsk-stilvolles-ergometer-mit-holz-design-fuer-rueckenfreundliches-training\/","og_site_name":"RNTL Fitness","article_modified_time":"2024-10-09T14:23:25+00:00","og_image":[{"width":800,"height":800,"url":"https:\/\/rntl.ch\/fitness\/wp-content\/uploads\/sites\/3\/2024\/07\/1-16.png","type":"image\/png"}],"twitter_card":"summary_large_image","twitter_misc":{"Gesch\u00e4tzte Lesezeit":"3\u00a0Minuten"},"schema":{"@context":"https:\/\/schema.org","@graph":[{"@type":"WebPage","@id":"https:\/\/rntl.ch\/fitness\/produkt\/cardiopace-5-0-norsk-stilvolles-ergometer-mit-holz-design-fuer-rueckenfreundliches-training\/","url":"https:\/\/rntl.ch\/fitness\/produkt\/cardiopace-5-0-norsk-stilvolles-ergometer-mit-holz-design-fuer-rueckenfreundliches-training\/","name":"CardioPace 5.0 NorsK \u2013 Stilvolles Ergometer mit Holz-Design f\u00fcr r\u00fcckenfreundliches Training - RNTL Fitness","isPartOf":{"@id":"https:\/\/rntl.ch\/fitness\/#website"},"primaryImageOfPage":{"@id":"https:\/\/rntl.ch\/fitness\/produkt\/cardiopace-5-0-norsk-stilvolles-ergometer-mit-holz-design-fuer-rueckenfreundliches-training\/#primaryimage"},"image":{"@id":"https:\/\/rntl.ch\/fitness\/produkt\/cardiopace-5-0-norsk-stilvolles-ergometer-mit-holz-design-fuer-rueckenfreundliches-training\/#primaryimage"},"thumbnailUrl":"https:\/\/rntl.ch\/fitness\/wp-content\/uploads\/sites\/3\/2024\/07\/4-14.png","datePublished":"2024-07-16T09:09:32+00:00","dateModified":"2024-10-09T14:23:25+00:00","description":"Entdecke das CardioPace 5.0 NorsK Ergometer mit edlem Holz-Design. Genie\u00dfe r\u00fcckenfreundliches Training, innovative Technik und fl\u00fcsterleise Workouts. Jetzt mehr erfahren und fit bleiben!","breadcrumb":{"@id":"https:\/\/rntl.ch\/fitness\/produkt\/cardiopace-5-0-norsk-stilvolles-ergometer-mit-holz-design-fuer-rueckenfreundliches-training\/#breadcrumb"},"inLanguage":"de","potentialAction":[{"@type":"ReadAction","target":["https:\/\/rntl.ch\/fitness\/produkt\/cardiopace-5-0-norsk-stilvolles-ergometer-mit-holz-design-fuer-rueckenfreundliches-training\/"]}]},{"@type":"ImageObject","inLanguage":"de","@id":"https:\/\/rntl.ch\/fitness\/produkt\/cardiopace-5-0-norsk-stilvolles-ergometer-mit-holz-design-fuer-rueckenfreundliches-training\/#primaryimage","url":"https:\/\/rntl.ch\/fitness\/wp-content\/uploads\/sites\/3\/2024\/07\/4-14.png","contentUrl":"https:\/\/rntl.ch\/fitness\/wp-content\/uploads\/sites\/3\/2024\/07\/4-14.png","width":800,"height":800},{"@type":"BreadcrumbList","@id":"https:\/\/rntl.ch\/fitness\/produkt\/cardiopace-5-0-norsk-stilvolles-ergometer-mit-holz-design-fuer-rueckenfreundliches-training\/#breadcrumb","itemListElement":[{"@type":"ListItem","position":1,"name":"Startseite","item":"https:\/\/rntl.ch\/fitness\/"},{"@type":"ListItem","position":2,"name":"Shop","item":"https:\/\/rntl.ch\/fitness\/shop\/"},{"@type":"ListItem","position":3,"name":"CardioPace 5.0 NorsK \u2013 Stilvolles Ergometer mit Holz-Design f\u00fcr r\u00fcckenfreundliches Training"}]},{"@type":"WebSite","@id":"https:\/\/rntl.ch\/fitness\/#website","url":"https:\/\/rntl.ch\/fitness\/","name":"RNTL Fitness","description":"Mieten Einfach Anders","publisher":{"@id":"https:\/\/rntl.ch\/fitness\/#organization"},"potentialAction":[{"@type":"SearchAction","target":{"@type":"EntryPoint","urlTemplate":"https:\/\/rntl.ch\/fitness\/?s={search_term_string}"},"query-input":{"@type":"PropertyValueSpecification","valueRequired":true,"valueName":"search_term_string"}}],"inLanguage":"de"},{"@type":"Organization","@id":"https:\/\/rntl.ch\/fitness\/#organization","name":"RNTL Fitness","url":"https:\/\/rntl.ch\/fitness\/","logo":{"@type":"ImageObject","inLanguage":"de","@id":"https:\/\/rntl.ch\/fitness\/#\/schema\/logo\/image\/","url":"https:\/\/rntl.ch\/fitness\/wp-content\/uploads\/sites\/3\/2020\/11\/cropped-rntl_logo_white_530x150.png","contentUrl":"https:\/\/rntl.ch\/fitness\/wp-content\/uploads\/sites\/3\/2020\/11\/cropped-rntl_logo_white_530x150.png","width":530,"height":150,"caption":"RNTL Fitness"},"image":{"@id":"https:\/\/rntl.ch\/fitness\/#\/schema\/logo\/image\/"}}]}},"_links":{"self":[{"href":"https:\/\/rntl.ch\/fitness\/wp-json\/wp\/v2\/product\/29326","targetHints":{"allow":["GET"]}}],"collection":[{"href":"https:\/\/rntl.ch\/fitness\/wp-json\/wp\/v2\/product"}],"about":[{"href":"https:\/\/rntl.ch\/fitness\/wp-json\/wp\/v2\/types\/product"}],"version-history":[{"count":1,"href":"https:\/\/rntl.ch\/fitness\/wp-json\/wp\/v2\/product\/29326\/revisions"}],"predecessor-version":[{"id":29336,"href":"https:\/\/rntl.ch\/fitness\/wp-json\/wp\/v2\/product\/29326\/revisions\/29336"}],"wp:featuredmedia":[{"embeddable":true,"href":"https:\/\/rntl.ch\/fitness\/wp-json\/wp\/v2\/media\/30283"}],"wp:attachment":[{"href":"https:\/\/rntl.ch\/fitness\/wp-json\/wp\/v2\/media?parent=29326"}],"wp:term":[{"taxonomy":"product_brand","embeddable":true,"href":"https:\/\/rntl.ch\/fitness\/wp-json\/wp\/v2\/product_brand?post=29326"},{"taxonomy":"product_cat","embeddable":true,"href":"https:\/\/rntl.ch\/fitness\/wp-json\/wp\/v2\/product_cat?post=29326"},{"taxonomy":"product_tag","embeddable":true,"href":"https:\/\/rntl.ch\/fitness\/wp-json\/wp\/v2\/product_tag?post=29326"}],"curies":[{"name":"wp","href":"https:\/\/api.w.org\/{rel}","templated":true}]}}