{"id":30808,"date":"2024-10-31T08:36:35","date_gmt":"2024-10-31T07:36:35","guid":{"rendered":"https:\/\/rntl.ch\/fitness\/?post_type=product&#038;p=30808"},"modified":"2024-10-31T08:42:58","modified_gmt":"2024-10-31T07:42:58","slug":"bumper-plate-set-olympic-bar-90-kg-das-ideale-set-fuer-kraftvolles-training","status":"publish","type":"product","link":"https:\/\/rntl.ch\/fitness\/produkt\/bumper-plate-set-olympic-bar-90-kg-das-ideale-set-fuer-kraftvolles-training\/","title":{"rendered":"Bumper Plate Set + Olympic Bar | 90 kg \u2013 Das ideale Set f\u00fcr kraftvolles Training!"},"content":{"rendered":"<p>Dieses Set enth\u00e4lt eine hochwertige Olympiastange (20 kg) und Bumper Plates mit einem Gesamtgewicht von 90 kg, perfekt f\u00fcr vielseitige \u00dcbungen wie Squats, Deadlifts und Presses.<\/p>\n<p><strong>Produktmerkmale im \u00dcberblick:<\/strong><\/p>\n<ul>\n<li><strong>Olympiastange mit 50mm Bohrung<\/strong>: Robuste Langhantel, die optimal auf alle olympischen Gewichtsscheiben passt.<\/li>\n<li><strong>Profi-Qualit\u00e4t<\/strong>: Die Bumper Plates sind extrem widerstandsf\u00e4hig und eignen sich hervorragend f\u00fcr den intensiven Einsatz.<\/li>\n<li><strong>Komplettes Set<\/strong>: Mit einem Gesamtgewicht von 90 kg bietet das Set alles, was Sie f\u00fcr ein vollumf\u00e4ngliches Training ben\u00f6tigen.<\/li>\n<\/ul>\n<p>Dieses Set ist die perfekte Wahl f\u00fcr alle, die auf Qualit\u00e4t und Leistung setzen. Die schwarze Farbe sorgt f\u00fcr ein klassisches, sportliches Design, und die hochwertigen Materialien garantieren eine lange Lebensdauer \u2013 perfekt f\u00fcr jedes Gym!<\/p>\n<p><strong>Lieferumfang:\u00a0<\/strong><\/p>\n<p>1 x Olympia Hantelstange 50mm | bis 1000lb belastbar<\/p>\n<p>2 x Bumper Plates vollgummiert | Schwarz (5 Kg)<\/p>\n<p>2 x Bumper Plates vollgummiert | Schwarz (10 Kg)<\/p>\n<p>2 x Bumper Plates vollgummiert | Schwarz (20 Kg)<\/p>\n<p>1 x Lock Jaw | Barbell Collar Verschl\u00fcsse 50mm<\/p>\n","protected":false},"excerpt":{"rendered":"<p>Das <strong>Bumper Plate Set + Olympic Bar | 90 kg<\/strong> ist das ideale Set f\u00fcr Ihr Krafttraining \u2013 ob im Fitnessstudio oder Home Gym.<\/p>\n<p><strong>Kaufpreis [woo_custom_field id=\"rntl_retail_price_field\"].-<\/strong><\/p>\n[rntl_page_content id=\"14687\"]\n<div class=\"woocommerce-product-details__short-description\">\n<p>&nbsp;<\/p>\n<\/div>\n","protected":false},"featured_media":30813,"template":"","meta":{"content-type":""},"product_brand":[],"product_cat":[27],"product_tag":[112],"class_list":{"0":"post-30808","1":"product","2":"type-product","3":"status-publish","4":"has-post-thumbnail","6":"product_cat-krafttraining","7":"product_tag-mieten","8":"product_shipping_class-schwer","9":"tm-no-options","11":"first","12":"instock","13":"taxable","14":"shipping-taxable","15":"purchasable","16":"product-type-variable-subscription","17":"has-default-attributes"},"yoast_head":"<!-- This site is optimized with the Yoast SEO plugin v26.3 - https:\/\/yoast.com\/wordpress\/plugins\/seo\/ -->\n<title>Bumper Plate Set + Olympic Bar | 90 kg \u2013 Das ideale Set f\u00fcr kraftvolles Training! - RNTL Fitness<\/title>\n<meta name=\"description\" content=\"Holen Sie sich das Profi Bumper Plate Set mit einer 20 kg Olympiastange! 90 kg Gesamtgewicht, perfekte Profi-Qualit\u00e4t und ideal f\u00fcr intensives Krafttraining. Perfekt f\u00fcr Gym und Home Gym!\" \/>\n<meta name=\"robots\" content=\"index, follow, max-snippet:-1, max-image-preview:large, max-video-preview:-1\" \/>\n<link rel=\"canonical\" href=\"https:\/\/rntl.ch\/fitness\/produkt\/bumper-plate-set-olympic-bar-90-kg-das-ideale-set-fuer-kraftvolles-training\/\" \/>\n<meta property=\"og:locale\" content=\"de_DE\" \/>\n<meta property=\"og:type\" content=\"article\" \/>\n<meta property=\"og:title\" content=\"Bumper Plate Set + Olympic Bar | 90 kg \u2013 Das ideale Set f\u00fcr kraftvolles Training! - RNTL Fitness\" \/>\n<meta property=\"og:description\" content=\"Holen Sie sich das Profi Bumper Plate Set mit einer 20 kg Olympiastange! 90 kg Gesamtgewicht, perfekte Profi-Qualit\u00e4t und ideal f\u00fcr intensives Krafttraining. Perfekt f\u00fcr Gym und Home Gym!\" \/>\n<meta property=\"og:url\" content=\"https:\/\/rntl.ch\/fitness\/produkt\/bumper-plate-set-olympic-bar-90-kg-das-ideale-set-fuer-kraftvolles-training\/\" \/>\n<meta property=\"og:site_name\" content=\"RNTL Fitness\" \/>\n<meta property=\"article:modified_time\" content=\"2024-10-31T07:42:58+00:00\" \/>\n<meta property=\"og:image\" content=\"https:\/\/rntl.ch\/fitness\/wp-content\/uploads\/sites\/3\/2024\/10\/THIS-6.png\" \/>\n\t<meta property=\"og:image:width\" content=\"800\" \/>\n\t<meta property=\"og:image:height\" content=\"800\" \/>\n\t<meta property=\"og:image:type\" content=\"image\/png\" \/>\n<meta name=\"twitter:card\" content=\"summary_large_image\" \/>\n<meta name=\"twitter:label1\" content=\"Gesch\u00e4tzte Lesezeit\" \/>\n\t<meta name=\"twitter:data1\" content=\"2\u00a0Minuten\" \/>\n<script type=\"application\/ld+json\" class=\"yoast-schema-graph\">{\"@context\":\"https:\/\/schema.org\",\"@graph\":[{\"@type\":\"WebPage\",\"@id\":\"https:\/\/rntl.ch\/fitness\/produkt\/bumper-plate-set-olympic-bar-90-kg-das-ideale-set-fuer-kraftvolles-training\/\",\"url\":\"https:\/\/rntl.ch\/fitness\/produkt\/bumper-plate-set-olympic-bar-90-kg-das-ideale-set-fuer-kraftvolles-training\/\",\"name\":\"Bumper Plate Set + Olympic Bar | 90 kg \u2013 Das ideale Set f\u00fcr kraftvolles Training! - RNTL Fitness\",\"isPartOf\":{\"@id\":\"https:\/\/rntl.ch\/fitness\/#website\"},\"primaryImageOfPage\":{\"@id\":\"https:\/\/rntl.ch\/fitness\/produkt\/bumper-plate-set-olympic-bar-90-kg-das-ideale-set-fuer-kraftvolles-training\/#primaryimage\"},\"image\":{\"@id\":\"https:\/\/rntl.ch\/fitness\/produkt\/bumper-plate-set-olympic-bar-90-kg-das-ideale-set-fuer-kraftvolles-training\/#primaryimage\"},\"thumbnailUrl\":\"https:\/\/rntl.ch\/fitness\/wp-content\/uploads\/sites\/3\/2024\/10\/THIS-6.png\",\"datePublished\":\"2024-10-31T07:36:35+00:00\",\"dateModified\":\"2024-10-31T07:42:58+00:00\",\"description\":\"Holen Sie sich das Profi Bumper Plate Set mit einer 20 kg Olympiastange! 90 kg Gesamtgewicht, perfekte Profi-Qualit\u00e4t und ideal f\u00fcr intensives Krafttraining. Perfekt f\u00fcr Gym und Home Gym!\",\"breadcrumb\":{\"@id\":\"https:\/\/rntl.ch\/fitness\/produkt\/bumper-plate-set-olympic-bar-90-kg-das-ideale-set-fuer-kraftvolles-training\/#breadcrumb\"},\"inLanguage\":\"de\",\"potentialAction\":[{\"@type\":\"ReadAction\",\"target\":[\"https:\/\/rntl.ch\/fitness\/produkt\/bumper-plate-set-olympic-bar-90-kg-das-ideale-set-fuer-kraftvolles-training\/\"]}]},{\"@type\":\"ImageObject\",\"inLanguage\":\"de\",\"@id\":\"https:\/\/rntl.ch\/fitness\/produkt\/bumper-plate-set-olympic-bar-90-kg-das-ideale-set-fuer-kraftvolles-training\/#primaryimage\",\"url\":\"https:\/\/rntl.ch\/fitness\/wp-content\/uploads\/sites\/3\/2024\/10\/THIS-6.png\",\"contentUrl\":\"https:\/\/rntl.ch\/fitness\/wp-content\/uploads\/sites\/3\/2024\/10\/THIS-6.png\",\"width\":800,\"height\":800},{\"@type\":\"BreadcrumbList\",\"@id\":\"https:\/\/rntl.ch\/fitness\/produkt\/bumper-plate-set-olympic-bar-90-kg-das-ideale-set-fuer-kraftvolles-training\/#breadcrumb\",\"itemListElement\":[{\"@type\":\"ListItem\",\"position\":1,\"name\":\"Startseite\",\"item\":\"https:\/\/rntl.ch\/fitness\/\"},{\"@type\":\"ListItem\",\"position\":2,\"name\":\"Shop\",\"item\":\"https:\/\/rntl.ch\/fitness\/shop\/\"},{\"@type\":\"ListItem\",\"position\":3,\"name\":\"Bumper Plate Set + Olympic Bar | 90 kg \u2013 Das ideale Set f\u00fcr kraftvolles Training!\"}]},{\"@type\":\"WebSite\",\"@id\":\"https:\/\/rntl.ch\/fitness\/#website\",\"url\":\"https:\/\/rntl.ch\/fitness\/\",\"name\":\"RNTL Fitness\",\"description\":\"Mieten Einfach Anders\",\"publisher\":{\"@id\":\"https:\/\/rntl.ch\/fitness\/#organization\"},\"potentialAction\":[{\"@type\":\"SearchAction\",\"target\":{\"@type\":\"EntryPoint\",\"urlTemplate\":\"https:\/\/rntl.ch\/fitness\/?s={search_term_string}\"},\"query-input\":{\"@type\":\"PropertyValueSpecification\",\"valueRequired\":true,\"valueName\":\"search_term_string\"}}],\"inLanguage\":\"de\"},{\"@type\":\"Organization\",\"@id\":\"https:\/\/rntl.ch\/fitness\/#organization\",\"name\":\"RNTL Fitness\",\"url\":\"https:\/\/rntl.ch\/fitness\/\",\"logo\":{\"@type\":\"ImageObject\",\"inLanguage\":\"de\",\"@id\":\"https:\/\/rntl.ch\/fitness\/#\/schema\/logo\/image\/\",\"url\":\"https:\/\/rntl.ch\/fitness\/wp-content\/uploads\/sites\/3\/2020\/11\/cropped-rntl_logo_white_530x150.png\",\"contentUrl\":\"https:\/\/rntl.ch\/fitness\/wp-content\/uploads\/sites\/3\/2020\/11\/cropped-rntl_logo_white_530x150.png\",\"width\":530,\"height\":150,\"caption\":\"RNTL Fitness\"},\"image\":{\"@id\":\"https:\/\/rntl.ch\/fitness\/#\/schema\/logo\/image\/\"}}]}<\/script>\n<!-- \/ Yoast SEO plugin. -->","yoast_head_json":{"title":"Bumper Plate Set + Olympic Bar | 90 kg \u2013 Das ideale Set f\u00fcr kraftvolles Training! - RNTL Fitness","description":"Holen Sie sich das Profi Bumper Plate Set mit einer 20 kg Olympiastange! 90 kg Gesamtgewicht, perfekte Profi-Qualit\u00e4t und ideal f\u00fcr intensives Krafttraining. Perfekt f\u00fcr Gym und Home Gym!","robots":{"index":"index","follow":"follow","max-snippet":"max-snippet:-1","max-image-preview":"max-image-preview:large","max-video-preview":"max-video-preview:-1"},"canonical":"https:\/\/rntl.ch\/fitness\/produkt\/bumper-plate-set-olympic-bar-90-kg-das-ideale-set-fuer-kraftvolles-training\/","og_locale":"de_DE","og_type":"article","og_title":"Bumper Plate Set + Olympic Bar | 90 kg \u2013 Das ideale Set f\u00fcr kraftvolles Training! - RNTL Fitness","og_description":"Holen Sie sich das Profi Bumper Plate Set mit einer 20 kg Olympiastange! 90 kg Gesamtgewicht, perfekte Profi-Qualit\u00e4t und ideal f\u00fcr intensives Krafttraining. Perfekt f\u00fcr Gym und Home Gym!","og_url":"https:\/\/rntl.ch\/fitness\/produkt\/bumper-plate-set-olympic-bar-90-kg-das-ideale-set-fuer-kraftvolles-training\/","og_site_name":"RNTL Fitness","article_modified_time":"2024-10-31T07:42:58+00:00","og_image":[{"width":800,"height":800,"url":"https:\/\/rntl.ch\/fitness\/wp-content\/uploads\/sites\/3\/2024\/10\/THIS-6.png","type":"image\/png"}],"twitter_card":"summary_large_image","twitter_misc":{"Gesch\u00e4tzte Lesezeit":"2\u00a0Minuten"},"schema":{"@context":"https:\/\/schema.org","@graph":[{"@type":"WebPage","@id":"https:\/\/rntl.ch\/fitness\/produkt\/bumper-plate-set-olympic-bar-90-kg-das-ideale-set-fuer-kraftvolles-training\/","url":"https:\/\/rntl.ch\/fitness\/produkt\/bumper-plate-set-olympic-bar-90-kg-das-ideale-set-fuer-kraftvolles-training\/","name":"Bumper Plate Set + Olympic Bar | 90 kg \u2013 Das ideale Set f\u00fcr kraftvolles Training! - RNTL Fitness","isPartOf":{"@id":"https:\/\/rntl.ch\/fitness\/#website"},"primaryImageOfPage":{"@id":"https:\/\/rntl.ch\/fitness\/produkt\/bumper-plate-set-olympic-bar-90-kg-das-ideale-set-fuer-kraftvolles-training\/#primaryimage"},"image":{"@id":"https:\/\/rntl.ch\/fitness\/produkt\/bumper-plate-set-olympic-bar-90-kg-das-ideale-set-fuer-kraftvolles-training\/#primaryimage"},"thumbnailUrl":"https:\/\/rntl.ch\/fitness\/wp-content\/uploads\/sites\/3\/2024\/10\/THIS-6.png","datePublished":"2024-10-31T07:36:35+00:00","dateModified":"2024-10-31T07:42:58+00:00","description":"Holen Sie sich das Profi Bumper Plate Set mit einer 20 kg Olympiastange! 90 kg Gesamtgewicht, perfekte Profi-Qualit\u00e4t und ideal f\u00fcr intensives Krafttraining. Perfekt f\u00fcr Gym und Home Gym!","breadcrumb":{"@id":"https:\/\/rntl.ch\/fitness\/produkt\/bumper-plate-set-olympic-bar-90-kg-das-ideale-set-fuer-kraftvolles-training\/#breadcrumb"},"inLanguage":"de","potentialAction":[{"@type":"ReadAction","target":["https:\/\/rntl.ch\/fitness\/produkt\/bumper-plate-set-olympic-bar-90-kg-das-ideale-set-fuer-kraftvolles-training\/"]}]},{"@type":"ImageObject","inLanguage":"de","@id":"https:\/\/rntl.ch\/fitness\/produkt\/bumper-plate-set-olympic-bar-90-kg-das-ideale-set-fuer-kraftvolles-training\/#primaryimage","url":"https:\/\/rntl.ch\/fitness\/wp-content\/uploads\/sites\/3\/2024\/10\/THIS-6.png","contentUrl":"https:\/\/rntl.ch\/fitness\/wp-content\/uploads\/sites\/3\/2024\/10\/THIS-6.png","width":800,"height":800},{"@type":"BreadcrumbList","@id":"https:\/\/rntl.ch\/fitness\/produkt\/bumper-plate-set-olympic-bar-90-kg-das-ideale-set-fuer-kraftvolles-training\/#breadcrumb","itemListElement":[{"@type":"ListItem","position":1,"name":"Startseite","item":"https:\/\/rntl.ch\/fitness\/"},{"@type":"ListItem","position":2,"name":"Shop","item":"https:\/\/rntl.ch\/fitness\/shop\/"},{"@type":"ListItem","position":3,"name":"Bumper Plate Set + Olympic Bar | 90 kg \u2013 Das ideale Set f\u00fcr kraftvolles Training!"}]},{"@type":"WebSite","@id":"https:\/\/rntl.ch\/fitness\/#website","url":"https:\/\/rntl.ch\/fitness\/","name":"RNTL Fitness","description":"Mieten Einfach Anders","publisher":{"@id":"https:\/\/rntl.ch\/fitness\/#organization"},"potentialAction":[{"@type":"SearchAction","target":{"@type":"EntryPoint","urlTemplate":"https:\/\/rntl.ch\/fitness\/?s={search_term_string}"},"query-input":{"@type":"PropertyValueSpecification","valueRequired":true,"valueName":"search_term_string"}}],"inLanguage":"de"},{"@type":"Organization","@id":"https:\/\/rntl.ch\/fitness\/#organization","name":"RNTL Fitness","url":"https:\/\/rntl.ch\/fitness\/","logo":{"@type":"ImageObject","inLanguage":"de","@id":"https:\/\/rntl.ch\/fitness\/#\/schema\/logo\/image\/","url":"https:\/\/rntl.ch\/fitness\/wp-content\/uploads\/sites\/3\/2020\/11\/cropped-rntl_logo_white_530x150.png","contentUrl":"https:\/\/rntl.ch\/fitness\/wp-content\/uploads\/sites\/3\/2020\/11\/cropped-rntl_logo_white_530x150.png","width":530,"height":150,"caption":"RNTL Fitness"},"image":{"@id":"https:\/\/rntl.ch\/fitness\/#\/schema\/logo\/image\/"}}]}},"_links":{"self":[{"href":"https:\/\/rntl.ch\/fitness\/wp-json\/wp\/v2\/product\/30808","targetHints":{"allow":["GET"]}}],"collection":[{"href":"https:\/\/rntl.ch\/fitness\/wp-json\/wp\/v2\/product"}],"about":[{"href":"https:\/\/rntl.ch\/fitness\/wp-json\/wp\/v2\/types\/product"}],"version-history":[{"count":2,"href":"https:\/\/rntl.ch\/fitness\/wp-json\/wp\/v2\/product\/30808\/revisions"}],"predecessor-version":[{"id":40187,"href":"https:\/\/rntl.ch\/fitness\/wp-json\/wp\/v2\/product\/30808\/revisions\/40187"}],"wp:featuredmedia":[{"embeddable":true,"href":"https:\/\/rntl.ch\/fitness\/wp-json\/wp\/v2\/media\/30813"}],"wp:attachment":[{"href":"https:\/\/rntl.ch\/fitness\/wp-json\/wp\/v2\/media?parent=30808"}],"wp:term":[{"taxonomy":"product_brand","embeddable":true,"href":"https:\/\/rntl.ch\/fitness\/wp-json\/wp\/v2\/product_brand?post=30808"},{"taxonomy":"product_cat","embeddable":true,"href":"https:\/\/rntl.ch\/fitness\/wp-json\/wp\/v2\/product_cat?post=30808"},{"taxonomy":"product_tag","embeddable":true,"href":"https:\/\/rntl.ch\/fitness\/wp-json\/wp\/v2\/product_tag?post=30808"}],"curies":[{"name":"wp","href":"https:\/\/api.w.org\/{rel}","templated":true}]}}