{"id":32458,"date":"2025-02-19T10:32:35","date_gmt":"2025-02-19T09:32:35","guid":{"rendered":"https:\/\/rntl.ch\/fitness\/?post_type=product&#038;p=32458"},"modified":"2025-02-19T10:41:49","modified_gmt":"2025-02-19T09:41:49","slug":"fluid-rower-apollo-v-wasserrudergeraet-aus-holz","status":"publish","type":"product","link":"https:\/\/rntl.ch\/fitness\/produkt\/fluid-rower-apollo-v-wasserrudergeraet-aus-holz\/","title":{"rendered":"Fluid Rower Apollo V Wasserruderger\u00e4t aus Holz"},"content":{"rendered":"<p data-start=\"93\" data-end=\"447\">Dieses <strong data-start=\"276\" data-end=\"309\">hochwertige Wasser-Ruderger\u00e4t<\/strong> kombiniert ein modernes Design mit langlebigen Materialien und innovativer Technologie, um ein authentisches Rudergef\u00fchl zu vermitteln.<\/p>\n<h3 data-start=\"449\" data-end=\"515\"><strong data-start=\"453\" data-end=\"513\">Nat\u00fcrlicher Wasserwiderstand \u2013 Rudern wie auf dem Wasser<\/strong><\/h3>\n<p data-start=\"516\" data-end=\"886\">Der Apollo V nutzt ein <strong data-start=\"539\" data-end=\"576\">patentiertes 2-Kammer-Tank-System<\/strong>, das ein besonders realistisches Rudergef\u00fchl erzeugt. Mit <strong data-start=\"635\" data-end=\"658\">5 Widerstandsstufen<\/strong> l\u00e4sst sich die Intensit\u00e4t individuell anpassen \u2013 ideal f\u00fcr die ganze Familie. Durch die einzigartige Konstruktion beanspruchen Sie <strong data-start=\"790\" data-end=\"821\">bis zu 85% Ihrer Muskulatur<\/strong>, f\u00f6rdern Ihre Ausdauer und verbessern Ihre Fitness nachhaltig.<\/p>\n<h3 data-start=\"888\" data-end=\"949\"><strong data-start=\"892\" data-end=\"947\">Hochwertige Materialien f\u00fcr eine langlebige Nutzung<\/strong><\/h3>\n<p data-start=\"950\" data-end=\"1300\">Die Kombination aus <strong data-start=\"970\" data-end=\"1030\">rostfreiem Edelstahl und edlem amerikanischen Eschenholz<\/strong> macht dieses Ruderger\u00e4t besonders stabil und gleichzeitig optisch ansprechend. Die <strong data-start=\"1114\" data-end=\"1141\">doppelten Gleitschienen<\/strong> erm\u00f6glichen eine sanfte, flie\u00dfende Bewegung des kugelgelagerten Sitzes, w\u00e4hrend rutschfeste Fu\u00dfst\u00fctzen mit verstellbaren Schlaufen f\u00fcr sicheren Halt sorgen.<\/p>\n<h3 data-start=\"1302\" data-end=\"1347\"><strong data-start=\"1306\" data-end=\"1345\">Platzsparend &amp; einfach zu verstauen<\/strong><\/h3>\n<p data-start=\"1348\" data-end=\"1595\">Trotz seiner robusten Bauweise l\u00e4sst sich das Fluid Rower Apollo V <strong data-start=\"1415\" data-end=\"1464\">leicht zusammenklappen und aufrecht verstauen<\/strong>, sodass es sich perfekt f\u00fcr kleine R\u00e4ume eignet. Dank integrierter <strong data-start=\"1532\" data-end=\"1551\">Transportrollen<\/strong> k\u00f6nnen Sie das Ger\u00e4t m\u00fchelos verschieben.<\/p>\n<h3 data-start=\"1597\" data-end=\"1646\"><strong data-start=\"1601\" data-end=\"1644\">Smartes Training dank App-Konnektivit\u00e4t<\/strong><\/h3>\n<p data-start=\"1647\" data-end=\"2042\">Mit der <strong data-start=\"1655\" data-end=\"1690\">integrierten Bluetooth-Funktion<\/strong> k\u00f6nnen Sie das Ruderger\u00e4t mit verschiedenen Apps wie <strong data-start=\"1744\" data-end=\"1796\">Fluid Connect, Kinomap, Regatta, EXR und Asensei<\/strong> verbinden. So k\u00f6nnen Sie Ihr Training noch effektiver gestalten, Fortschritte tracken und interaktive Ruderstrecken erkunden. Die Kompatibilit\u00e4t mit <strong data-start=\"1946\" data-end=\"1985\">Brustgurten zur Herzfrequenzmessung<\/strong> erm\u00f6glicht zus\u00e4tzlich eine pr\u00e4zise Trainingssteuerung.<\/p>\n<h3 data-start=\"2044\" data-end=\"2083\"><strong data-start=\"2048\" data-end=\"2081\">Technische Daten &amp; Highlights<\/strong><\/h3>\n<p data-start=\"2084\" data-end=\"2522\">\u2714 <strong data-start=\"2086\" data-end=\"2120\">Verstellbarer Wasserwiderstand<\/strong> (5 Stufen, 2-Kammer-Tank-System)<br data-start=\"2153\" data-end=\"2156\" \/>\u2714 <strong data-start=\"2158\" data-end=\"2195\">Monochromes Bluetooth LCD-Display<\/strong> zur Trainings\u00fcberwachung<br data-start=\"2220\" data-end=\"2223\" \/>\u2714 <strong data-start=\"2225\" data-end=\"2249\">Robuste Konstruktion<\/strong> aus Edelstahl &amp; amerikanischem Eschenholz<br data-start=\"2291\" data-end=\"2294\" \/>\u2714 <strong data-start=\"2296\" data-end=\"2346\">Gelenkschonendes &amp; realistisches Rudererlebnis<\/strong><br data-start=\"2346\" data-end=\"2349\" \/>\u2714 <strong data-start=\"2351\" data-end=\"2417\">Kompatibel mit Apps wie Fluid Connect, Kinomap, Regatta &amp; mehr<\/strong><br data-start=\"2417\" data-end=\"2420\" \/>\u2714 <strong data-start=\"2422\" data-end=\"2481\">Faltbar &amp; mit Transportrollen f\u00fcr einfache Aufbewahrung<\/strong><br data-start=\"2481\" data-end=\"2484\" \/>\u2714 <strong data-start=\"2486\" data-end=\"2520\">Maximale Belastbarkeit: 150 kg<\/strong><\/p>\n<h3 data-start=\"2524\" data-end=\"2546\"><strong data-start=\"2528\" data-end=\"2544\">Lieferumfang<\/strong><\/h3>\n<p data-start=\"2547\" data-end=\"2632\">\ud83d\udce6 1x Fluid Rower Apollo V Wasser-Ruderger\u00e4t mit Dual Rail<br data-start=\"2605\" data-end=\"2608\" \/>\ud83d\udcd6 Bedienungsanleitung<\/p>\n<h3 data-start=\"2634\" data-end=\"2692\"><strong data-start=\"2638\" data-end=\"2690\">Fazit \u2013 Das perfekte Ruderger\u00e4t f\u00fcr Ihr Home Gym<\/strong><\/h3>\n<p data-start=\"2693\" data-end=\"2982\">Der <strong data-start=\"2697\" data-end=\"2721\">Fluid Rower Apollo V<\/strong> bietet ein authentisches Rudererlebnis mit innovativer Technologie, hochwertiger Verarbeitung und smarten Trainingsm\u00f6glichkeiten. Ob Einsteiger oder Profi \u2013 dieses Wasser-Ruderger\u00e4t ist der ideale Trainingspartner f\u00fcr mehr Fitness, Ausdauer und Muskelaufbau.<\/p>\n<p data-start=\"2984\" data-end=\"3051\" data-is-last-node=\"\">\ud83d\ude80 <strong data-start=\"2987\" data-end=\"3048\">Jetzt bestellen und das ultimative Rudertraining erleben!<\/strong> \ud83d\ude80<\/p>\n","protected":false},"excerpt":{"rendered":"<h3 data-start=\"0\" data-end=\"91\"><strong data-start=\"4\" data-end=\"89\">Fluid Rower Apollo V \u2013 Hochwertiges Wasser-Ruderger\u00e4t f\u00fcr effektives Heimtraining<\/strong><\/h3>\n<p data-start=\"93\" data-end=\"447\">Der <strong data-start=\"97\" data-end=\"121\">Fluid Rower Apollo V<\/strong> ist die perfekte Wahl f\u00fcr Anf\u00e4nger und ambitionierte Sportler, die ein realistisches und gelenkschonendes Rudertraining zu Hause genie\u00dfen m\u00f6chten.<\/p>\n<p><strong>Kaufpreis [woo_custom_field id=\"rntl_retail_price_field\"].-<\/strong><\/p>\n[rntl_page_content id=\"14687\"]\n<div class=\"woocommerce-product-details__short-description\">\n<p>&nbsp;<\/p>\n<\/div>\n","protected":false},"featured_media":32469,"template":"","meta":{"content-type":""},"product_brand":[],"product_cat":[29],"product_tag":[112],"class_list":{"0":"post-32458","1":"product","2":"type-product","3":"status-publish","4":"has-post-thumbnail","6":"product_cat-rudergeraete","7":"product_tag-mieten","8":"product_shipping_class-mittel","9":"tm-no-options","11":"first","12":"instock","13":"taxable","14":"shipping-taxable","15":"purchasable","16":"product-type-variable-subscription","17":"has-default-attributes"},"yoast_head":"<!-- This site is optimized with the Yoast SEO plugin v26.3 - https:\/\/yoast.com\/wordpress\/plugins\/seo\/ -->\n<title>Fluid Rower Apollo V Wasserruderger\u00e4t aus Holz - RNTL Fitness<\/title>\n<meta name=\"description\" content=\"Das Fluid Rower Apollo V Ruderger\u00e4t mit Wasserwiderstand bietet ein realistisches Rudererlebnis f\u00fcr Anf\u00e4nger &amp; Profis. Platzsparend, stabil &amp; mit App-Konnektivit\u00e4t. Jetzt entdecken!\" \/>\n<meta name=\"robots\" content=\"index, follow, max-snippet:-1, max-image-preview:large, max-video-preview:-1\" \/>\n<link rel=\"canonical\" href=\"https:\/\/rntl.ch\/fitness\/produkt\/fluid-rower-apollo-v-wasserrudergeraet-aus-holz\/\" \/>\n<meta property=\"og:locale\" content=\"de_DE\" \/>\n<meta property=\"og:type\" content=\"article\" \/>\n<meta property=\"og:title\" content=\"Fluid Rower Apollo V Wasserruderger\u00e4t aus Holz - RNTL Fitness\" \/>\n<meta property=\"og:description\" content=\"Das Fluid Rower Apollo V Ruderger\u00e4t mit Wasserwiderstand bietet ein realistisches Rudererlebnis f\u00fcr Anf\u00e4nger &amp; Profis. Platzsparend, stabil &amp; mit App-Konnektivit\u00e4t. Jetzt entdecken!\" \/>\n<meta property=\"og:url\" content=\"https:\/\/rntl.ch\/fitness\/produkt\/fluid-rower-apollo-v-wasserrudergeraet-aus-holz\/\" \/>\n<meta property=\"og:site_name\" content=\"RNTL Fitness\" \/>\n<meta property=\"article:modified_time\" content=\"2025-02-19T09:41:49+00:00\" \/>\n<meta property=\"og:image\" content=\"https:\/\/rntl.ch\/fitness\/wp-content\/uploads\/sites\/3\/2025\/02\/1-1.png\" \/>\n\t<meta property=\"og:image:width\" content=\"800\" \/>\n\t<meta property=\"og:image:height\" content=\"800\" \/>\n\t<meta property=\"og:image:type\" content=\"image\/png\" \/>\n<meta name=\"twitter:card\" content=\"summary_large_image\" \/>\n<meta name=\"twitter:label1\" content=\"Gesch\u00e4tzte Lesezeit\" \/>\n\t<meta name=\"twitter:data1\" content=\"2\u00a0Minuten\" \/>\n<script type=\"application\/ld+json\" class=\"yoast-schema-graph\">{\"@context\":\"https:\/\/schema.org\",\"@graph\":[{\"@type\":\"WebPage\",\"@id\":\"https:\/\/rntl.ch\/fitness\/produkt\/fluid-rower-apollo-v-wasserrudergeraet-aus-holz\/\",\"url\":\"https:\/\/rntl.ch\/fitness\/produkt\/fluid-rower-apollo-v-wasserrudergeraet-aus-holz\/\",\"name\":\"Fluid Rower Apollo V Wasserruderger\u00e4t aus Holz - RNTL Fitness\",\"isPartOf\":{\"@id\":\"https:\/\/rntl.ch\/fitness\/#website\"},\"primaryImageOfPage\":{\"@id\":\"https:\/\/rntl.ch\/fitness\/produkt\/fluid-rower-apollo-v-wasserrudergeraet-aus-holz\/#primaryimage\"},\"image\":{\"@id\":\"https:\/\/rntl.ch\/fitness\/produkt\/fluid-rower-apollo-v-wasserrudergeraet-aus-holz\/#primaryimage\"},\"thumbnailUrl\":\"https:\/\/rntl.ch\/fitness\/wp-content\/uploads\/sites\/3\/2025\/02\/1-1.png\",\"datePublished\":\"2025-02-19T09:32:35+00:00\",\"dateModified\":\"2025-02-19T09:41:49+00:00\",\"description\":\"Das Fluid Rower Apollo V Ruderger\u00e4t mit Wasserwiderstand bietet ein realistisches Rudererlebnis f\u00fcr Anf\u00e4nger & Profis. Platzsparend, stabil & mit App-Konnektivit\u00e4t. Jetzt entdecken!\",\"breadcrumb\":{\"@id\":\"https:\/\/rntl.ch\/fitness\/produkt\/fluid-rower-apollo-v-wasserrudergeraet-aus-holz\/#breadcrumb\"},\"inLanguage\":\"de\",\"potentialAction\":[{\"@type\":\"ReadAction\",\"target\":[\"https:\/\/rntl.ch\/fitness\/produkt\/fluid-rower-apollo-v-wasserrudergeraet-aus-holz\/\"]}]},{\"@type\":\"ImageObject\",\"inLanguage\":\"de\",\"@id\":\"https:\/\/rntl.ch\/fitness\/produkt\/fluid-rower-apollo-v-wasserrudergeraet-aus-holz\/#primaryimage\",\"url\":\"https:\/\/rntl.ch\/fitness\/wp-content\/uploads\/sites\/3\/2025\/02\/1-1.png\",\"contentUrl\":\"https:\/\/rntl.ch\/fitness\/wp-content\/uploads\/sites\/3\/2025\/02\/1-1.png\",\"width\":800,\"height\":800},{\"@type\":\"BreadcrumbList\",\"@id\":\"https:\/\/rntl.ch\/fitness\/produkt\/fluid-rower-apollo-v-wasserrudergeraet-aus-holz\/#breadcrumb\",\"itemListElement\":[{\"@type\":\"ListItem\",\"position\":1,\"name\":\"Startseite\",\"item\":\"https:\/\/rntl.ch\/fitness\/\"},{\"@type\":\"ListItem\",\"position\":2,\"name\":\"Shop\",\"item\":\"https:\/\/rntl.ch\/fitness\/shop\/\"},{\"@type\":\"ListItem\",\"position\":3,\"name\":\"Fluid Rower Apollo V Wasserruderger\u00e4t aus Holz\"}]},{\"@type\":\"WebSite\",\"@id\":\"https:\/\/rntl.ch\/fitness\/#website\",\"url\":\"https:\/\/rntl.ch\/fitness\/\",\"name\":\"RNTL Fitness\",\"description\":\"Mieten Einfach Anders\",\"publisher\":{\"@id\":\"https:\/\/rntl.ch\/fitness\/#organization\"},\"potentialAction\":[{\"@type\":\"SearchAction\",\"target\":{\"@type\":\"EntryPoint\",\"urlTemplate\":\"https:\/\/rntl.ch\/fitness\/?s={search_term_string}\"},\"query-input\":{\"@type\":\"PropertyValueSpecification\",\"valueRequired\":true,\"valueName\":\"search_term_string\"}}],\"inLanguage\":\"de\"},{\"@type\":\"Organization\",\"@id\":\"https:\/\/rntl.ch\/fitness\/#organization\",\"name\":\"RNTL Fitness\",\"url\":\"https:\/\/rntl.ch\/fitness\/\",\"logo\":{\"@type\":\"ImageObject\",\"inLanguage\":\"de\",\"@id\":\"https:\/\/rntl.ch\/fitness\/#\/schema\/logo\/image\/\",\"url\":\"https:\/\/rntl.ch\/fitness\/wp-content\/uploads\/sites\/3\/2020\/11\/cropped-rntl_logo_white_530x150.png\",\"contentUrl\":\"https:\/\/rntl.ch\/fitness\/wp-content\/uploads\/sites\/3\/2020\/11\/cropped-rntl_logo_white_530x150.png\",\"width\":530,\"height\":150,\"caption\":\"RNTL Fitness\"},\"image\":{\"@id\":\"https:\/\/rntl.ch\/fitness\/#\/schema\/logo\/image\/\"}}]}<\/script>\n<!-- \/ Yoast SEO plugin. -->","yoast_head_json":{"title":"Fluid Rower Apollo V Wasserruderger\u00e4t aus Holz - RNTL Fitness","description":"Das Fluid Rower Apollo V Ruderger\u00e4t mit Wasserwiderstand bietet ein realistisches Rudererlebnis f\u00fcr Anf\u00e4nger & Profis. Platzsparend, stabil & mit App-Konnektivit\u00e4t. Jetzt entdecken!","robots":{"index":"index","follow":"follow","max-snippet":"max-snippet:-1","max-image-preview":"max-image-preview:large","max-video-preview":"max-video-preview:-1"},"canonical":"https:\/\/rntl.ch\/fitness\/produkt\/fluid-rower-apollo-v-wasserrudergeraet-aus-holz\/","og_locale":"de_DE","og_type":"article","og_title":"Fluid Rower Apollo V Wasserruderger\u00e4t aus Holz - RNTL Fitness","og_description":"Das Fluid Rower Apollo V Ruderger\u00e4t mit Wasserwiderstand bietet ein realistisches Rudererlebnis f\u00fcr Anf\u00e4nger & Profis. Platzsparend, stabil & mit App-Konnektivit\u00e4t. Jetzt entdecken!","og_url":"https:\/\/rntl.ch\/fitness\/produkt\/fluid-rower-apollo-v-wasserrudergeraet-aus-holz\/","og_site_name":"RNTL Fitness","article_modified_time":"2025-02-19T09:41:49+00:00","og_image":[{"width":800,"height":800,"url":"https:\/\/rntl.ch\/fitness\/wp-content\/uploads\/sites\/3\/2025\/02\/1-1.png","type":"image\/png"}],"twitter_card":"summary_large_image","twitter_misc":{"Gesch\u00e4tzte Lesezeit":"2\u00a0Minuten"},"schema":{"@context":"https:\/\/schema.org","@graph":[{"@type":"WebPage","@id":"https:\/\/rntl.ch\/fitness\/produkt\/fluid-rower-apollo-v-wasserrudergeraet-aus-holz\/","url":"https:\/\/rntl.ch\/fitness\/produkt\/fluid-rower-apollo-v-wasserrudergeraet-aus-holz\/","name":"Fluid Rower Apollo V Wasserruderger\u00e4t aus Holz - RNTL Fitness","isPartOf":{"@id":"https:\/\/rntl.ch\/fitness\/#website"},"primaryImageOfPage":{"@id":"https:\/\/rntl.ch\/fitness\/produkt\/fluid-rower-apollo-v-wasserrudergeraet-aus-holz\/#primaryimage"},"image":{"@id":"https:\/\/rntl.ch\/fitness\/produkt\/fluid-rower-apollo-v-wasserrudergeraet-aus-holz\/#primaryimage"},"thumbnailUrl":"https:\/\/rntl.ch\/fitness\/wp-content\/uploads\/sites\/3\/2025\/02\/1-1.png","datePublished":"2025-02-19T09:32:35+00:00","dateModified":"2025-02-19T09:41:49+00:00","description":"Das Fluid Rower Apollo V Ruderger\u00e4t mit Wasserwiderstand bietet ein realistisches Rudererlebnis f\u00fcr Anf\u00e4nger & Profis. Platzsparend, stabil & mit App-Konnektivit\u00e4t. Jetzt entdecken!","breadcrumb":{"@id":"https:\/\/rntl.ch\/fitness\/produkt\/fluid-rower-apollo-v-wasserrudergeraet-aus-holz\/#breadcrumb"},"inLanguage":"de","potentialAction":[{"@type":"ReadAction","target":["https:\/\/rntl.ch\/fitness\/produkt\/fluid-rower-apollo-v-wasserrudergeraet-aus-holz\/"]}]},{"@type":"ImageObject","inLanguage":"de","@id":"https:\/\/rntl.ch\/fitness\/produkt\/fluid-rower-apollo-v-wasserrudergeraet-aus-holz\/#primaryimage","url":"https:\/\/rntl.ch\/fitness\/wp-content\/uploads\/sites\/3\/2025\/02\/1-1.png","contentUrl":"https:\/\/rntl.ch\/fitness\/wp-content\/uploads\/sites\/3\/2025\/02\/1-1.png","width":800,"height":800},{"@type":"BreadcrumbList","@id":"https:\/\/rntl.ch\/fitness\/produkt\/fluid-rower-apollo-v-wasserrudergeraet-aus-holz\/#breadcrumb","itemListElement":[{"@type":"ListItem","position":1,"name":"Startseite","item":"https:\/\/rntl.ch\/fitness\/"},{"@type":"ListItem","position":2,"name":"Shop","item":"https:\/\/rntl.ch\/fitness\/shop\/"},{"@type":"ListItem","position":3,"name":"Fluid Rower Apollo V Wasserruderger\u00e4t aus Holz"}]},{"@type":"WebSite","@id":"https:\/\/rntl.ch\/fitness\/#website","url":"https:\/\/rntl.ch\/fitness\/","name":"RNTL Fitness","description":"Mieten Einfach Anders","publisher":{"@id":"https:\/\/rntl.ch\/fitness\/#organization"},"potentialAction":[{"@type":"SearchAction","target":{"@type":"EntryPoint","urlTemplate":"https:\/\/rntl.ch\/fitness\/?s={search_term_string}"},"query-input":{"@type":"PropertyValueSpecification","valueRequired":true,"valueName":"search_term_string"}}],"inLanguage":"de"},{"@type":"Organization","@id":"https:\/\/rntl.ch\/fitness\/#organization","name":"RNTL Fitness","url":"https:\/\/rntl.ch\/fitness\/","logo":{"@type":"ImageObject","inLanguage":"de","@id":"https:\/\/rntl.ch\/fitness\/#\/schema\/logo\/image\/","url":"https:\/\/rntl.ch\/fitness\/wp-content\/uploads\/sites\/3\/2020\/11\/cropped-rntl_logo_white_530x150.png","contentUrl":"https:\/\/rntl.ch\/fitness\/wp-content\/uploads\/sites\/3\/2020\/11\/cropped-rntl_logo_white_530x150.png","width":530,"height":150,"caption":"RNTL Fitness"},"image":{"@id":"https:\/\/rntl.ch\/fitness\/#\/schema\/logo\/image\/"}}]}},"_links":{"self":[{"href":"https:\/\/rntl.ch\/fitness\/wp-json\/wp\/v2\/product\/32458","targetHints":{"allow":["GET"]}}],"collection":[{"href":"https:\/\/rntl.ch\/fitness\/wp-json\/wp\/v2\/product"}],"about":[{"href":"https:\/\/rntl.ch\/fitness\/wp-json\/wp\/v2\/types\/product"}],"version-history":[{"count":1,"href":"https:\/\/rntl.ch\/fitness\/wp-json\/wp\/v2\/product\/32458\/revisions"}],"predecessor-version":[{"id":32476,"href":"https:\/\/rntl.ch\/fitness\/wp-json\/wp\/v2\/product\/32458\/revisions\/32476"}],"wp:featuredmedia":[{"embeddable":true,"href":"https:\/\/rntl.ch\/fitness\/wp-json\/wp\/v2\/media\/32469"}],"wp:attachment":[{"href":"https:\/\/rntl.ch\/fitness\/wp-json\/wp\/v2\/media?parent=32458"}],"wp:term":[{"taxonomy":"product_brand","embeddable":true,"href":"https:\/\/rntl.ch\/fitness\/wp-json\/wp\/v2\/product_brand?post=32458"},{"taxonomy":"product_cat","embeddable":true,"href":"https:\/\/rntl.ch\/fitness\/wp-json\/wp\/v2\/product_cat?post=32458"},{"taxonomy":"product_tag","embeddable":true,"href":"https:\/\/rntl.ch\/fitness\/wp-json\/wp\/v2\/product_tag?post=32458"}],"curies":[{"name":"wp","href":"https:\/\/api.w.org\/{rel}","templated":true}]}}