{"id":34612,"date":"2025-07-15T17:01:59","date_gmt":"2025-07-15T15:01:59","guid":{"rendered":"https:\/\/rntl.ch\/fitness\/produkt\/nordic-track-fusion-cst\/"},"modified":"2025-07-17T10:01:32","modified_gmt":"2025-07-17T08:01:32","slug":"nordic-track-fusion-cst","status":"publish","type":"product","link":"https:\/\/rntl.ch\/fitness\/produkt\/nordic-track-fusion-cst\/","title":{"rendered":"Nordic Track Fusion CST"},"content":{"rendered":"<h2 data-start=\"44\" data-end=\"98\">\ud83d\udd25 All-in-One Home-Gym: St\u00e4rken &amp; Cardio in einem<\/h2>\n<p data-start=\"99\" data-end=\"175\"><span class=\"relative -mx-px my-[-0.2rem] rounded px-px py-[0.2rem] transition-colors duration-100 ease-in-out\">Der Fusion\u202fCST ist ein freistehendes Kabel\u2011&amp;\u2011Pully\u2011System, das in einem Ger\u00e4t sowohl Kraft\u2011 als auch HIIT\u2011Cardiotraining erm\u00f6glicht. Er ist kompatibel mit <strong data-start=\"155\" data-end=\"163\">iFit<\/strong>, sodass Trainer im Hintergrund in Echtzeit den Widerstand anpassen \u2014 ideal f\u00fcr abwechslungsreiche Workouts.\u00a0<\/span><\/p>\n<hr data-start=\"177\" data-end=\"180\" \/>\n<h2 data-start=\"182\" data-end=\"208\">Technische Highlights<\/h2>\n<ul data-start=\"210\" data-end=\"450\">\n<li data-start=\"210\" data-end=\"290\">\n<p data-start=\"212\" data-end=\"290\"><span class=\"relative -mx-px my-[-0.2rem] rounded px-px py-[0.2rem] transition-colors duration-100 ease-in-out\"><strong data-start=\"0\" data-end=\"24\" data-is-only-node=\"\">20 Widerstandsstufen<\/strong>: 10\u202f\u2013\u202f100\u202flbs (~4,5\u202f\u2013\u202f45\u202fkg) magnetisch geregelt \u2013 leise und pr\u00e4zise.<\/span><\/p>\n<\/li>\n<li data-start=\"291\" data-end=\"371\">\n<p data-start=\"293\" data-end=\"371\"><span class=\"relative -mx-px my-[-0.2rem] rounded px-px py-[0.2rem] transition-colors duration-100 ease-in-out\"><strong data-start=\"0\" data-end=\"21\" data-is-only-node=\"\">Luftiger Kabelweg<\/strong>: ca. 95\u2033 (~240\u202fcm) Kabel f\u00fcr volle Bewegungsfreiheit<\/span> .<\/p>\n<\/li>\n<li data-start=\"372\" data-end=\"450\">\n<p data-start=\"374\" data-end=\"450\"><span class=\"relative -mx-px my-[-0.2rem] rounded px-px py-[0.2rem] transition-colors duration-100 ease-in-out\"><strong data-start=\"0\" data-end=\"24\" data-is-only-node=\"\">Pulley-Konstellation<\/strong>: 6 Kabelenden (oben, Mitte, unten), dazu 2\u202fSquat\u2011Pulleys und 2\u202fKn\u00f6chelriemen f\u00fcr vielseitige \u00dcbungen.\u00a0<\/span><\/p>\n<\/li>\n<\/ul>\n<hr data-start=\"452\" data-end=\"455\" \/>\n<h2 data-start=\"457\" data-end=\"483\"><strong data-start=\"460\" data-end=\"481\">Tablet &amp; Software<\/strong><\/h2>\n<ul data-start=\"485\" data-end=\"735\">\n<li data-start=\"485\" data-end=\"567\">\n<p data-start=\"487\" data-end=\"567\"><span class=\"relative -mx-px my-[-0.2rem] rounded px-px py-[0.2rem] transition-colors duration-100 ease-in-out\">Integrierter 10\u2033\u202fTablet\u2011Computer (\u201ePortal 10i\u201c), der iFit\u2011Workouts streamt (mit Abo, erstmal 30\u202fTage gratis)<\/span><\/p>\n<\/li>\n<li data-start=\"568\" data-end=\"652\">\n<p data-start=\"570\" data-end=\"652\"><span class=\"relative -mx-px my-[-0.2rem] rounded px-px py-[0.2rem] transition-colors duration-100 ease-in-out\">Trainer-gesteuerte Widerstandssteuerung (\u201eAutoAdjust\u201c) f\u00fcr spannende, dynamische Trainingseinheiten.\u00a0<\/span><\/p>\n<\/li>\n<li data-start=\"653\" data-end=\"735\">\n<p data-start=\"655\" data-end=\"735\"><span class=\"relative -mx-px my-[-0.2rem] rounded px-px py-[0.2rem] transition-colors duration-100 ease-in-out\">Bluetooth-Schnittstelle \u2013 auch zur Verbindung mit Brustgurt\/Heartrate m\u00f6glich<\/span> .<\/p>\n<\/li>\n<\/ul>\n<hr data-start=\"737\" data-end=\"740\" \/>\n<h2 data-start=\"742\" data-end=\"767\">Design &amp; Dimensionen<\/h2>\n<ul data-start=\"769\" data-end=\"1021\">\n<li data-start=\"769\" data-end=\"853\">\n<p data-start=\"771\" data-end=\"853\"><span class=\"relative -mx-px my-[-0.2rem] rounded px-px py-[0.2rem] transition-colors duration-100 ease-in-out\"><strong data-start=\"0\" data-end=\"8\" data-is-only-node=\"\">Ma\u00dfe<\/strong>: 187\u202fcm\u202fH \u00d7\u202f154\u202fcm\u202fB \u00d7\u202f105\u202fcm\u202fT (73,5\u2033\u202f\u00d7\u202f60,5\u2033\u202f\u00d7\u202f41,5\u2033) \u2013 ben\u00f6tigt rundum Freiraum<\/span> .<\/p>\n<\/li>\n<li data-start=\"854\" data-end=\"938\">\n<p data-start=\"856\" data-end=\"938\"><span class=\"relative -mx-px my-[-0.2rem] rounded px-px py-[0.2rem] transition-colors duration-100 ease-in-out\"><strong data-start=\"0\" data-end=\"11\" data-is-only-node=\"\">Gewicht<\/strong>: ca.\u202f172\u202fkg (378\u202flbs) \u2013 f\u00fcr stabilen Stand, aber sperrig im Handling.\u00a0<\/span><\/p>\n<\/li>\n<li data-start=\"939\" data-end=\"1021\">\n<p data-start=\"941\" data-end=\"1021\"><span class=\"relative -mx-px my-[-0.2rem] rounded px-px py-[0.2rem] transition-colors duration-100 ease-in-out\"><strong data-start=\"0\" data-end=\"16\" data-is-only-node=\"\">Mirror-front<\/strong>: 180\u202fcm Spiegel dient zur Formkontrolle<\/span> .<\/p>\n<\/li>\n<\/ul>\n<hr data-start=\"1023\" data-end=\"1026\" \/>\n<h2 data-start=\"1028\" data-end=\"1064\">Zubeh\u00f6r &amp; Installationsmerkmale<\/h2>\n<ul data-start=\"1066\" data-end=\"1318\">\n<li data-start=\"1066\" data-end=\"1150\">\n<p data-start=\"1068\" data-end=\"1150\"><span class=\"relative -mx-px my-[-0.2rem] rounded px-px py-[0.2rem] transition-colors duration-100 ease-in-out\">Komplett mit <strong data-start=\"13\" data-end=\"26\">6 Griffen<\/strong>, <strong data-start=\"28\" data-end=\"48\">2 Kn\u00f6chel\u2011Straps<\/strong>, <strong data-start=\"50\" data-end=\"69\">2 Squat\u2011Pulleys<\/strong> und <strong data-start=\"74\" data-end=\"92\" data-is-last-node=\"\">Tablet\u2011St\u00e4nder.<\/strong><\/span><\/p>\n<\/li>\n<li data-start=\"1151\" data-end=\"1235\">\n<p data-start=\"1153\" data-end=\"1235\"><span class=\"relative -mx-px my-[-0.2rem] rounded px-px py-[0.2rem] transition-colors duration-100 ease-in-out\"><strong data-start=\"0\" data-end=\"32\" data-is-only-node=\"\">Magnetische Tablet-Halterung<\/strong> und <strong data-start=\"37\" data-end=\"52\">Ladestation<\/strong> praktisch integriert<\/span> .<\/p>\n<\/li>\n<li data-start=\"1236\" data-end=\"1318\">\n<p data-start=\"1238\" data-end=\"1318\"><span class=\"relative -mx-px my-[-0.2rem] rounded px-px py-[0.2rem] transition-colors duration-100 ease-in-out\">Standard\u2011Netzteil, keine Akku\u2011Abh\u00e4ngigkeit<\/span> .<\/p>\n<\/li>\n<\/ul>\n<hr data-start=\"1320\" data-end=\"1323\" \/>\n<h2 data-start=\"1325\" data-end=\"1341\">Vorteile \ud83d\udc4d<\/h2>\n<ul data-start=\"1343\" data-end=\"1639\">\n<li data-start=\"1343\" data-end=\"1427\">\n<p data-start=\"1345\" data-end=\"1427\"><span class=\"relative -mx-px my-[-0.2rem] rounded px-px py-[0.2rem] transition-colors duration-100 ease-in-out\"><strong data-start=\"0\" data-end=\"18\" data-is-only-node=\"\">Kraft + Cardio<\/strong> in einem Ger\u00e4t \u2013 spart Zeit, ideal f\u00fcr HIIT-Trainings<\/span><\/p>\n<\/li>\n<li data-start=\"1428\" data-end=\"1512\">\n<p data-start=\"1430\" data-end=\"1512\"><span class=\"relative -mx-px my-[-0.2rem] rounded px-px py-[0.2rem] transition-colors duration-100 ease-in-out\"><strong data-start=\"0\" data-end=\"18\" data-is-only-node=\"\">Leiser Betrieb<\/strong> dank magnetischer Resistance, smoothes Workout-Feeling<\/span><\/p>\n<\/li>\n<li data-start=\"1513\" data-end=\"1597\">\n<p data-start=\"1515\" data-end=\"1597\"><span class=\"relative -mx-px my-[-0.2rem] rounded px-px py-[0.2rem] transition-colors duration-100 ease-in-out\"><strong data-start=\"0\" data-end=\"20\" data-is-only-node=\"\">iFit Integration<\/strong> inkl. automatischer Widerstandsanpassung und Trainer\u2011Support<\/span><\/p>\n<\/li>\n<li data-start=\"1598\" data-end=\"1639\">\n<p data-start=\"1600\" data-end=\"1639\"><span class=\"relative -mx-px my-[-0.2rem] rounded px-px py-[0.2rem] transition-colors duration-100 ease-in-out\"><strong data-start=\"0\" data-end=\"17\" data-is-only-node=\"\">Formkontrolle<\/strong> via gro\u00dfem Spiegel.<\/span><\/p>\n<\/li>\n<\/ul>\n<hr data-start=\"1641\" data-end=\"1644\" \/>\n<h2 data-start=\"1646\" data-end=\"1663\">Nachteile \ud83d\udc4e<\/h2>\n<ul data-start=\"1665\" data-end=\"2002\">\n<li data-start=\"1665\" data-end=\"1749\">\n<p data-start=\"1667\" data-end=\"1749\"><span class=\"relative -mx-px my-[-0.2rem] rounded px-px py-[0.2rem] transition-colors duration-100 ease-in-out\"><strong data-start=\"0\" data-end=\"30\" data-is-only-node=\"\">Nur bis 100\u202flbs Widerstand<\/strong>: ausreichend f\u00fcr Einsteiger bis Mittelstufe, aber limitiert f\u00fcr Hard\u2011Lifter<\/span> .<\/p>\n<\/li>\n<li data-start=\"1750\" data-end=\"1834\">\n<p data-start=\"1752\" data-end=\"1834\"><span class=\"relative -mx-px my-[-0.2rem] rounded px-px py-[0.2rem] transition-colors duration-100 ease-in-out\"><strong data-start=\"0\" data-end=\"38\" data-is-only-node=\"\">Gro\u00dfer Platzbedarf &amp; hohes Gewicht<\/strong>: schwer zu bewegen, eher station\u00e4r zu installieren.<\/span><\/p>\n<\/li>\n<li data-start=\"1835\" data-end=\"1919\">\n<p data-start=\"1837\" data-end=\"1919\"><span class=\"relative -mx-px my-[-0.2rem] rounded px-px py-[0.2rem] transition-colors duration-100 ease-in-out\"><strong data-start=\"0\" data-end=\"22\" data-is-only-node=\"\">Tablet-Performance<\/strong>: Berichte \u00fcber Verz\u00f6gerungen und hakelige Software<\/span> .<\/p>\n<\/li>\n<li data-start=\"1920\" data-end=\"2002\">\n<p data-start=\"1922\" data-end=\"2002\"><span class=\"relative -mx-px my-[-0.2rem] rounded px-px py-[0.2rem] transition-colors duration-100 ease-in-out\"><strong data-start=\"0\" data-end=\"22\" data-is-only-node=\"\">iFit-Abo notwendig<\/strong>, um das volle Erlebnis zu nutzen (ca. 39\u202fUSD\/Monat)<\/span><\/p>\n<\/li>\n<\/ul>\n<hr data-start=\"2004\" data-end=\"2007\" \/>\n<h2 data-start=\"2009\" data-end=\"2030\">Garantie<\/h2>\n<ul data-start=\"2032\" data-end=\"2199\">\n<li data-start=\"2117\" data-end=\"2199\">\n<p data-start=\"2119\" data-end=\"2199\"><span class=\"relative -mx-px my-[-0.2rem] rounded px-px py-[0.2rem] transition-colors duration-100 ease-in-out\"><strong data-start=\"0\" data-end=\"12\" data-is-only-node=\"\">Garantie<\/strong>: 10\u202fJahre Rahmen, 1\u202fJahr Teile &amp; Tablet; Ersatzteilservice inklusive.<\/span><\/p>\n<\/li>\n<\/ul>\n<hr data-start=\"2201\" data-end=\"2204\" \/>\n<h3 data-start=\"2206\" data-end=\"2219\">\u2705 Fazit<\/h3>\n<p data-start=\"2221\" data-end=\"2699\">Der <strong data-start=\"2225\" data-end=\"2251\">NordicTrack Fusion\u202fCST<\/strong> ist ideal, wenn du zu Hause ein smartes, platzsparendes Ger\u00e4t suchst, das Kraft\u2011 und Cardio\u2011Training mit iFit\u2011Integration bietet. Die programmiertech\u00adnisch angepassten Workouts und der leise Widerstand machen ihn besonders attraktiv f\u00fcr wechselnde Trainingsformate. Wenn du jedoch schwere Gewichte (&gt;45\u202fkg) bevorzugst oder ein maximal vielseitiges Kraftger\u00e4t f\u00fcr Power\u2011Lifts suchst, k\u00f6nnte ein klassischer Functional Trainer die bessere Wahl sein.<\/p>\n","protected":false},"excerpt":{"rendered":"<p>Die Fitness der Zukunft \u00f6ffnet dir mit dieser revolution\u00e4ren Maschine ihre T\u00fcren \u2013 sie vereint Kraft- und Cardiotraining f\u00fcr ein optimiertes Workout. Geliefert mit deinem Nordictrack-Tablet und einer 1-j\u00e4hrigen iFit-Mitgliedschaft, sind deine Trainings abwechslungsreich und effektiv!<\/p>\n<p><span style=\"font-weight: 400;\">[rntl_page_content id=\"19556\"]<\/span><\/p>\n","protected":false},"featured_media":34611,"template":"","meta":{"content-type":""},"product_brand":[151],"product_cat":[27],"product_tag":[26],"class_list":{"0":"post-34612","1":"product","2":"type-product","3":"status-publish","4":"has-post-thumbnail","6":"product_brand-nordic-track","7":"product_cat-krafttraining","8":"product_tag-kaufen","9":"product_shipping_class-schwer","10":"tm-no-options","12":"first","13":"instock","14":"taxable","15":"shipping-taxable","16":"purchasable","17":"product-type-simple"},"yoast_head":"<!-- This site is optimized with the Yoast SEO plugin v26.3 - https:\/\/yoast.com\/wordpress\/plugins\/seo\/ -->\n<title>Nordic Track Fusion CST - RNTL Fitness<\/title>\n<meta name=\"robots\" content=\"index, follow, max-snippet:-1, max-image-preview:large, max-video-preview:-1\" \/>\n<link rel=\"canonical\" href=\"https:\/\/rntl.ch\/fitness\/produkt\/nordic-track-fusion-cst\/\" \/>\n<meta property=\"og:locale\" content=\"de_DE\" \/>\n<meta property=\"og:type\" content=\"article\" \/>\n<meta property=\"og:title\" content=\"Nordic Track Fusion CST - RNTL Fitness\" \/>\n<meta property=\"og:description\" content=\"Die Fitness der Zukunft \u00f6ffnet dir mit dieser revolution\u00e4ren Maschine ihre T\u00fcren \u2013 sie vereint Kraft- und Cardiotraining f\u00fcr ein optimiertes Workout. Geliefert mit deinem Nordictrack-Tablet und einer 1-j\u00e4hrigen iFit-Mitgliedschaft, sind deine Trainings abwechslungsreich und effektiv!\" \/>\n<meta property=\"og:url\" content=\"https:\/\/rntl.ch\/fitness\/produkt\/nordic-track-fusion-cst\/\" \/>\n<meta property=\"og:site_name\" content=\"RNTL Fitness\" \/>\n<meta property=\"article:modified_time\" content=\"2025-07-17T08:01:32+00:00\" \/>\n<meta property=\"og:image\" content=\"https:\/\/rntl.ch\/fitness\/wp-content\/uploads\/sites\/3\/2025\/07\/FusionCST_-_NTEVSY22917_white.png\" \/>\n\t<meta property=\"og:image:width\" content=\"800\" \/>\n\t<meta property=\"og:image:height\" content=\"800\" \/>\n\t<meta property=\"og:image:type\" content=\"image\/png\" \/>\n<meta name=\"twitter:card\" content=\"summary_large_image\" \/>\n<meta name=\"twitter:label1\" content=\"Gesch\u00e4tzte Lesezeit\" \/>\n\t<meta name=\"twitter:data1\" content=\"2\u00a0Minuten\" \/>\n<script type=\"application\/ld+json\" class=\"yoast-schema-graph\">{\"@context\":\"https:\/\/schema.org\",\"@graph\":[{\"@type\":\"WebPage\",\"@id\":\"https:\/\/rntl.ch\/fitness\/produkt\/nordic-track-fusion-cst\/\",\"url\":\"https:\/\/rntl.ch\/fitness\/produkt\/nordic-track-fusion-cst\/\",\"name\":\"Nordic Track Fusion CST - RNTL Fitness\",\"isPartOf\":{\"@id\":\"https:\/\/rntl.ch\/fitness\/#website\"},\"primaryImageOfPage\":{\"@id\":\"https:\/\/rntl.ch\/fitness\/produkt\/nordic-track-fusion-cst\/#primaryimage\"},\"image\":{\"@id\":\"https:\/\/rntl.ch\/fitness\/produkt\/nordic-track-fusion-cst\/#primaryimage\"},\"thumbnailUrl\":\"https:\/\/rntl.ch\/fitness\/wp-content\/uploads\/sites\/3\/2025\/07\/FusionCST_-_NTEVSY22917_white.png\",\"datePublished\":\"2025-07-15T15:01:59+00:00\",\"dateModified\":\"2025-07-17T08:01:32+00:00\",\"breadcrumb\":{\"@id\":\"https:\/\/rntl.ch\/fitness\/produkt\/nordic-track-fusion-cst\/#breadcrumb\"},\"inLanguage\":\"de\",\"potentialAction\":[{\"@type\":\"ReadAction\",\"target\":[\"https:\/\/rntl.ch\/fitness\/produkt\/nordic-track-fusion-cst\/\"]}]},{\"@type\":\"ImageObject\",\"inLanguage\":\"de\",\"@id\":\"https:\/\/rntl.ch\/fitness\/produkt\/nordic-track-fusion-cst\/#primaryimage\",\"url\":\"https:\/\/rntl.ch\/fitness\/wp-content\/uploads\/sites\/3\/2025\/07\/FusionCST_-_NTEVSY22917_white.png\",\"contentUrl\":\"https:\/\/rntl.ch\/fitness\/wp-content\/uploads\/sites\/3\/2025\/07\/FusionCST_-_NTEVSY22917_white.png\",\"width\":800,\"height\":800},{\"@type\":\"BreadcrumbList\",\"@id\":\"https:\/\/rntl.ch\/fitness\/produkt\/nordic-track-fusion-cst\/#breadcrumb\",\"itemListElement\":[{\"@type\":\"ListItem\",\"position\":1,\"name\":\"Startseite\",\"item\":\"https:\/\/rntl.ch\/fitness\/\"},{\"@type\":\"ListItem\",\"position\":2,\"name\":\"Shop\",\"item\":\"https:\/\/rntl.ch\/fitness\/shop\/\"},{\"@type\":\"ListItem\",\"position\":3,\"name\":\"Nordic Track Fusion CST\"}]},{\"@type\":\"WebSite\",\"@id\":\"https:\/\/rntl.ch\/fitness\/#website\",\"url\":\"https:\/\/rntl.ch\/fitness\/\",\"name\":\"RNTL Fitness\",\"description\":\"Mieten Einfach Anders\",\"publisher\":{\"@id\":\"https:\/\/rntl.ch\/fitness\/#organization\"},\"potentialAction\":[{\"@type\":\"SearchAction\",\"target\":{\"@type\":\"EntryPoint\",\"urlTemplate\":\"https:\/\/rntl.ch\/fitness\/?s={search_term_string}\"},\"query-input\":{\"@type\":\"PropertyValueSpecification\",\"valueRequired\":true,\"valueName\":\"search_term_string\"}}],\"inLanguage\":\"de\"},{\"@type\":\"Organization\",\"@id\":\"https:\/\/rntl.ch\/fitness\/#organization\",\"name\":\"RNTL Fitness\",\"url\":\"https:\/\/rntl.ch\/fitness\/\",\"logo\":{\"@type\":\"ImageObject\",\"inLanguage\":\"de\",\"@id\":\"https:\/\/rntl.ch\/fitness\/#\/schema\/logo\/image\/\",\"url\":\"https:\/\/rntl.ch\/fitness\/wp-content\/uploads\/sites\/3\/2020\/11\/cropped-rntl_logo_white_530x150.png\",\"contentUrl\":\"https:\/\/rntl.ch\/fitness\/wp-content\/uploads\/sites\/3\/2020\/11\/cropped-rntl_logo_white_530x150.png\",\"width\":530,\"height\":150,\"caption\":\"RNTL Fitness\"},\"image\":{\"@id\":\"https:\/\/rntl.ch\/fitness\/#\/schema\/logo\/image\/\"}}]}<\/script>\n<!-- \/ Yoast SEO plugin. -->","yoast_head_json":{"title":"Nordic Track Fusion CST - RNTL Fitness","robots":{"index":"index","follow":"follow","max-snippet":"max-snippet:-1","max-image-preview":"max-image-preview:large","max-video-preview":"max-video-preview:-1"},"canonical":"https:\/\/rntl.ch\/fitness\/produkt\/nordic-track-fusion-cst\/","og_locale":"de_DE","og_type":"article","og_title":"Nordic Track Fusion CST - RNTL Fitness","og_description":"Die Fitness der Zukunft \u00f6ffnet dir mit dieser revolution\u00e4ren Maschine ihre T\u00fcren \u2013 sie vereint Kraft- und Cardiotraining f\u00fcr ein optimiertes Workout. Geliefert mit deinem Nordictrack-Tablet und einer 1-j\u00e4hrigen iFit-Mitgliedschaft, sind deine Trainings abwechslungsreich und effektiv!","og_url":"https:\/\/rntl.ch\/fitness\/produkt\/nordic-track-fusion-cst\/","og_site_name":"RNTL Fitness","article_modified_time":"2025-07-17T08:01:32+00:00","og_image":[{"width":800,"height":800,"url":"https:\/\/rntl.ch\/fitness\/wp-content\/uploads\/sites\/3\/2025\/07\/FusionCST_-_NTEVSY22917_white.png","type":"image\/png"}],"twitter_card":"summary_large_image","twitter_misc":{"Gesch\u00e4tzte Lesezeit":"2\u00a0Minuten"},"schema":{"@context":"https:\/\/schema.org","@graph":[{"@type":"WebPage","@id":"https:\/\/rntl.ch\/fitness\/produkt\/nordic-track-fusion-cst\/","url":"https:\/\/rntl.ch\/fitness\/produkt\/nordic-track-fusion-cst\/","name":"Nordic Track Fusion CST - RNTL Fitness","isPartOf":{"@id":"https:\/\/rntl.ch\/fitness\/#website"},"primaryImageOfPage":{"@id":"https:\/\/rntl.ch\/fitness\/produkt\/nordic-track-fusion-cst\/#primaryimage"},"image":{"@id":"https:\/\/rntl.ch\/fitness\/produkt\/nordic-track-fusion-cst\/#primaryimage"},"thumbnailUrl":"https:\/\/rntl.ch\/fitness\/wp-content\/uploads\/sites\/3\/2025\/07\/FusionCST_-_NTEVSY22917_white.png","datePublished":"2025-07-15T15:01:59+00:00","dateModified":"2025-07-17T08:01:32+00:00","breadcrumb":{"@id":"https:\/\/rntl.ch\/fitness\/produkt\/nordic-track-fusion-cst\/#breadcrumb"},"inLanguage":"de","potentialAction":[{"@type":"ReadAction","target":["https:\/\/rntl.ch\/fitness\/produkt\/nordic-track-fusion-cst\/"]}]},{"@type":"ImageObject","inLanguage":"de","@id":"https:\/\/rntl.ch\/fitness\/produkt\/nordic-track-fusion-cst\/#primaryimage","url":"https:\/\/rntl.ch\/fitness\/wp-content\/uploads\/sites\/3\/2025\/07\/FusionCST_-_NTEVSY22917_white.png","contentUrl":"https:\/\/rntl.ch\/fitness\/wp-content\/uploads\/sites\/3\/2025\/07\/FusionCST_-_NTEVSY22917_white.png","width":800,"height":800},{"@type":"BreadcrumbList","@id":"https:\/\/rntl.ch\/fitness\/produkt\/nordic-track-fusion-cst\/#breadcrumb","itemListElement":[{"@type":"ListItem","position":1,"name":"Startseite","item":"https:\/\/rntl.ch\/fitness\/"},{"@type":"ListItem","position":2,"name":"Shop","item":"https:\/\/rntl.ch\/fitness\/shop\/"},{"@type":"ListItem","position":3,"name":"Nordic Track Fusion CST"}]},{"@type":"WebSite","@id":"https:\/\/rntl.ch\/fitness\/#website","url":"https:\/\/rntl.ch\/fitness\/","name":"RNTL Fitness","description":"Mieten Einfach Anders","publisher":{"@id":"https:\/\/rntl.ch\/fitness\/#organization"},"potentialAction":[{"@type":"SearchAction","target":{"@type":"EntryPoint","urlTemplate":"https:\/\/rntl.ch\/fitness\/?s={search_term_string}"},"query-input":{"@type":"PropertyValueSpecification","valueRequired":true,"valueName":"search_term_string"}}],"inLanguage":"de"},{"@type":"Organization","@id":"https:\/\/rntl.ch\/fitness\/#organization","name":"RNTL Fitness","url":"https:\/\/rntl.ch\/fitness\/","logo":{"@type":"ImageObject","inLanguage":"de","@id":"https:\/\/rntl.ch\/fitness\/#\/schema\/logo\/image\/","url":"https:\/\/rntl.ch\/fitness\/wp-content\/uploads\/sites\/3\/2020\/11\/cropped-rntl_logo_white_530x150.png","contentUrl":"https:\/\/rntl.ch\/fitness\/wp-content\/uploads\/sites\/3\/2020\/11\/cropped-rntl_logo_white_530x150.png","width":530,"height":150,"caption":"RNTL Fitness"},"image":{"@id":"https:\/\/rntl.ch\/fitness\/#\/schema\/logo\/image\/"}}]}},"_links":{"self":[{"href":"https:\/\/rntl.ch\/fitness\/wp-json\/wp\/v2\/product\/34612","targetHints":{"allow":["GET"]}}],"collection":[{"href":"https:\/\/rntl.ch\/fitness\/wp-json\/wp\/v2\/product"}],"about":[{"href":"https:\/\/rntl.ch\/fitness\/wp-json\/wp\/v2\/types\/product"}],"version-history":[{"count":5,"href":"https:\/\/rntl.ch\/fitness\/wp-json\/wp\/v2\/product\/34612\/revisions"}],"predecessor-version":[{"id":34614,"href":"https:\/\/rntl.ch\/fitness\/wp-json\/wp\/v2\/product\/34612\/revisions\/34614"}],"wp:featuredmedia":[{"embeddable":true,"href":"https:\/\/rntl.ch\/fitness\/wp-json\/wp\/v2\/media\/34611"}],"wp:attachment":[{"href":"https:\/\/rntl.ch\/fitness\/wp-json\/wp\/v2\/media?parent=34612"}],"wp:term":[{"taxonomy":"product_brand","embeddable":true,"href":"https:\/\/rntl.ch\/fitness\/wp-json\/wp\/v2\/product_brand?post=34612"},{"taxonomy":"product_cat","embeddable":true,"href":"https:\/\/rntl.ch\/fitness\/wp-json\/wp\/v2\/product_cat?post=34612"},{"taxonomy":"product_tag","embeddable":true,"href":"https:\/\/rntl.ch\/fitness\/wp-json\/wp\/v2\/product_tag?post=34612"}],"curies":[{"name":"wp","href":"https:\/\/api.w.org\/{rel}","templated":true}]}}