{"id":36019,"date":"2025-10-16T11:08:41","date_gmt":"2025-10-16T09:08:41","guid":{"rendered":"https:\/\/rntl.ch\/fitness\/?post_type=product&#038;p=36019"},"modified":"2026-04-12T13:22:43","modified_gmt":"2026-04-12T11:22:43","slug":"wahoo-kickr-pro-bike-dein-ultimativer-indoor-trainingspartner","status":"publish","type":"product","link":"https:\/\/rntl.ch\/fitness\/produkt\/wahoo-kickr-pro-bike-dein-ultimativer-indoor-trainingspartner\/","title":{"rendered":"Wahoo KICKR Pro Bike \u2013 Dein ultimativer Indoor-Trainingspartner"},"content":{"rendered":"<h4 data-start=\"412\" data-end=\"441\">Achtung! Das Bike kommt ohne Pedalen!<\/h4>\n<h4 data-start=\"412\" data-end=\"441\">Hauptmerkmale &amp; Vorteile<\/h4>\n<ul data-start=\"443\" data-end=\"2144\">\n<li data-start=\"443\" data-end=\"699\">\n<p data-start=\"445\" data-end=\"699\"><strong data-start=\"445\" data-end=\"472\">Realistische Simulation<\/strong><br data-start=\"472\" data-end=\"475\" \/>Mit einer integrierten Steigungssimulation von <strong data-start=\"524\" data-end=\"543\">\u201315 % bis +20 %<\/strong> sorgt das KICKR Pro f\u00fcr ein immersives Fahrerlebnis \u2013 Abfahrten und Steigungen werden realit\u00e4tsnah nachempfunden.<br data-start=\"657\" data-end=\"660\" \/><span class=\"\" data-state=\"closed\"><span class=\"ms-1 inline-flex max-w-full items-center relative top-[-0.094rem] animate-[show_150ms_ease-in]\" data-testid=\"webpage-citation-pill\"><br \/>\n<\/span><\/span><\/p>\n<\/li>\n<li data-start=\"701\" data-end=\"925\">\n<p data-start=\"703\" data-end=\"925\"><strong data-start=\"703\" data-end=\"759\">Virtuelles Schalten &amp; Reaktionsf\u00e4higkeit in Echtzeit<\/strong><br data-start=\"759\" data-end=\"762\" \/>Erlebe spontanes Schalten und direkte Reaktionen \u2013 ideal f\u00fcr Trainingseinheiten, Wettk\u00e4mpfe oder Plattformen wie Zwift.<br data-start=\"883\" data-end=\"886\" \/><span class=\"\" data-state=\"closed\"><span class=\"ms-1 inline-flex max-w-full items-center relative top-[-0.094rem] animate-[show_150ms_ease-in]\" data-testid=\"webpage-citation-pill\"><br \/>\n<\/span><\/span><\/p>\n<\/li>\n<li data-start=\"927\" data-end=\"1112\">\n<p data-start=\"929\" data-end=\"1112\"><strong data-start=\"929\" data-end=\"964\">Extrem pr\u00e4zise Leistungsmessung<\/strong><br data-start=\"964\" data-end=\"967\" \/>Mit einer Genauigkeit von <strong data-start=\"995\" data-end=\"1003\">\u00b11 %<\/strong> liefert das Bike zuverl\u00e4ssige Leistungsdaten f\u00fcr exaktes Training.<br data-start=\"1070\" data-end=\"1073\" \/><span class=\"\" data-state=\"closed\"><span class=\"ms-1 inline-flex max-w-full items-center relative top-[-0.094rem] animate-[show_150ms_ease-in]\" data-testid=\"webpage-citation-pill\"><br \/>\n<\/span><\/span><\/p>\n<\/li>\n<li data-start=\"1114\" data-end=\"1334\">\n<p data-start=\"1116\" data-end=\"1334\"><strong data-start=\"1116\" data-end=\"1165\">Umfangreiche Konnektivit\u00e4t &amp; Software-Updates<\/strong><br data-start=\"1165\" data-end=\"1168\" \/>Unterst\u00fctzt WiFi, ANT+, Bluetooth, FE-C. Softwareupdates lassen sich kabellos \u00fcber die Wahoo-App oder via WiFi einspielen.<br data-start=\"1292\" data-end=\"1295\" \/><span class=\"\" data-state=\"closed\"><span class=\"ms-1 inline-flex max-w-full items-center relative top-[-0.094rem] animate-[show_150ms_ease-in]\" data-testid=\"webpage-citation-pill\"><br \/>\n<\/span><\/span><\/p>\n<\/li>\n<li data-start=\"1336\" data-end=\"1591\">\n<p data-start=\"1338\" data-end=\"1591\"><strong data-start=\"1338\" data-end=\"1378\">Ergonomisches Design &amp; Anpassbarkeit<\/strong><br data-start=\"1378\" data-end=\"1381\" \/>\u2022 Nutzerbereich: 152 bis 193 cm<br data-start=\"1414\" data-end=\"1417\" \/>\u2022 Max. Nutzergewicht: 113 kg<br data-start=\"1447\" data-end=\"1450\" \/>\u2022 Kurbelarml\u00e4ngen: 165 \/ 167,5 \/ 170 \/ 172,5 \/ 175 mm<br data-start=\"1505\" data-end=\"1508\" \/>\u2022 Inklusive fi\u2019zi:k Sattel &amp; Lenkerband<br data-start=\"1549\" data-end=\"1552\" \/><a target=\"_blank\" href=\"https:\/\/www.indiansummer.ch\/de\/wahoo-kickr-pro-bike.html\" rel=\"noopener\" class=\"flex h-4.5 overflow-hidden rounded-xl px-2 text-[9px] font-medium transition-colors duration-150 ease-in-out text-token-text-secondary! bg-[#F4F4F4]! dark:bg-[#303030]!\"><\/a><\/p>\n<\/li>\n<li data-start=\"1336\" data-end=\"1591\">\n<p data-start=\"1338\" data-end=\"1591\"><strong data-start=\"1595\" data-end=\"1628\">Technische Daten im \u00dcberblick<\/strong><\/p>\n<\/li>\n<li data-start=\"1593\" data-end=\"2144\">\n<div class=\"_tableContainer_1rjym_1\">\n<div class=\"group _tableWrapper_1rjym_13 flex w-fit flex-col-reverse\" tabindex=\"-1\">\n<table class=\"w-fit min-w-(--thread-content-width)\" data-start=\"1633\" data-end=\"2144\">\n<thead data-start=\"1633\" data-end=\"1651\">\n<tr data-start=\"1633\" data-end=\"1651\">\n<th data-start=\"1633\" data-end=\"1643\" data-col-size=\"sm\">Merkmal<\/th>\n<th data-start=\"1643\" data-end=\"1651\" data-col-size=\"md\">Wert<\/th>\n<\/tr>\n<\/thead>\n<tbody data-start=\"1666\" data-end=\"2144\">\n<tr data-start=\"1666\" data-end=\"1734\">\n<td data-start=\"1666\" data-end=\"1686\" data-col-size=\"sm\">Schwungradgewicht<\/td>\n<td data-col-size=\"md\" data-start=\"1686\" data-end=\"1734\">5,9 kg<\/td>\n<\/tr>\n<tr data-start=\"1737\" data-end=\"1805\">\n<td data-start=\"1737\" data-end=\"1754\" data-col-size=\"sm\">Produktgewicht<\/td>\n<td data-start=\"1754\" data-end=\"1805\" data-col-size=\"md\">42 kg<\/td>\n<\/tr>\n<tr data-start=\"1808\" data-end=\"1905\">\n<td data-start=\"1808\" data-end=\"1818\" data-col-size=\"sm\">Antrieb<\/td>\n<td data-start=\"1818\" data-end=\"1905\" data-col-size=\"md\">Riemenantrieb, elektromagnetischer Widerstand<\/td>\n<\/tr>\n<tr data-start=\"1908\" data-end=\"1976\">\n<td data-start=\"1908\" data-end=\"1928\" data-col-size=\"sm\">Maximale Leistung<\/td>\n<td data-start=\"1928\" data-end=\"1976\" data-col-size=\"md\">2500 W<\/td>\n<\/tr>\n<tr data-start=\"1979\" data-end=\"2062\">\n<td data-start=\"1979\" data-end=\"2001\" data-col-size=\"sm\">Versandma\u00dfe (L\u00d7B\u00d7H)<\/td>\n<td data-col-size=\"md\" data-start=\"2001\" data-end=\"2062\">1350 \u00d7 340 \u00d7 880 mm<\/td>\n<\/tr>\n<tr data-start=\"2065\" data-end=\"2144\">\n<td data-start=\"2065\" data-end=\"2098\" data-col-size=\"sm\">WiFi-Funktionen inkl. Odometer<\/td>\n<td data-col-size=\"md\" data-start=\"2098\" data-end=\"2144\">Ja<\/td>\n<\/tr>\n<\/tbody>\n<\/table>\n<\/div>\n<\/div>\n<\/li>\n<\/ul>\n<h4 data-start=\"2146\" data-end=\"2190\">F\u00fcr wen eignet sich das KICKR Pro Bike?<\/h4>\n<p data-start=\"2192\" data-end=\"2218\">Dieses Bike ist ideal f\u00fcr:<\/p>\n<ul data-start=\"2220\" data-end=\"2471\">\n<li data-start=\"2220\" data-end=\"2309\">\n<p data-start=\"2222\" data-end=\"2309\">ambitionierte Athlet:innen, die Indoor-Training mit realistischem Fahrgef\u00fchl w\u00fcnschen<\/p>\n<\/li>\n<li data-start=\"2310\" data-end=\"2389\">\n<p data-start=\"2312\" data-end=\"2389\">Fitnessstudios oder Trainingsr\u00e4ume, die Premium-Ausr\u00fcstung anbieten m\u00f6chten<\/p>\n<\/li>\n<li data-start=\"2390\" data-end=\"2471\">\n<p data-start=\"2392\" data-end=\"2471\">Nutzer:innen, die plattform\u00fcbergreifend trainieren (Zwift, TrainerRoad, etc.)<\/p>\n<\/li>\n<\/ul>\n<p><iframe title=\"New Wahoo KICKR BIKE PRO Smart Bike\" width=\"980\" height=\"551\" src=\"https:\/\/www.youtube.com\/embed\/7TSGciIw2VA?feature=oembed&#038;enablejsapi=1&#038;origin=https:\/\/rntl.ch\" frameborder=\"0\" allow=\"accelerometer; autoplay; clipboard-write; encrypted-media; gyroscope; picture-in-picture; web-share\" referrerpolicy=\"strict-origin-when-cross-origin\" allowfullscreen><\/iframe><\/p>\n<p>&nbsp;<\/p>\n","protected":false},"excerpt":{"rendered":"<p data-start=\"208\" data-end=\"410\">Das <strong data-start=\"212\" data-end=\"236\">Wahoo KICKR Pro Bike<\/strong> setzt neue Ma\u00dfst\u00e4be im Indoor Cycling. F\u00fcr Sportler:innen, die Wert auf realit\u00e4tsnahes Training, Pr\u00e4zision und Vielseitigkeit legen, ist dieses Smart-Bike die perfekte Wahl.<\/p>\n<p><strong>Kaufpreis [woo_custom_field id=\"rntl_retail_price_field\"].-<\/strong><\/p>\n[rntl_page_content id=\"14687\"]\n<p>&nbsp;<\/p>\n","protected":false},"featured_media":36024,"template":"","meta":{"content-type":""},"product_brand":[164],"product_cat":[99],"product_tag":[112],"class_list":{"0":"post-36019","1":"product","2":"type-product","3":"status-publish","4":"has-post-thumbnail","6":"product_brand-wahoo","7":"product_cat-indoor-cycling","8":"product_tag-mieten","9":"product_shipping_class-leicht","10":"tm-no-options","12":"first","13":"instock","14":"taxable","15":"shipping-taxable","16":"purchasable","17":"product-type-variable-subscription","18":"has-default-attributes"},"yoast_head":"<!-- This site is optimized with the Yoast SEO plugin v26.3 - https:\/\/yoast.com\/wordpress\/plugins\/seo\/ -->\n<title>Wahoo KICKR Pro Bike \u2013 Dein ultimativer Indoor-Trainingspartner - RNTL Fitness<\/title>\n<meta name=\"robots\" content=\"index, follow, max-snippet:-1, max-image-preview:large, max-video-preview:-1\" \/>\n<link rel=\"canonical\" href=\"https:\/\/rntl.ch\/fitness\/produkt\/wahoo-kickr-pro-bike-dein-ultimativer-indoor-trainingspartner\/\" \/>\n<meta property=\"og:locale\" content=\"de_DE\" \/>\n<meta property=\"og:type\" content=\"article\" \/>\n<meta property=\"og:title\" content=\"Wahoo KICKR Pro Bike \u2013 Dein ultimativer Indoor-Trainingspartner - RNTL Fitness\" \/>\n<meta property=\"og:description\" content=\"Das Wahoo KICKR Pro Bike setzt neue Ma\u00dfst\u00e4be im Indoor Cycling. F\u00fcr Sportler:innen, die Wert auf realit\u00e4tsnahes Training, Pr\u00e4zision und Vielseitigkeit legen, ist dieses Smart-Bike die perfekte Wahl. Kaufpreis .-    &nbsp;\" \/>\n<meta property=\"og:url\" content=\"https:\/\/rntl.ch\/fitness\/produkt\/wahoo-kickr-pro-bike-dein-ultimativer-indoor-trainingspartner\/\" \/>\n<meta property=\"og:site_name\" content=\"RNTL Fitness\" \/>\n<meta property=\"article:modified_time\" content=\"2026-04-12T11:22:43+00:00\" \/>\n<meta property=\"og:image\" content=\"https:\/\/rntl.ch\/fitness\/wp-content\/uploads\/sites\/3\/2025\/10\/1.png\" \/>\n\t<meta property=\"og:image:width\" content=\"800\" \/>\n\t<meta property=\"og:image:height\" content=\"800\" \/>\n\t<meta property=\"og:image:type\" content=\"image\/png\" \/>\n<meta name=\"twitter:card\" content=\"summary_large_image\" \/>\n<meta name=\"twitter:label1\" content=\"Gesch\u00e4tzte Lesezeit\" \/>\n\t<meta name=\"twitter:data1\" content=\"2\u00a0Minuten\" \/>\n<script type=\"application\/ld+json\" class=\"yoast-schema-graph\">{\"@context\":\"https:\/\/schema.org\",\"@graph\":[{\"@type\":\"WebPage\",\"@id\":\"https:\/\/rntl.ch\/fitness\/produkt\/wahoo-kickr-pro-bike-dein-ultimativer-indoor-trainingspartner\/\",\"url\":\"https:\/\/rntl.ch\/fitness\/produkt\/wahoo-kickr-pro-bike-dein-ultimativer-indoor-trainingspartner\/\",\"name\":\"Wahoo KICKR Pro Bike \u2013 Dein ultimativer Indoor-Trainingspartner - RNTL Fitness\",\"isPartOf\":{\"@id\":\"https:\/\/rntl.ch\/fitness\/#website\"},\"primaryImageOfPage\":{\"@id\":\"https:\/\/rntl.ch\/fitness\/produkt\/wahoo-kickr-pro-bike-dein-ultimativer-indoor-trainingspartner\/#primaryimage\"},\"image\":{\"@id\":\"https:\/\/rntl.ch\/fitness\/produkt\/wahoo-kickr-pro-bike-dein-ultimativer-indoor-trainingspartner\/#primaryimage\"},\"thumbnailUrl\":\"https:\/\/rntl.ch\/fitness\/wp-content\/uploads\/sites\/3\/2025\/10\/1.png\",\"datePublished\":\"2025-10-16T09:08:41+00:00\",\"dateModified\":\"2026-04-12T11:22:43+00:00\",\"breadcrumb\":{\"@id\":\"https:\/\/rntl.ch\/fitness\/produkt\/wahoo-kickr-pro-bike-dein-ultimativer-indoor-trainingspartner\/#breadcrumb\"},\"inLanguage\":\"de\",\"potentialAction\":[{\"@type\":\"ReadAction\",\"target\":[\"https:\/\/rntl.ch\/fitness\/produkt\/wahoo-kickr-pro-bike-dein-ultimativer-indoor-trainingspartner\/\"]}]},{\"@type\":\"ImageObject\",\"inLanguage\":\"de\",\"@id\":\"https:\/\/rntl.ch\/fitness\/produkt\/wahoo-kickr-pro-bike-dein-ultimativer-indoor-trainingspartner\/#primaryimage\",\"url\":\"https:\/\/rntl.ch\/fitness\/wp-content\/uploads\/sites\/3\/2025\/10\/1.png\",\"contentUrl\":\"https:\/\/rntl.ch\/fitness\/wp-content\/uploads\/sites\/3\/2025\/10\/1.png\",\"width\":800,\"height\":800},{\"@type\":\"BreadcrumbList\",\"@id\":\"https:\/\/rntl.ch\/fitness\/produkt\/wahoo-kickr-pro-bike-dein-ultimativer-indoor-trainingspartner\/#breadcrumb\",\"itemListElement\":[{\"@type\":\"ListItem\",\"position\":1,\"name\":\"Startseite\",\"item\":\"https:\/\/rntl.ch\/fitness\/\"},{\"@type\":\"ListItem\",\"position\":2,\"name\":\"Shop\",\"item\":\"https:\/\/rntl.ch\/fitness\/shop\/\"},{\"@type\":\"ListItem\",\"position\":3,\"name\":\"Wahoo KICKR Pro Bike \u2013 Dein ultimativer Indoor-Trainingspartner\"}]},{\"@type\":\"WebSite\",\"@id\":\"https:\/\/rntl.ch\/fitness\/#website\",\"url\":\"https:\/\/rntl.ch\/fitness\/\",\"name\":\"RNTL Fitness\",\"description\":\"Mieten Einfach Anders\",\"publisher\":{\"@id\":\"https:\/\/rntl.ch\/fitness\/#organization\"},\"potentialAction\":[{\"@type\":\"SearchAction\",\"target\":{\"@type\":\"EntryPoint\",\"urlTemplate\":\"https:\/\/rntl.ch\/fitness\/?s={search_term_string}\"},\"query-input\":{\"@type\":\"PropertyValueSpecification\",\"valueRequired\":true,\"valueName\":\"search_term_string\"}}],\"inLanguage\":\"de\"},{\"@type\":\"Organization\",\"@id\":\"https:\/\/rntl.ch\/fitness\/#organization\",\"name\":\"RNTL Fitness\",\"url\":\"https:\/\/rntl.ch\/fitness\/\",\"logo\":{\"@type\":\"ImageObject\",\"inLanguage\":\"de\",\"@id\":\"https:\/\/rntl.ch\/fitness\/#\/schema\/logo\/image\/\",\"url\":\"https:\/\/rntl.ch\/fitness\/wp-content\/uploads\/sites\/3\/2020\/11\/cropped-rntl_logo_white_530x150.png\",\"contentUrl\":\"https:\/\/rntl.ch\/fitness\/wp-content\/uploads\/sites\/3\/2020\/11\/cropped-rntl_logo_white_530x150.png\",\"width\":530,\"height\":150,\"caption\":\"RNTL Fitness\"},\"image\":{\"@id\":\"https:\/\/rntl.ch\/fitness\/#\/schema\/logo\/image\/\"}}]}<\/script>\n<!-- \/ Yoast SEO plugin. -->","yoast_head_json":{"title":"Wahoo KICKR Pro Bike \u2013 Dein ultimativer Indoor-Trainingspartner - RNTL Fitness","robots":{"index":"index","follow":"follow","max-snippet":"max-snippet:-1","max-image-preview":"max-image-preview:large","max-video-preview":"max-video-preview:-1"},"canonical":"https:\/\/rntl.ch\/fitness\/produkt\/wahoo-kickr-pro-bike-dein-ultimativer-indoor-trainingspartner\/","og_locale":"de_DE","og_type":"article","og_title":"Wahoo KICKR Pro Bike \u2013 Dein ultimativer Indoor-Trainingspartner - RNTL Fitness","og_description":"Das Wahoo KICKR Pro Bike setzt neue Ma\u00dfst\u00e4be im Indoor Cycling. F\u00fcr Sportler:innen, die Wert auf realit\u00e4tsnahes Training, Pr\u00e4zision und Vielseitigkeit legen, ist dieses Smart-Bike die perfekte Wahl. Kaufpreis .-    &nbsp;","og_url":"https:\/\/rntl.ch\/fitness\/produkt\/wahoo-kickr-pro-bike-dein-ultimativer-indoor-trainingspartner\/","og_site_name":"RNTL Fitness","article_modified_time":"2026-04-12T11:22:43+00:00","og_image":[{"width":800,"height":800,"url":"https:\/\/rntl.ch\/fitness\/wp-content\/uploads\/sites\/3\/2025\/10\/1.png","type":"image\/png"}],"twitter_card":"summary_large_image","twitter_misc":{"Gesch\u00e4tzte Lesezeit":"2\u00a0Minuten"},"schema":{"@context":"https:\/\/schema.org","@graph":[{"@type":"WebPage","@id":"https:\/\/rntl.ch\/fitness\/produkt\/wahoo-kickr-pro-bike-dein-ultimativer-indoor-trainingspartner\/","url":"https:\/\/rntl.ch\/fitness\/produkt\/wahoo-kickr-pro-bike-dein-ultimativer-indoor-trainingspartner\/","name":"Wahoo KICKR Pro Bike \u2013 Dein ultimativer Indoor-Trainingspartner - RNTL Fitness","isPartOf":{"@id":"https:\/\/rntl.ch\/fitness\/#website"},"primaryImageOfPage":{"@id":"https:\/\/rntl.ch\/fitness\/produkt\/wahoo-kickr-pro-bike-dein-ultimativer-indoor-trainingspartner\/#primaryimage"},"image":{"@id":"https:\/\/rntl.ch\/fitness\/produkt\/wahoo-kickr-pro-bike-dein-ultimativer-indoor-trainingspartner\/#primaryimage"},"thumbnailUrl":"https:\/\/rntl.ch\/fitness\/wp-content\/uploads\/sites\/3\/2025\/10\/1.png","datePublished":"2025-10-16T09:08:41+00:00","dateModified":"2026-04-12T11:22:43+00:00","breadcrumb":{"@id":"https:\/\/rntl.ch\/fitness\/produkt\/wahoo-kickr-pro-bike-dein-ultimativer-indoor-trainingspartner\/#breadcrumb"},"inLanguage":"de","potentialAction":[{"@type":"ReadAction","target":["https:\/\/rntl.ch\/fitness\/produkt\/wahoo-kickr-pro-bike-dein-ultimativer-indoor-trainingspartner\/"]}]},{"@type":"ImageObject","inLanguage":"de","@id":"https:\/\/rntl.ch\/fitness\/produkt\/wahoo-kickr-pro-bike-dein-ultimativer-indoor-trainingspartner\/#primaryimage","url":"https:\/\/rntl.ch\/fitness\/wp-content\/uploads\/sites\/3\/2025\/10\/1.png","contentUrl":"https:\/\/rntl.ch\/fitness\/wp-content\/uploads\/sites\/3\/2025\/10\/1.png","width":800,"height":800},{"@type":"BreadcrumbList","@id":"https:\/\/rntl.ch\/fitness\/produkt\/wahoo-kickr-pro-bike-dein-ultimativer-indoor-trainingspartner\/#breadcrumb","itemListElement":[{"@type":"ListItem","position":1,"name":"Startseite","item":"https:\/\/rntl.ch\/fitness\/"},{"@type":"ListItem","position":2,"name":"Shop","item":"https:\/\/rntl.ch\/fitness\/shop\/"},{"@type":"ListItem","position":3,"name":"Wahoo KICKR Pro Bike \u2013 Dein ultimativer Indoor-Trainingspartner"}]},{"@type":"WebSite","@id":"https:\/\/rntl.ch\/fitness\/#website","url":"https:\/\/rntl.ch\/fitness\/","name":"RNTL Fitness","description":"Mieten Einfach Anders","publisher":{"@id":"https:\/\/rntl.ch\/fitness\/#organization"},"potentialAction":[{"@type":"SearchAction","target":{"@type":"EntryPoint","urlTemplate":"https:\/\/rntl.ch\/fitness\/?s={search_term_string}"},"query-input":{"@type":"PropertyValueSpecification","valueRequired":true,"valueName":"search_term_string"}}],"inLanguage":"de"},{"@type":"Organization","@id":"https:\/\/rntl.ch\/fitness\/#organization","name":"RNTL Fitness","url":"https:\/\/rntl.ch\/fitness\/","logo":{"@type":"ImageObject","inLanguage":"de","@id":"https:\/\/rntl.ch\/fitness\/#\/schema\/logo\/image\/","url":"https:\/\/rntl.ch\/fitness\/wp-content\/uploads\/sites\/3\/2020\/11\/cropped-rntl_logo_white_530x150.png","contentUrl":"https:\/\/rntl.ch\/fitness\/wp-content\/uploads\/sites\/3\/2020\/11\/cropped-rntl_logo_white_530x150.png","width":530,"height":150,"caption":"RNTL Fitness"},"image":{"@id":"https:\/\/rntl.ch\/fitness\/#\/schema\/logo\/image\/"}}]}},"_links":{"self":[{"href":"https:\/\/rntl.ch\/fitness\/wp-json\/wp\/v2\/product\/36019","targetHints":{"allow":["GET"]}}],"collection":[{"href":"https:\/\/rntl.ch\/fitness\/wp-json\/wp\/v2\/product"}],"about":[{"href":"https:\/\/rntl.ch\/fitness\/wp-json\/wp\/v2\/types\/product"}],"version-history":[{"count":2,"href":"https:\/\/rntl.ch\/fitness\/wp-json\/wp\/v2\/product\/36019\/revisions"}],"predecessor-version":[{"id":36029,"href":"https:\/\/rntl.ch\/fitness\/wp-json\/wp\/v2\/product\/36019\/revisions\/36029"}],"wp:featuredmedia":[{"embeddable":true,"href":"https:\/\/rntl.ch\/fitness\/wp-json\/wp\/v2\/media\/36024"}],"wp:attachment":[{"href":"https:\/\/rntl.ch\/fitness\/wp-json\/wp\/v2\/media?parent=36019"}],"wp:term":[{"taxonomy":"product_brand","embeddable":true,"href":"https:\/\/rntl.ch\/fitness\/wp-json\/wp\/v2\/product_brand?post=36019"},{"taxonomy":"product_cat","embeddable":true,"href":"https:\/\/rntl.ch\/fitness\/wp-json\/wp\/v2\/product_cat?post=36019"},{"taxonomy":"product_tag","embeddable":true,"href":"https:\/\/rntl.ch\/fitness\/wp-json\/wp\/v2\/product_tag?post=36019"}],"curies":[{"name":"wp","href":"https:\/\/api.w.org\/{rel}","templated":true}]}}