{"id":8528,"date":"2020-10-17T15:58:53","date_gmt":"2020-10-17T15:58:53","guid":{"rendered":"https:\/\/rntl.ch\/fitness\/?post_type=product&#038;p=8528"},"modified":"2024-08-01T09:15:13","modified_gmt":"2024-08-01T07:15:13","slug":"kettler-sprinter-2-0-old","status":"publish","type":"product","link":"https:\/\/rntl.ch\/fitness\/produkt\/kettler-sprinter-2-0-old\/","title":{"rendered":"Kettler Sprinter 2.0"},"content":{"rendered":"<p>Das Laufband bietet ein Ablagefach, eine Trinkflaschenhalterung, eine Tablet-Halterung und Handpulssensoren. Dank Bluetooth ist eine einfache und schnelle Kopplung mit anderen Ger\u00e4ten sowie der KETTMaps App m\u00f6glich. Mit dem SPRINTER 2.0 erlebst Du eine optimale D\u00e4mpfung der Lauffl\u00e4che. Dies ist der Kettler Energy Deck D\u00e4mpfung zu verdanken, welche f\u00fcr mehr Agilit\u00e4t durch Energier\u00fcckf\u00fchrung sorgt. Das Laufbanddisplay bietet einen \u00fcbersichtlichen \u00dcberblick und eine einfache Handhabung der optimal zugeschnittenen Trainingseinheiten. Bei einer Auswahl von 28 Trainingsprogrammen ist grenzenlose Lauffreude garantiert. Das SPRINTER 2.0 verf\u00fcgt \u00fcber eine elektronische Geschwindigkeitssteuerung und Steigungsverstellung. Mit den Zusatztasten an den Handl\u00e4ufen kannst Du Deine sportliche Leistung jederzeit individuell anpassen.<\/p>\n<table class=\"woocommerce-product-attributes shop_attributes\">\n<tbody>\n<tr class=\"woocommerce-product-attributes-item woocommerce-product-attributes-item--attribute_pa_anzahl-nutzerprofile\">\n<th class=\"woocommerce-product-attributes-item__label\">Anzahl Nutzerprofile<\/th>\n<td class=\"woocommerce-product-attributes-item__value\">4 + Gast<\/td>\n<\/tr>\n<tr class=\"woocommerce-product-attributes-item woocommerce-product-attributes-item--attribute_pa_anzahl-trainingsprogramme\">\n<th class=\"woocommerce-product-attributes-item__label\">Anzahl Trainingsprogramme<\/th>\n<td class=\"woocommerce-product-attributes-item__value\">28<\/td>\n<\/tr>\n<tr class=\"woocommerce-product-attributes-item woocommerce-product-attributes-item--attribute_pa_aufstellmasse-hochgeklappt\">\n<th class=\"woocommerce-product-attributes-item__label\">Aufstellma\u00dfe hochgeklappt<\/th>\n<td class=\"woocommerce-product-attributes-item__value\">119 x 77 x 141.5 cm<\/td>\n<\/tr>\n<tr class=\"woocommerce-product-attributes-item woocommerce-product-attributes-item--attribute_pa_aufstellmasse-l-x-b-x-h\">\n<th class=\"woocommerce-product-attributes-item__label\">Aufstellmasse (L x B x H)<\/th>\n<td class=\"woocommerce-product-attributes-item__value\">175.5 x 77 x 140 cm<\/td>\n<\/tr>\n<tr class=\"woocommerce-product-attributes-item woocommerce-product-attributes-item--attribute_pa_ausstattung\">\n<th class=\"woocommerce-product-attributes-item__label\">Ausstattung<\/th>\n<td class=\"woocommerce-product-attributes-item__value\">Bandstop-Sicherheitsschl\u00fcssel, Lauffl\u00e4che hochstellbar mit Soft Drop Funktion, Tablethalterung mit Sicherungs-Clip, Ventilator, Zwei Ablagef\u00e4cher aus Softmaterial<\/td>\n<\/tr>\n<tr class=\"woocommerce-product-attributes-item woocommerce-product-attributes-item--attribute_pa_bluetooth\">\n<th class=\"woocommerce-product-attributes-item__label\">Bluetooth<\/th>\n<td class=\"woocommerce-product-attributes-item__value\">Ja, KETTMaps App<\/td>\n<\/tr>\n<tr class=\"woocommerce-product-attributes-item woocommerce-product-attributes-item--attribute_pa_daempfungssystem\">\n<th class=\"woocommerce-product-attributes-item__label\">D\u00e4mpfungssystem<\/th>\n<td class=\"woocommerce-product-attributes-item__value\">Einzelwabe mit Energy-Kern<\/td>\n<\/tr>\n<tr class=\"woocommerce-product-attributes-item woocommerce-product-attributes-item--attribute_pa_herzfrequenz-programm\">\n<th class=\"woocommerce-product-attributes-item__label\">Herzfrequenz Programm<\/th>\n<td class=\"woocommerce-product-attributes-item__value\">Ja<\/td>\n<\/tr>\n<tr class=\"woocommerce-product-attributes-item woocommerce-product-attributes-item--attribute_pa_laufflaeche\">\n<th class=\"woocommerce-product-attributes-item__label\">Lauffl\u00e4che<\/th>\n<td class=\"woocommerce-product-attributes-item__value\">44 x 130 cm<\/td>\n<\/tr>\n<tr class=\"woocommerce-product-attributes-item woocommerce-product-attributes-item--attribute_pa_lautsprecher\">\n<th class=\"woocommerce-product-attributes-item__label\">Lautsprecher<\/th>\n<td class=\"woocommerce-product-attributes-item__value\">Eingebaute Lautsprecher zur Wiedergabe von Musik oder Sprachbefehlen. Verbindung \u00fcber AUX Anschluss bzw. Bluetooth<\/td>\n<\/tr>\n<tr class=\"woocommerce-product-attributes-item woocommerce-product-attributes-item--attribute_pa_leistungsparameter-anzeige\">\n<th class=\"woocommerce-product-attributes-item__label\">Leistungsparameter (Anzeige)<\/th>\n<td class=\"woocommerce-product-attributes-item__value\">akt. Geschwindigkeit in km\/h oder mph, akt. Pace in min\/km oder min\/mi, akt. Pulszone (entweder Energieverbrauch oder Pulszone anzeigbar), akt. Steigung in %, Distanz in km oder mi, Kalorien, Puls, Trainingszeit<\/td>\n<\/tr>\n<tr class=\"woocommerce-product-attributes-item woocommerce-product-attributes-item--attribute_pa_maximale-geschwindigkeit\">\n<th class=\"woocommerce-product-attributes-item__label\">Maximale Geschwindigkeit<\/th>\n<td class=\"woocommerce-product-attributes-item__value\">16 km\/h<\/td>\n<\/tr>\n<tr class=\"woocommerce-product-attributes-item woocommerce-product-attributes-item--attribute_pa_maximale-gewichtsbelastung\">\n<th class=\"woocommerce-product-attributes-item__label\">Maximale Gewichtsbelastung<\/th>\n<td class=\"woocommerce-product-attributes-item__value\">120 kg<\/td>\n<\/tr>\n<tr class=\"woocommerce-product-attributes-item woocommerce-product-attributes-item--attribute_pa_motorenleistung\">\n<th class=\"woocommerce-product-attributes-item__label\">Motorenleistung (PS)<\/th>\n<td class=\"woocommerce-product-attributes-item__value\">2.0<\/td>\n<\/tr>\n<tr class=\"woocommerce-product-attributes-item woocommerce-product-attributes-item--attribute_pa_platzsparend-hochstellbar\">\n<th class=\"woocommerce-product-attributes-item__label\">Platzsparend hochstellbar<\/th>\n<td class=\"woocommerce-product-attributes-item__value\">Ja<\/td>\n<\/tr>\n<tr class=\"woocommerce-product-attributes-item woocommerce-product-attributes-item--attribute_pa_produktgewicht\">\n<th class=\"woocommerce-product-attributes-item__label\">Produktgewicht<\/th>\n<td class=\"woocommerce-product-attributes-item__value\">79 kg<\/td>\n<\/tr>\n<tr class=\"woocommerce-product-attributes-item woocommerce-product-attributes-item--attribute_pa_pulsmessung\">\n<th class=\"woocommerce-product-attributes-item__label\">Pulsmessung<\/th>\n<td class=\"woocommerce-product-attributes-item__value\">Brustgurt optional, Handpulssensoren inklusive<\/td>\n<\/tr>\n<tr class=\"woocommerce-product-attributes-item woocommerce-product-attributes-item--attribute_pa_schnellvorwahltasten-fuer-s\">\n<th class=\"woocommerce-product-attributes-item__label\">Schnellvorwahltasten f\u00fcr Steigung<\/th>\n<td class=\"woocommerce-product-attributes-item__value\">4,7,10 (%)<\/td>\n<\/tr>\n<tr class=\"woocommerce-product-attributes-item woocommerce-product-attributes-item--attribute_pa_schnellvorwahltastenfuerges\">\n<th class=\"woocommerce-product-attributes-item__label\">Schnellvorwahltasten f\u00fcr Geschwindigkeit<\/th>\n<td class=\"woocommerce-product-attributes-item__value\">4, 7, 10 (km\/h)<\/td>\n<\/tr>\n<tr class=\"woocommerce-product-attributes-item woocommerce-product-attributes-item--attribute_pa_smartphonehalterung\">\n<th class=\"woocommerce-product-attributes-item__label\">Smartphone \/ Tablet-Halterung<\/th>\n<td class=\"woocommerce-product-attributes-item__value\">Ja<\/td>\n<\/tr>\n<tr class=\"woocommerce-product-attributes-item woocommerce-product-attributes-item--attribute_pa_spezielle-trainingsformen\">\n<th class=\"woocommerce-product-attributes-item__label\">Spezielle Trainingsformen<\/th>\n<td class=\"woocommerce-product-attributes-item__value\">Freies Training (Quickstart), Intervall Training, Konfigurierbare Trainings, Pulsgesteuerte Programme (HRC Trainings), Trailrunning Programme, Uphill Runs<\/td>\n<\/tr>\n<tr class=\"woocommerce-product-attributes-item woocommerce-product-attributes-item--attribute_pa_sprachen\">\n<th class=\"woocommerce-product-attributes-item__label\">Sprachen<\/th>\n<td class=\"woocommerce-product-attributes-item__value\">DE, EN, FR<\/td>\n<\/tr>\n<tr class=\"woocommerce-product-attributes-item woocommerce-product-attributes-item--attribute_pa_steigung\">\n<th class=\"woocommerce-product-attributes-item__label\">Steigung<\/th>\n<td class=\"woocommerce-product-attributes-item__value\">0-12 %<\/td>\n<\/tr>\n<tr class=\"woocommerce-product-attributes-item woocommerce-product-attributes-item--attribute_pa_stromversorgung\">\n<th class=\"woocommerce-product-attributes-item__label\">Stromversorgung<\/th>\n<td class=\"woocommerce-product-attributes-item__value\">Netzanschluss (230 V)<\/td>\n<\/tr>\n<tr class=\"woocommerce-product-attributes-item woocommerce-product-attributes-item--attribute_pa_trainingscomputer\">\n<th class=\"woocommerce-product-attributes-item__label\">Trainingscomputer<\/th>\n<td class=\"woocommerce-product-attributes-item__value\">132 x 85 mm LC Display<\/td>\n<\/tr>\n<tr class=\"woocommerce-product-attributes-item woocommerce-product-attributes-item--attribute_pa_transportrollen\">\n<th class=\"woocommerce-product-attributes-item__label\">Transportrollen<\/th>\n<td class=\"woocommerce-product-attributes-item__value\">Ja<\/td>\n<\/tr>\n<\/tbody>\n<\/table>\n","protected":false},"excerpt":{"rendered":"<p>Der Einstieg in das Lauftraining \u2013 mit dem SPRINTER 2.0. Aller Anfang ist schwer, aber nicht mit dem SPRINTER 2.0. Das Laufband ist perfekt f\u00fcr Einsteiger des Laufsports geeignet. Das SPRINTER 2.0 ist aufklappbar und in jeder Ecke verstaubar.<\/p>\n<ul>\n<li>Der Mietpreis wird bei einem allf\u00e4lligen Kauf voll angerechnet. <strong>Kaufpreis Fr. 1299.-<\/strong><\/li>\n<li>Montiertes Ger\u00e4t wird in ca. 2-3 Wochen geliefert<\/li>\n<li>Der erste Monat startet erst wenn das Ger\u00e4t bei dir ist<\/li>\n<li>Ger\u00e4te sind in einem Top-Zustand oder neu<\/li>\n<li>100% Funktionsgarantie ist im Mietpreis inbegriffen<\/li>\n<\/ul>\n","protected":false},"featured_media":8530,"template":"","meta":{"content-type":""},"product_brand":[],"product_cat":[28],"product_tag":[],"class_list":{"0":"post-8528","1":"product","2":"type-product","3":"status-publish","4":"has-post-thumbnail","6":"product_cat-laufbaender","7":"product_shipping_class-schwer","8":"tm-no-options","10":"first","11":"onbackorder","12":"taxable","13":"shipping-taxable","14":"purchasable","15":"product-type-subscription"},"yoast_head":"<!-- This site is optimized with the Yoast SEO plugin v26.3 - https:\/\/yoast.com\/wordpress\/plugins\/seo\/ -->\n<title>Kettler Sprinter 2.0 - RNTL Fitness<\/title>\n<meta name=\"robots\" content=\"index, follow, max-snippet:-1, max-image-preview:large, max-video-preview:-1\" \/>\n<link rel=\"canonical\" href=\"https:\/\/rntl.ch\/fitness\/produkt\/kettler-sprinter-2-0-old\/\" \/>\n<meta property=\"og:locale\" content=\"de_DE\" \/>\n<meta property=\"og:type\" content=\"article\" \/>\n<meta property=\"og:title\" content=\"Kettler Sprinter 2.0 - RNTL Fitness\" \/>\n<meta property=\"og:description\" content=\"Der Einstieg in das Lauftraining \u2013 mit dem SPRINTER 2.0. Aller Anfang ist schwer, aber nicht mit dem SPRINTER 2.0. Das Laufband ist perfekt f\u00fcr Einsteiger des Laufsports geeignet. Das SPRINTER 2.0 ist aufklappbar und in jeder Ecke verstaubar.   Der Mietpreis wird bei einem allf\u00e4lligen Kauf voll angerechnet. Kaufpreis Fr. 1299.-  Montiertes Ger\u00e4t wird in ca. 2-3 Wochen geliefert  Der erste Monat startet erst wenn das Ger\u00e4t bei dir ist  Ger\u00e4te sind in einem Top-Zustand oder neu  100% Funktionsgarantie ist im Mietpreis inbegriffen\" \/>\n<meta property=\"og:url\" content=\"https:\/\/rntl.ch\/fitness\/produkt\/kettler-sprinter-2-0-old\/\" \/>\n<meta property=\"og:site_name\" content=\"RNTL Fitness\" \/>\n<meta property=\"article:modified_time\" content=\"2024-08-01T07:15:13+00:00\" \/>\n<meta property=\"og:image\" content=\"https:\/\/rntl.ch\/fitness\/wp-content\/uploads\/sites\/3\/2020\/10\/Kettler-Sprinter-2.0-scaled.jpg\" \/>\n\t<meta property=\"og:image:width\" content=\"2560\" \/>\n\t<meta property=\"og:image:height\" content=\"1611\" \/>\n\t<meta property=\"og:image:type\" content=\"image\/jpeg\" \/>\n<meta name=\"twitter:card\" content=\"summary_large_image\" \/>\n<meta name=\"twitter:label1\" content=\"Gesch\u00e4tzte Lesezeit\" \/>\n\t<meta name=\"twitter:data1\" content=\"1\u00a0Minute\" \/>\n<script type=\"application\/ld+json\" class=\"yoast-schema-graph\">{\"@context\":\"https:\/\/schema.org\",\"@graph\":[{\"@type\":\"WebPage\",\"@id\":\"https:\/\/rntl.ch\/fitness\/produkt\/kettler-sprinter-2-0-old\/\",\"url\":\"https:\/\/rntl.ch\/fitness\/produkt\/kettler-sprinter-2-0-old\/\",\"name\":\"Kettler Sprinter 2.0 - RNTL Fitness\",\"isPartOf\":{\"@id\":\"https:\/\/rntl.ch\/fitness\/#website\"},\"primaryImageOfPage\":{\"@id\":\"https:\/\/rntl.ch\/fitness\/produkt\/kettler-sprinter-2-0-old\/#primaryimage\"},\"image\":{\"@id\":\"https:\/\/rntl.ch\/fitness\/produkt\/kettler-sprinter-2-0-old\/#primaryimage\"},\"thumbnailUrl\":\"https:\/\/rntl.ch\/fitness\/wp-content\/uploads\/sites\/3\/2020\/10\/Kettler-Sprinter-2.0-scaled.jpg\",\"datePublished\":\"2020-10-17T15:58:53+00:00\",\"dateModified\":\"2024-08-01T07:15:13+00:00\",\"breadcrumb\":{\"@id\":\"https:\/\/rntl.ch\/fitness\/produkt\/kettler-sprinter-2-0-old\/#breadcrumb\"},\"inLanguage\":\"de\",\"potentialAction\":[{\"@type\":\"ReadAction\",\"target\":[\"https:\/\/rntl.ch\/fitness\/produkt\/kettler-sprinter-2-0-old\/\"]}]},{\"@type\":\"ImageObject\",\"inLanguage\":\"de\",\"@id\":\"https:\/\/rntl.ch\/fitness\/produkt\/kettler-sprinter-2-0-old\/#primaryimage\",\"url\":\"https:\/\/rntl.ch\/fitness\/wp-content\/uploads\/sites\/3\/2020\/10\/Kettler-Sprinter-2.0-scaled.jpg\",\"contentUrl\":\"https:\/\/rntl.ch\/fitness\/wp-content\/uploads\/sites\/3\/2020\/10\/Kettler-Sprinter-2.0-scaled.jpg\",\"width\":2560,\"height\":1611},{\"@type\":\"BreadcrumbList\",\"@id\":\"https:\/\/rntl.ch\/fitness\/produkt\/kettler-sprinter-2-0-old\/#breadcrumb\",\"itemListElement\":[{\"@type\":\"ListItem\",\"position\":1,\"name\":\"Startseite\",\"item\":\"https:\/\/rntl.ch\/fitness\/\"},{\"@type\":\"ListItem\",\"position\":2,\"name\":\"Shop\",\"item\":\"https:\/\/rntl.ch\/fitness\/shop\/\"},{\"@type\":\"ListItem\",\"position\":3,\"name\":\"Kettler Sprinter 2.0\"}]},{\"@type\":\"WebSite\",\"@id\":\"https:\/\/rntl.ch\/fitness\/#website\",\"url\":\"https:\/\/rntl.ch\/fitness\/\",\"name\":\"RNTL Fitness\",\"description\":\"Mieten Einfach Anders\",\"publisher\":{\"@id\":\"https:\/\/rntl.ch\/fitness\/#organization\"},\"potentialAction\":[{\"@type\":\"SearchAction\",\"target\":{\"@type\":\"EntryPoint\",\"urlTemplate\":\"https:\/\/rntl.ch\/fitness\/?s={search_term_string}\"},\"query-input\":{\"@type\":\"PropertyValueSpecification\",\"valueRequired\":true,\"valueName\":\"search_term_string\"}}],\"inLanguage\":\"de\"},{\"@type\":\"Organization\",\"@id\":\"https:\/\/rntl.ch\/fitness\/#organization\",\"name\":\"RNTL Fitness\",\"url\":\"https:\/\/rntl.ch\/fitness\/\",\"logo\":{\"@type\":\"ImageObject\",\"inLanguage\":\"de\",\"@id\":\"https:\/\/rntl.ch\/fitness\/#\/schema\/logo\/image\/\",\"url\":\"https:\/\/rntl.ch\/fitness\/wp-content\/uploads\/sites\/3\/2020\/11\/cropped-rntl_logo_white_530x150.png\",\"contentUrl\":\"https:\/\/rntl.ch\/fitness\/wp-content\/uploads\/sites\/3\/2020\/11\/cropped-rntl_logo_white_530x150.png\",\"width\":530,\"height\":150,\"caption\":\"RNTL Fitness\"},\"image\":{\"@id\":\"https:\/\/rntl.ch\/fitness\/#\/schema\/logo\/image\/\"}}]}<\/script>\n<!-- \/ Yoast SEO plugin. -->","yoast_head_json":{"title":"Kettler Sprinter 2.0 - RNTL Fitness","robots":{"index":"index","follow":"follow","max-snippet":"max-snippet:-1","max-image-preview":"max-image-preview:large","max-video-preview":"max-video-preview:-1"},"canonical":"https:\/\/rntl.ch\/fitness\/produkt\/kettler-sprinter-2-0-old\/","og_locale":"de_DE","og_type":"article","og_title":"Kettler Sprinter 2.0 - RNTL Fitness","og_description":"Der Einstieg in das Lauftraining \u2013 mit dem SPRINTER 2.0. Aller Anfang ist schwer, aber nicht mit dem SPRINTER 2.0. Das Laufband ist perfekt f\u00fcr Einsteiger des Laufsports geeignet. Das SPRINTER 2.0 ist aufklappbar und in jeder Ecke verstaubar.   Der Mietpreis wird bei einem allf\u00e4lligen Kauf voll angerechnet. Kaufpreis Fr. 1299.-  Montiertes Ger\u00e4t wird in ca. 2-3 Wochen geliefert  Der erste Monat startet erst wenn das Ger\u00e4t bei dir ist  Ger\u00e4te sind in einem Top-Zustand oder neu  100% Funktionsgarantie ist im Mietpreis inbegriffen","og_url":"https:\/\/rntl.ch\/fitness\/produkt\/kettler-sprinter-2-0-old\/","og_site_name":"RNTL Fitness","article_modified_time":"2024-08-01T07:15:13+00:00","og_image":[{"width":2560,"height":1611,"url":"https:\/\/rntl.ch\/fitness\/wp-content\/uploads\/sites\/3\/2020\/10\/Kettler-Sprinter-2.0-scaled.jpg","type":"image\/jpeg"}],"twitter_card":"summary_large_image","twitter_misc":{"Gesch\u00e4tzte Lesezeit":"1\u00a0Minute"},"schema":{"@context":"https:\/\/schema.org","@graph":[{"@type":"WebPage","@id":"https:\/\/rntl.ch\/fitness\/produkt\/kettler-sprinter-2-0-old\/","url":"https:\/\/rntl.ch\/fitness\/produkt\/kettler-sprinter-2-0-old\/","name":"Kettler Sprinter 2.0 - RNTL Fitness","isPartOf":{"@id":"https:\/\/rntl.ch\/fitness\/#website"},"primaryImageOfPage":{"@id":"https:\/\/rntl.ch\/fitness\/produkt\/kettler-sprinter-2-0-old\/#primaryimage"},"image":{"@id":"https:\/\/rntl.ch\/fitness\/produkt\/kettler-sprinter-2-0-old\/#primaryimage"},"thumbnailUrl":"https:\/\/rntl.ch\/fitness\/wp-content\/uploads\/sites\/3\/2020\/10\/Kettler-Sprinter-2.0-scaled.jpg","datePublished":"2020-10-17T15:58:53+00:00","dateModified":"2024-08-01T07:15:13+00:00","breadcrumb":{"@id":"https:\/\/rntl.ch\/fitness\/produkt\/kettler-sprinter-2-0-old\/#breadcrumb"},"inLanguage":"de","potentialAction":[{"@type":"ReadAction","target":["https:\/\/rntl.ch\/fitness\/produkt\/kettler-sprinter-2-0-old\/"]}]},{"@type":"ImageObject","inLanguage":"de","@id":"https:\/\/rntl.ch\/fitness\/produkt\/kettler-sprinter-2-0-old\/#primaryimage","url":"https:\/\/rntl.ch\/fitness\/wp-content\/uploads\/sites\/3\/2020\/10\/Kettler-Sprinter-2.0-scaled.jpg","contentUrl":"https:\/\/rntl.ch\/fitness\/wp-content\/uploads\/sites\/3\/2020\/10\/Kettler-Sprinter-2.0-scaled.jpg","width":2560,"height":1611},{"@type":"BreadcrumbList","@id":"https:\/\/rntl.ch\/fitness\/produkt\/kettler-sprinter-2-0-old\/#breadcrumb","itemListElement":[{"@type":"ListItem","position":1,"name":"Startseite","item":"https:\/\/rntl.ch\/fitness\/"},{"@type":"ListItem","position":2,"name":"Shop","item":"https:\/\/rntl.ch\/fitness\/shop\/"},{"@type":"ListItem","position":3,"name":"Kettler Sprinter 2.0"}]},{"@type":"WebSite","@id":"https:\/\/rntl.ch\/fitness\/#website","url":"https:\/\/rntl.ch\/fitness\/","name":"RNTL Fitness","description":"Mieten Einfach Anders","publisher":{"@id":"https:\/\/rntl.ch\/fitness\/#organization"},"potentialAction":[{"@type":"SearchAction","target":{"@type":"EntryPoint","urlTemplate":"https:\/\/rntl.ch\/fitness\/?s={search_term_string}"},"query-input":{"@type":"PropertyValueSpecification","valueRequired":true,"valueName":"search_term_string"}}],"inLanguage":"de"},{"@type":"Organization","@id":"https:\/\/rntl.ch\/fitness\/#organization","name":"RNTL Fitness","url":"https:\/\/rntl.ch\/fitness\/","logo":{"@type":"ImageObject","inLanguage":"de","@id":"https:\/\/rntl.ch\/fitness\/#\/schema\/logo\/image\/","url":"https:\/\/rntl.ch\/fitness\/wp-content\/uploads\/sites\/3\/2020\/11\/cropped-rntl_logo_white_530x150.png","contentUrl":"https:\/\/rntl.ch\/fitness\/wp-content\/uploads\/sites\/3\/2020\/11\/cropped-rntl_logo_white_530x150.png","width":530,"height":150,"caption":"RNTL Fitness"},"image":{"@id":"https:\/\/rntl.ch\/fitness\/#\/schema\/logo\/image\/"}}]}},"_links":{"self":[{"href":"https:\/\/rntl.ch\/fitness\/wp-json\/wp\/v2\/product\/8528","targetHints":{"allow":["GET"]}}],"collection":[{"href":"https:\/\/rntl.ch\/fitness\/wp-json\/wp\/v2\/product"}],"about":[{"href":"https:\/\/rntl.ch\/fitness\/wp-json\/wp\/v2\/types\/product"}],"version-history":[{"count":1,"href":"https:\/\/rntl.ch\/fitness\/wp-json\/wp\/v2\/product\/8528\/revisions"}],"predecessor-version":[{"id":29539,"href":"https:\/\/rntl.ch\/fitness\/wp-json\/wp\/v2\/product\/8528\/revisions\/29539"}],"wp:featuredmedia":[{"embeddable":true,"href":"https:\/\/rntl.ch\/fitness\/wp-json\/wp\/v2\/media\/8530"}],"wp:attachment":[{"href":"https:\/\/rntl.ch\/fitness\/wp-json\/wp\/v2\/media?parent=8528"}],"wp:term":[{"taxonomy":"product_brand","embeddable":true,"href":"https:\/\/rntl.ch\/fitness\/wp-json\/wp\/v2\/product_brand?post=8528"},{"taxonomy":"product_cat","embeddable":true,"href":"https:\/\/rntl.ch\/fitness\/wp-json\/wp\/v2\/product_cat?post=8528"},{"taxonomy":"product_tag","embeddable":true,"href":"https:\/\/rntl.ch\/fitness\/wp-json\/wp\/v2\/product_tag?post=8528"}],"curies":[{"name":"wp","href":"https:\/\/api.w.org\/{rel}","templated":true}]}}